{"version":"1.0","provider_name":"Image Sept","provider_url":"https:\/\/www.image7.fr\/en","author_name":"admin","author_url":"https:\/\/www.image7.fr\/en\/author\/admin\/","title":"Les cygnes noirs - Image Sept","type":"rich","width":600,"height":338,"html":"<blockquote class=\"wp-embedded-content\" data-secret=\"GPcS4kQCNh\"><a href=\"https:\/\/www.image7.fr\/en\/document\/cahier-de-tendance-17-03-23\/\">Les cygnes noirs<\/a><\/blockquote><iframe sandbox=\"allow-scripts\" security=\"restricted\" src=\"https:\/\/www.image7.fr\/en\/document\/cahier-de-tendance-17-03-23\/embed\/#?secret=GPcS4kQCNh\" width=\"600\" height=\"338\" title=\"\u00ab\u00a0Les cygnes noirs\u00a0\u00bb &#8212; Image Sept\" data-secret=\"GPcS4kQCNh\" frameborder=\"0\" marginwidth=\"0\" marginheight=\"0\" scrolling=\"no\" class=\"wp-embedded-content\"><\/iframe><script type=\"text\/javascript\">\n\/* <![CDATA[ *\/\n\/*! This file is auto-generated *\/\n!function(d,l){\"use strict\";l.querySelector&&d.addEventListener&&\"undefined\"!=typeof URL&&(d.wp=d.wp||{},d.wp.receiveEmbedMessage||(d.wp.receiveEmbedMessage=function(e){var t=e.data;if((t||t.secret||t.message||t.value)&&!\/[^a-zA-Z0-9]\/.test(t.secret)){for(var s,r,n,a=l.querySelectorAll('iframe[data-secret=\"'+t.secret+'\"]'),o=l.querySelectorAll('blockquote[data-secret=\"'+t.secret+'\"]'),c=new RegExp(\"^https?:$\",\"i\"),i=0;i<o.length;i++)o[i].style.display=\"none\";for(i=0;i<a.length;i++)s=a[i],e.source===s.contentWindow&&(s.removeAttribute(\"style\"),\"height\"===t.message?(1e3<(r=parseInt(t.value,10))?r=1e3:~~r<200&&(r=200),s.height=r):\"link\"===t.message&&(r=new URL(s.getAttribute(\"src\")),n=new URL(t.value),c.test(n.protocol))&&n.host===r.host&&l.activeElement===s&&(d.top.location.href=t.value))}},d.addEventListener(\"message\",d.wp.receiveEmbedMessage,!1),l.addEventListener(\"DOMContentLoaded\",function(){for(var e,t,s=l.querySelectorAll(\"iframe.wp-embedded-content\"),r=0;r<s.length;r++)(t=(e=s[r]).getAttribute(\"data-secret\"))||(t=Math.random().toString(36).substring(2,12),e.src+=\"#?secret=\"+t,e.setAttribute(\"data-secret\",t)),e.contentWindow.postMessage({message:\"ready\",secret:t},\"*\")},!1)))}(window,document);\n\/\/# sourceURL=https:\/\/www.image7.fr\/en\/wp-includes\/js\/wp-embed.min.js\n\/* ]]> *\/\n<\/script>\n","description":"CAHIER DE TENDANCE #122 | 27 JANVIER 2023 Les f\u00e9es sont t\u00eatues. Se penchant sur le berceau de cette ann\u00e9e nouvelle, elles avaient proph\u00e9tis\u00e9 la r\u00e9cession, la crise \u00e9conomique, la stagflation. Bref, tout ce qu\u2019elles avaient d\u00e9j\u00e0 cru voir l\u2019ann\u00e9e pr\u00e9c\u00e9dente. Le probl\u00e8me est que les faits sont aussi t\u00eatus. Derni\u00e8rement, l\u2019Opinion pouvait poser cette [&hellip;]","thumbnail_url":"https:\/\/images.pexels.com\/photos\/210607\/pexels-photo-210607.jpeg?auto=compress&amp;cs=tinysrgb&amp;w=1260&amp;h=750&amp;dpr=1"}

CAHIER DE TENDANCE #122 | 27 JANVIER 2023 Les fées sont têtues. Se penchant sur le berceau de cette année nouvelle, elles avaient prophétisé la récession, la crise économique, la stagflation. Bref, tout ce qu’elles avaient déjà cru voir l’année précédente. Le problème est que les faits sont aussi têtus. Dernièrement, l’Opinion pouvait poser cette [&hellip;]
