{"version":"1.0","provider_name":"Image Sept","provider_url":"https:\/\/www.image7.fr\/en","author_name":"admin","author_url":"https:\/\/www.image7.fr\/en\/author\/admin\/","title":"Seule l\u2019Europe se croit seule au monde - Image Sept","type":"rich","width":600,"height":338,"html":"<blockquote class=\"wp-embedded-content\" data-secret=\"kB5GyN3ICf\"><a href=\"https:\/\/www.image7.fr\/en\/document\/document-test-rse-1\/\">Seule l\u2019Europe se croit seule au monde<\/a><\/blockquote><iframe sandbox=\"allow-scripts\" security=\"restricted\" src=\"https:\/\/www.image7.fr\/en\/document\/document-test-rse-1\/embed\/#?secret=kB5GyN3ICf\" width=\"600\" height=\"338\" title=\"\u00ab\u00a0Seule l\u2019Europe se croit seule au monde\u00a0\u00bb &#8212; Image Sept\" data-secret=\"kB5GyN3ICf\" frameborder=\"0\" marginwidth=\"0\" marginheight=\"0\" scrolling=\"no\" class=\"wp-embedded-content\"><\/iframe><script type=\"text\/javascript\">\n\/* <![CDATA[ *\/\n\/*! This file is auto-generated *\/\n!function(d,l){\"use strict\";l.querySelector&&d.addEventListener&&\"undefined\"!=typeof URL&&(d.wp=d.wp||{},d.wp.receiveEmbedMessage||(d.wp.receiveEmbedMessage=function(e){var t=e.data;if((t||t.secret||t.message||t.value)&&!\/[^a-zA-Z0-9]\/.test(t.secret)){for(var s,r,n,a=l.querySelectorAll('iframe[data-secret=\"'+t.secret+'\"]'),o=l.querySelectorAll('blockquote[data-secret=\"'+t.secret+'\"]'),c=new RegExp(\"^https?:$\",\"i\"),i=0;i<o.length;i++)o[i].style.display=\"none\";for(i=0;i<a.length;i++)s=a[i],e.source===s.contentWindow&&(s.removeAttribute(\"style\"),\"height\"===t.message?(1e3<(r=parseInt(t.value,10))?r=1e3:~~r<200&&(r=200),s.height=r):\"link\"===t.message&&(r=new URL(s.getAttribute(\"src\")),n=new URL(t.value),c.test(n.protocol))&&n.host===r.host&&l.activeElement===s&&(d.top.location.href=t.value))}},d.addEventListener(\"message\",d.wp.receiveEmbedMessage,!1),l.addEventListener(\"DOMContentLoaded\",function(){for(var e,t,s=l.querySelectorAll(\"iframe.wp-embedded-content\"),r=0;r<s.length;r++)(t=(e=s[r]).getAttribute(\"data-secret\"))||(t=Math.random().toString(36).substring(2,12),e.src+=\"#?secret=\"+t,e.setAttribute(\"data-secret\",t)),e.contentWindow.postMessage({message:\"ready\",secret:t},\"*\")},!1)))}(window,document);\n\/\/# sourceURL=https:\/\/www.image7.fr\/en\/wp-includes\/js\/wp-embed.min.js\n\/* ]]> *\/\n<\/script>\n","description":"L\u2019Europe, en avance sur les autres zones g\u00e9ographiques, a mis en \u0153uvre un syst\u00e8me d\u2019\u00e9change de quotas d\u2019\u00e9mission (SEQE) d\u00e8s 2005 se traduisant pas la d\u00e9livrance de quotas gratuits d\u2019\u00e9mission de CO2 pour les industriels bas\u00e9s sur leurs \u00e9missions historiques. &nbsp; \u00ab En r\u00e9alit\u00e9, le syst\u00e8me a \u00e9t\u00e9 d\u00e9voy\u00e9 \u00bb r\u00e9sume Julien Hanoteau pour Le [&hellip;]","thumbnail_url":"https:\/\/images.pexels.com\/photos\/113885\/pexels-photo-113885.jpeg?auto=compress&amp;cs=tinysrgb&amp;w=1260&amp;h=750&amp;dpr=1"}

L’Europe, en avance sur les autres zones géographiques, a mis en œuvre un système d’échange de quotas d’émission (SEQE) dès 2005 se traduisant pas la délivrance de quotas gratuits d’émission de CO2 pour les industriels basés sur leurs émissions historiques. &nbsp; « En réalité, le système a été dévoyé » résume Julien Hanoteau pour Le [&hellip;]
