{"version":"1.0","provider_name":"Image Sept","provider_url":"https:\/\/www.image7.fr\/en","author_name":"admin","author_url":"https:\/\/www.image7.fr\/en\/author\/admin\/","title":"De l\u2019information \u00e0 l\u2019action - Image Sept","type":"rich","width":600,"height":338,"html":"<blockquote class=\"wp-embedded-content\" data-secret=\"0pT6X5l5Cx\"><a href=\"https:\/\/www.image7.fr\/en\/document\/in-ultricies-justo-lectus-nec-rse-5\/\">De l\u2019information \u00e0 l\u2019action<\/a><\/blockquote><iframe sandbox=\"allow-scripts\" security=\"restricted\" src=\"https:\/\/www.image7.fr\/en\/document\/in-ultricies-justo-lectus-nec-rse-5\/embed\/#?secret=0pT6X5l5Cx\" width=\"600\" height=\"338\" title=\"\u00ab\u00a0De l\u2019information \u00e0 l\u2019action\u00a0\u00bb &#8212; Image Sept\" data-secret=\"0pT6X5l5Cx\" frameborder=\"0\" marginwidth=\"0\" marginheight=\"0\" scrolling=\"no\" class=\"wp-embedded-content\"><\/iframe><script type=\"text\/javascript\">\n\/* <![CDATA[ *\/\n\/*! This file is auto-generated *\/\n!function(d,l){\"use strict\";l.querySelector&&d.addEventListener&&\"undefined\"!=typeof URL&&(d.wp=d.wp||{},d.wp.receiveEmbedMessage||(d.wp.receiveEmbedMessage=function(e){var t=e.data;if((t||t.secret||t.message||t.value)&&!\/[^a-zA-Z0-9]\/.test(t.secret)){for(var s,r,n,a=l.querySelectorAll('iframe[data-secret=\"'+t.secret+'\"]'),o=l.querySelectorAll('blockquote[data-secret=\"'+t.secret+'\"]'),c=new RegExp(\"^https?:$\",\"i\"),i=0;i<o.length;i++)o[i].style.display=\"none\";for(i=0;i<a.length;i++)s=a[i],e.source===s.contentWindow&&(s.removeAttribute(\"style\"),\"height\"===t.message?(1e3<(r=parseInt(t.value,10))?r=1e3:~~r<200&&(r=200),s.height=r):\"link\"===t.message&&(r=new URL(s.getAttribute(\"src\")),n=new URL(t.value),c.test(n.protocol))&&n.host===r.host&&l.activeElement===s&&(d.top.location.href=t.value))}},d.addEventListener(\"message\",d.wp.receiveEmbedMessage,!1),l.addEventListener(\"DOMContentLoaded\",function(){for(var e,t,s=l.querySelectorAll(\"iframe.wp-embedded-content\"),r=0;r<s.length;r++)(t=(e=s[r]).getAttribute(\"data-secret\"))||(t=Math.random().toString(36).substring(2,12),e.src+=\"#?secret=\"+t,e.setAttribute(\"data-secret\",t)),e.contentWindow.postMessage({message:\"ready\",secret:t},\"*\")},!1)))}(window,document);\n\/\/# sourceURL=https:\/\/www.image7.fr\/en\/wp-includes\/js\/wp-embed.min.js\n\/* ]]> *\/\n<\/script>\n","description":"Pendant que les politiques oscillent entre \u00ab aller jusqu\u2019au bout \u00bb du Pacte vert de l\u2019Union Europ\u00e9enne (Elisabeth Borne) et \u00ab faire une pause \u00bb dans la r\u00e9glementation climat (Emmanuel Macron), ce sont les individus qui doivent faire leurs choix. &nbsp; Cette semaine, la saison des Assembl\u00e9es G\u00e9n\u00e9rales a connu son point d\u2019orgue avec celle [&hellip;]","thumbnail_url":"https:\/\/images.pexels.com\/photos\/8106773\/pexels-photo-8106773.jpeg?auto=compress&amp;cs=tinysrgb&amp;w=1260&amp;h=750&amp;dpr=1"}

De l’information à l’action - Image Sept

<blockquote class="wp-embedded-content" data-secret="0pT6X5l5Cx"><a href="https://www.image7.fr/en/document/in-ultricies-justo-lectus-nec-rse-5/">De l’information à l’action</a></blockquote><iframe sandbox="allow-scripts" security="restricted" src="https://www.image7.fr/en/document/in-ultricies-justo-lectus-nec-rse-5/embed/#?secret=0pT6X5l5Cx" width="600" height="338" title="« De l’information à l’action » &#8212; Image Sept" data-secret="0pT6X5l5Cx" frameborder="0" marginwidth="0" marginheight="0" scrolling="no" class="wp-embedded-content"></iframe><script type="text/javascript">
/* <![CDATA[ */
/*! This file is auto-generated */
!function(d,l){"use strict";l.querySelector&&d.addEventListener&&"undefined"!=typeof URL&&(d.wp=d.wp||{},d.wp.receiveEmbedMessage||(d.wp.receiveEmbedMessage=function(e){var t=e.data;if((t||t.secret||t.message||t.value)&&!/[^a-zA-Z0-9]/.test(t.secret)){for(var s,r,n,a=l.querySelectorAll('iframe[data-secret="'+t.secret+'"]'),o=l.querySelectorAll('blockquote[data-secret="'+t.secret+'"]'),c=new RegExp("^https?:$","i"),i=0;i<o.length;i++)o[i].style.display="none";for(i=0;i<a.length;i++)s=a[i],e.source===s.contentWindow&&(s.removeAttribute("style"),"height"===t.message?(1e3<(r=parseInt(t.value,10))?r=1e3:~~r<200&&(r=200),s.height=r):"link"===t.message&&(r=new URL(s.getAttribute("src")),n=new URL(t.value),c.test(n.protocol))&&n.host===r.host&&l.activeElement===s&&(d.top.location.href=t.value))}},d.addEventListener("message",d.wp.receiveEmbedMessage,!1),l.addEventListener("DOMContentLoaded",function(){for(var e,t,s=l.querySelectorAll("iframe.wp-embedded-content"),r=0;r<s.length;r++)(t=(e=s[r]).getAttribute("data-secret"))||(t=Math.random().toString(36).substring(2,12),e.src+="#?secret="+t,e.setAttribute("data-secret",t)),e.contentWindow.postMessage({message:"ready",secret:t},"*")},!1)))}(window,document);
//# sourceURL=https://www.image7.fr/en/wp-includes/js/wp-embed.min.js
/* ]]> */
</script>

Pendant que les politiques oscillent entre « aller jusqu’au bout » du Pacte vert de l’Union Européenne (Elisabeth Borne) et « faire une pause » dans la réglementation climat (Emmanuel Macron), ce sont les individus qui doivent faire leurs choix. &nbsp; Cette semaine, la saison des Assemblées Générales a connu son point d’orgue avec celle [&hellip;]
