{"version":"1.0","provider_name":"Image Sept","provider_url":"https:\/\/www.image7.fr\/en","author_name":"admin","author_url":"https:\/\/www.image7.fr\/en\/author\/admin\/","title":"Le point sur l'Inflation Reduction Act (IRA) - Image Sept","type":"rich","width":600,"height":338,"html":"<blockquote class=\"wp-embedded-content\" data-secret=\"YMuzfsIaTx\"><a href=\"https:\/\/www.image7.fr\/en\/document\/le-point-sur-linflation-reduction-act\/\">Le point sur l&rsquo;Inflation Reduction Act (IRA)<\/a><\/blockquote><iframe sandbox=\"allow-scripts\" security=\"restricted\" src=\"https:\/\/www.image7.fr\/en\/document\/le-point-sur-linflation-reduction-act\/embed\/#?secret=YMuzfsIaTx\" width=\"600\" height=\"338\" title=\"\u00ab\u00a0Le point sur l&rsquo;Inflation Reduction Act (IRA)\u00a0\u00bb &#8212; Image Sept\" data-secret=\"YMuzfsIaTx\" frameborder=\"0\" marginwidth=\"0\" marginheight=\"0\" scrolling=\"no\" class=\"wp-embedded-content\"><\/iframe><script type=\"text\/javascript\">\n\/* <![CDATA[ *\/\n\/*! This file is auto-generated *\/\n!function(d,l){\"use strict\";l.querySelector&&d.addEventListener&&\"undefined\"!=typeof URL&&(d.wp=d.wp||{},d.wp.receiveEmbedMessage||(d.wp.receiveEmbedMessage=function(e){var t=e.data;if((t||t.secret||t.message||t.value)&&!\/[^a-zA-Z0-9]\/.test(t.secret)){for(var s,r,n,a=l.querySelectorAll('iframe[data-secret=\"'+t.secret+'\"]'),o=l.querySelectorAll('blockquote[data-secret=\"'+t.secret+'\"]'),c=new RegExp(\"^https?:$\",\"i\"),i=0;i<o.length;i++)o[i].style.display=\"none\";for(i=0;i<a.length;i++)s=a[i],e.source===s.contentWindow&&(s.removeAttribute(\"style\"),\"height\"===t.message?(1e3<(r=parseInt(t.value,10))?r=1e3:~~r<200&&(r=200),s.height=r):\"link\"===t.message&&(r=new URL(s.getAttribute(\"src\")),n=new URL(t.value),c.test(n.protocol))&&n.host===r.host&&l.activeElement===s&&(d.top.location.href=t.value))}},d.addEventListener(\"message\",d.wp.receiveEmbedMessage,!1),l.addEventListener(\"DOMContentLoaded\",function(){for(var e,t,s=l.querySelectorAll(\"iframe.wp-embedded-content\"),r=0;r<s.length;r++)(t=(e=s[r]).getAttribute(\"data-secret\"))||(t=Math.random().toString(36).substring(2,12),e.src+=\"#?secret=\"+t,e.setAttribute(\"data-secret\",t)),e.contentWindow.postMessage({message:\"ready\",secret:t},\"*\")},!1)))}(window,document);\n\/\/# sourceURL=https:\/\/www.image7.fr\/en\/wp-includes\/js\/wp-embed.min.js\n\/* ]]> *\/\n<\/script>\n","description":"L\u2019Inflation Reduction Act (IRA), est un plan massif de soutien \u00e0 l\u2019industrie am\u00e9ricaine, anxiog\u00e8ne pour l&rsquo;\u00e9conomie europ\u00e9enne &nbsp; Alors que l\u2019inflation est devenue la premi\u00e8re pr\u00e9occupation des m\u00e9nages outre-Atlantique, les D\u00e9mocrates am\u00e9ricains ont fait adopter au Congr\u00e8s un programme baptis\u00e9 \u00ab Inflation Reduction Act \u00bb (IRA), qui entrera en vigueur en 2023. Ce plan pr\u00e9voit [&hellip;]","thumbnail_url":"https:\/\/www.image7.fr\/wp-content\/uploads\/2023\/07\/001394667_896x598_c-300x200.jpg"}

L’Inflation Reduction Act (IRA), est un plan massif de soutien à l’industrie américaine, anxiogène pour l&rsquo;économie européenne &nbsp; Alors que l’inflation est devenue la première préoccupation des ménages outre-Atlantique, les Démocrates américains ont fait adopter au Congrès un programme baptisé « Inflation Reduction Act » (IRA), qui entrera en vigueur en 2023. Ce plan prévoit [&hellip;]
