{"id":687,"date":"2022-12-23T16:38:34","date_gmt":"2022-12-23T15:38:34","guid":{"rendered":"https:\/\/www.image7.fr\/?post_type=document&amp;p=687"},"modified":"2022-12-23T16:38:34","modified_gmt":"2022-12-23T15:38:34","slug":"document-test-2","status":"publish","type":"document","link":"https:\/\/www.image7.fr\/en\/document\/document-test-2\/","title":{"rendered":"Optimisme"},"content":{"rendered":"<p>CAHIER DE TENDANCE #119 | 23 D\u00c9CEMBRE 2022<\/p>\n<p><img loading=\"lazy\" decoding=\"async\" class=\"alignleft\" src=\"https:\/\/images.pexels.com\/photos\/1510659\/pexels-photo-1510659.jpeg?auto=compress&amp;cs=tinysrgb&amp;w=1260&amp;h=750&amp;dpr=1\" alt=\"Gratuit Acc\u00e9dez Aux Enseignes Au N\u00e9on Et Blue Moon Photos\" width=\"311\" height=\"207\" \/><\/p>\n<p>La c\u00e9l\u00e8bre formule d\u2019Antonio Gramsci, \u00ab pessimisme de la raison, optimisme de la volont\u00e9 \u00bb est devenue avec le temps un de ces lieux communs qui truffent les discours de nos dindes galantes.. Elle est cens\u00e9e sugg\u00e9rer que l\u2019on devrait reconna\u00eetre clairement \u00e0 quel point une situation pr\u00e9occupante empire, sans perdre espoir et tout en gardant \u00e0 l\u2019esprit que le volontarisme de la volont\u00e9 est une levier suffisamment puissant pour changer le monde.<br \/>\nL\u2019ennui est que si l\u2019on voit, matin, midi et soir, nos contemporains s\u2019exercer \u00e0 cette gymnastique intellectuelle qu\u2019est le pessimisme de la raison, de l\u2019analyse, de la connaissance, on les voit d\u00e9serter les stades quand il s\u2019agit de mettre en pratique l\u2019optimisme de la volont\u00e9. Et pourtant, les deux sont bien \u00e9galement n\u00e9cessaires. Vouloir les opposer est un non-sens. Apr\u00e8s tout, comme le dit le proverbe, l\u2019optimiste invente l\u2019avion et le pessimisme invente le parachute.<\/p>\n<p>&nbsp;<\/p>\n<p>Oui mais voil\u00e0, ces derniers temps, la cause para\u00eet entendue : l\u2019optimisme n\u2019a pas bonne presse. On nous r\u00e9pondra que l\u2019\u00e9poque o\u00f9 se m\u00ealent pand\u00e9mie, guerre, crise \u00e9nerg\u00e9tique et globalisation aventureuse ne se pr\u00eate gu\u00e8re \u00e0 ce type d\u2019exercice. A cela, les historiens r\u00e9torqueront quelle \u00e9poque s\u2019y est pr\u00eat\u00e9e. La \u00ab Renaissance \u00bb , flatteusement nomm\u00e9e ainsi, fut une r\u00e9volution de l\u2019esprit mais, pour le reste, un m\u00e9chant lieu. Le Si\u00e8cle des Lumi\u00e8res fut aussi celui du despotisme et de l\u2019obscurantisme.<\/p>\n<p>&nbsp;<\/p>\n<p>Le probl\u00e8me est qu\u2019aujourd\u2019hui, l\u2019Histoire ne sert plus qu\u2019\u00e0 construire des bouts de r\u00e9cits, des miettes de mythes. Ceux qui entonnent en permanence le grand air du d\u00e9clin ou du grand d\u00e9classement devraient s\u2019interroger \u00e0 quelle \u00e9poque notre pays a \u00e9t\u00e9 une grande nation. Assur\u00e9ment ni en 1763 qui vit notre expulsion des Indes et de l\u2019Am\u00e9rique du Nord, ni en 1815 o\u00f9 il fallut toute l\u2019habilet\u00e9 d\u2019un Talleyrand pour sauver ce qui pouvait encore l\u2019\u00eatre, ni en 1871 qui vit l\u2019effondrement de l\u2019empire et la confiscation de l\u2019Alsace et de la Lorraine, ni en 1940, ann\u00e9e de la d\u00e9b\u00e2cle&#8230;<\/p>\n<p>&nbsp;<\/p>\n<p>Cela doit-il nous conduire \u00e0 rester accroch\u00e9s au pessimisme comme une bernique \u00e0 son rocher ? Nullement. Cela devrait encourager, bien au contraire, \u00e0 rechercher tout ce qui, dans le pass\u00e9, a contribu\u00e9 non pas \u00e0 \u00ab maintenir notre rang \u00bb qui est une illusion mais \u00e0 nous d\u00e9passer avec vigueur. Ce qui nous a aid\u00e9 ce sont les r\u00e9formes de structure, le retour \u00e0 la stabilit\u00e9 politique, le souci d\u2019exporter une certaine conception du monde mais, par-dessus tout, comme le rappellent, \u00e0 la fois, L\u2019Express, Marianne et l&rsquo;Opinion cette semaine, le refus de \u00ab croire que c\u2019est fichu \u00bb. Il y a un moyen de se mettre dans cet \u00e9tat d\u2019esprit, c\u2019est de traquer les bonnes et heureuses nouvelles, ces d\u00e9couvertes ou ces comportements qui contribuent \u00e0 changer positivement la donne. C\u2019est la raison pour laquelle nous avons choisi d\u2019opter un parti pris pour ce dernier Cahier de Tendance de l\u2019ann\u00e9e : le parti pris de l\u2019optimisme. Tous les th\u00e8mes \u00e9voqu\u00e9s sont positifs.<br \/>\nCe qui est notre mani\u00e8re \u00e0 nous de vous souhaiter de bonnes f\u00eates et de vous dire tout le plaisir que nous avons eu \u00e0 passer cette ann\u00e9e en votre compagnie&#8230;<\/p>\n","protected":false},"featured_media":0,"menu_order":17,"template":"","meta":{"_acf_changed":false},"categorie_documents":[37],"class_list":["post-687","document","type-document","status-publish","hentry","categorie_documents-cahier-de-tendances"],"yoast_head":"<!-- This site is optimized with the Yoast SEO plugin v27.1.1 - https:\/\/yoast.com\/product\/yoast-seo-wordpress\/ -->\n<title>Optimisme - Image Sept<\/title>\n<meta name=\"robots\" content=\"index, follow, max-snippet:-1, max-image-preview:large, max-video-preview:-1\" \/>\n<link rel=\"canonical\" href=\"https:\/\/www.image7.fr\/en\/document\/document-test-2\/\" \/>\n<meta property=\"og:locale\" content=\"fr_FR\" \/>\n<meta property=\"og:type\" content=\"article\" \/>\n<meta property=\"og:title\" content=\"Optimisme - Image Sept\" \/>\n<meta property=\"og:description\" content=\"CAHIER DE TENDANCE #119 | 23 D\u00c9CEMBRE 2022 La c\u00e9l\u00e8bre formule d\u2019Antonio Gramsci, \u00ab pessimisme de la raison, optimisme de la volont\u00e9 \u00bb est devenue avec le temps un de ces lieux communs qui truffent les discours de nos dindes galantes.. Elle est cens\u00e9e sugg\u00e9rer que l\u2019on devrait reconna\u00eetre clairement \u00e0 quel point une situation [&hellip;]\" \/>\n<meta property=\"og:url\" content=\"https:\/\/www.image7.fr\/en\/document\/document-test-2\/\" \/>\n<meta property=\"og:site_name\" content=\"Image Sept\" \/>\n<meta property=\"og:image\" content=\"https:\/\/images.pexels.com\/photos\/1510659\/pexels-photo-1510659.jpeg?auto=compress&amp;cs=tinysrgb&amp;w=1260&amp;h=750&amp;dpr=1\" \/>\n<meta name=\"twitter:label1\" content=\"Dur\u00e9e de lecture estim\u00e9e\" \/>\n\t<meta name=\"twitter:data1\" content=\"3 minutes\" \/>\n<script type=\"application\/ld+json\" class=\"yoast-schema-graph\">{\"@context\":\"https:\/\/schema.org\",\"@graph\":[{\"@type\":\"WebPage\",\"@id\":\"https:\/\/www.image7.fr\/en\/document\/document-test-2\/\",\"url\":\"https:\/\/www.image7.fr\/en\/document\/document-test-2\/\",\"name\":\"Optimisme - Image Sept\",\"isPartOf\":{\"@id\":\"https:\/\/www.image7.fr\/en\/#website\"},\"primaryImageOfPage\":{\"@id\":\"https:\/\/www.image7.fr\/en\/document\/document-test-2\/#primaryimage\"},\"image\":{\"@id\":\"https:\/\/www.image7.fr\/en\/document\/document-test-2\/#primaryimage\"},\"thumbnailUrl\":\"https:\/\/images.pexels.com\/photos\/1510659\/pexels-photo-1510659.jpeg?auto=compress&amp;cs=tinysrgb&amp;w=1260&amp;h=750&amp;dpr=1\",\"datePublished\":\"2022-12-23T15:38:34+00:00\",\"breadcrumb\":{\"@id\":\"https:\/\/www.image7.fr\/en\/document\/document-test-2\/#breadcrumb\"},\"inLanguage\":\"fr-FR\",\"potentialAction\":[{\"@type\":\"ReadAction\",\"target\":[\"https:\/\/www.image7.fr\/en\/document\/document-test-2\/\"]}]},{\"@type\":\"ImageObject\",\"inLanguage\":\"fr-FR\",\"@id\":\"https:\/\/www.image7.fr\/en\/document\/document-test-2\/#primaryimage\",\"url\":\"https:\/\/images.pexels.com\/photos\/1510659\/pexels-photo-1510659.jpeg?auto=compress&amp;cs=tinysrgb&amp;w=1260&amp;h=750&amp;dpr=1\",\"contentUrl\":\"https:\/\/images.pexels.com\/photos\/1510659\/pexels-photo-1510659.jpeg?auto=compress&amp;cs=tinysrgb&amp;w=1260&amp;h=750&amp;dpr=1\"},{\"@type\":\"BreadcrumbList\",\"@id\":\"https:\/\/www.image7.fr\/en\/document\/document-test-2\/#breadcrumb\",\"itemListElement\":[{\"@type\":\"ListItem\",\"position\":1,\"name\":\"Accueil\",\"item\":\"https:\/\/www.image7.fr\/en\/\"},{\"@type\":\"ListItem\",\"position\":2,\"name\":\"Document\",\"item\":\"https:\/\/www.image7.fr\/en\/document\/\"},{\"@type\":\"ListItem\",\"position\":3,\"name\":\"Optimisme\"}]},{\"@type\":\"WebSite\",\"@id\":\"https:\/\/www.image7.fr\/en\/#website\",\"url\":\"https:\/\/www.image7.fr\/en\/\",\"name\":\"Image Sept\",\"description\":\"Un site utilisant R\u00e9seau Image 7\",\"potentialAction\":[{\"@type\":\"SearchAction\",\"target\":{\"@type\":\"EntryPoint\",\"urlTemplate\":\"https:\/\/www.image7.fr\/en\/?s={search_term_string}\"},\"query-input\":{\"@type\":\"PropertyValueSpecification\",\"valueRequired\":true,\"valueName\":\"search_term_string\"}}],\"inLanguage\":\"fr-FR\"}]}<\/script>\n<!-- \/ Yoast SEO plugin. -->","yoast_head_json":{"title":"Optimisme - Image Sept","robots":{"index":"index","follow":"follow","max-snippet":"max-snippet:-1","max-image-preview":"max-image-preview:large","max-video-preview":"max-video-preview:-1"},"canonical":"https:\/\/www.image7.fr\/en\/document\/document-test-2\/","og_locale":"fr_FR","og_type":"article","og_title":"Optimisme - Image Sept","og_description":"CAHIER DE TENDANCE #119 | 23 D\u00c9CEMBRE 2022 La c\u00e9l\u00e8bre formule d\u2019Antonio Gramsci, \u00ab pessimisme de la raison, optimisme de la volont\u00e9 \u00bb est devenue avec le temps un de ces lieux communs qui truffent les discours de nos dindes galantes.. Elle est cens\u00e9e sugg\u00e9rer que l\u2019on devrait reconna\u00eetre clairement \u00e0 quel point une situation [&hellip;]","og_url":"https:\/\/www.image7.fr\/en\/document\/document-test-2\/","og_site_name":"Image Sept","og_image":[{"url":"https:\/\/images.pexels.com\/photos\/1510659\/pexels-photo-1510659.jpeg?auto=compress&amp;cs=tinysrgb&amp;w=1260&amp;h=750&amp;dpr=1","type":"","width":"","height":""}],"twitter_misc":{"Dur\u00e9e de lecture estim\u00e9e":"3 minutes"},"schema":{"@context":"https:\/\/schema.org","@graph":[{"@type":"WebPage","@id":"https:\/\/www.image7.fr\/en\/document\/document-test-2\/","url":"https:\/\/www.image7.fr\/en\/document\/document-test-2\/","name":"Optimisme - Image Sept","isPartOf":{"@id":"https:\/\/www.image7.fr\/en\/#website"},"primaryImageOfPage":{"@id":"https:\/\/www.image7.fr\/en\/document\/document-test-2\/#primaryimage"},"image":{"@id":"https:\/\/www.image7.fr\/en\/document\/document-test-2\/#primaryimage"},"thumbnailUrl":"https:\/\/images.pexels.com\/photos\/1510659\/pexels-photo-1510659.jpeg?auto=compress&amp;cs=tinysrgb&amp;w=1260&amp;h=750&amp;dpr=1","datePublished":"2022-12-23T15:38:34+00:00","breadcrumb":{"@id":"https:\/\/www.image7.fr\/en\/document\/document-test-2\/#breadcrumb"},"inLanguage":"fr-FR","potentialAction":[{"@type":"ReadAction","target":["https:\/\/www.image7.fr\/en\/document\/document-test-2\/"]}]},{"@type":"ImageObject","inLanguage":"fr-FR","@id":"https:\/\/www.image7.fr\/en\/document\/document-test-2\/#primaryimage","url":"https:\/\/images.pexels.com\/photos\/1510659\/pexels-photo-1510659.jpeg?auto=compress&amp;cs=tinysrgb&amp;w=1260&amp;h=750&amp;dpr=1","contentUrl":"https:\/\/images.pexels.com\/photos\/1510659\/pexels-photo-1510659.jpeg?auto=compress&amp;cs=tinysrgb&amp;w=1260&amp;h=750&amp;dpr=1"},{"@type":"BreadcrumbList","@id":"https:\/\/www.image7.fr\/en\/document\/document-test-2\/#breadcrumb","itemListElement":[{"@type":"ListItem","position":1,"name":"Accueil","item":"https:\/\/www.image7.fr\/en\/"},{"@type":"ListItem","position":2,"name":"Document","item":"https:\/\/www.image7.fr\/en\/document\/"},{"@type":"ListItem","position":3,"name":"Optimisme"}]},{"@type":"WebSite","@id":"https:\/\/www.image7.fr\/en\/#website","url":"https:\/\/www.image7.fr\/en\/","name":"Image Sept","description":"Un site utilisant R\u00e9seau Image 7","potentialAction":[{"@type":"SearchAction","target":{"@type":"EntryPoint","urlTemplate":"https:\/\/www.image7.fr\/en\/?s={search_term_string}"},"query-input":{"@type":"PropertyValueSpecification","valueRequired":true,"valueName":"search_term_string"}}],"inLanguage":"fr-FR"}]}},"acf":[],"_links":{"self":[{"href":"https:\/\/www.image7.fr\/en\/wp-json\/wp\/v2\/document\/687","targetHints":{"allow":["GET"]}}],"collection":[{"href":"https:\/\/www.image7.fr\/en\/wp-json\/wp\/v2\/document"}],"about":[{"href":"https:\/\/www.image7.fr\/en\/wp-json\/wp\/v2\/types\/document"}],"wp:attachment":[{"href":"https:\/\/www.image7.fr\/en\/wp-json\/wp\/v2\/media?parent=687"}],"wp:term":[{"taxonomy":"categorie_documents","embeddable":true,"href":"https:\/\/www.image7.fr\/en\/wp-json\/wp\/v2\/categorie_documents?post=687"}],"curies":[{"name":"wp","href":"https:\/\/api.w.org\/{rel}","templated":true}]}}

<p>CAHIER DE TENDANCE #119 | 23 DÉCEMBRE 2022</p>
<p><img loading="lazy" decoding="async" class="alignleft" src="https://images.pexels.com/photos/1510659/pexels-photo-1510659.jpeg?auto=compress&amp;cs=tinysrgb&amp;w=1260&amp;h=750&amp;dpr=1" alt="Gratuit Accédez Aux Enseignes Au Néon Et Blue Moon Photos" width="311" height="207" /></p>
<p>La célèbre formule d’Antonio Gramsci, « pessimisme de la raison, optimisme de la volonté » est devenue avec le temps un de ces lieux communs qui truffent les discours de nos dindes galantes.. Elle est censée suggérer que l’on devrait reconnaître clairement à quel point une situation préoccupante empire, sans perdre espoir et tout en gardant à l’esprit que le volontarisme de la volonté est une levier suffisamment puissant pour changer le monde.<br />
L’ennui est que si l’on voit, matin, midi et soir, nos contemporains s’exercer à cette gymnastique intellectuelle qu’est le pessimisme de la raison, de l’analyse, de la connaissance, on les voit déserter les stades quand il s’agit de mettre en pratique l’optimisme de la volonté. Et pourtant, les deux sont bien également nécessaires. Vouloir les opposer est un non-sens. Après tout, comme le dit le proverbe, l’optimiste invente l’avion et le pessimisme invente le parachute.</p>
<p>&nbsp;</p>
<p>Oui mais voilà, ces derniers temps, la cause paraît entendue : l’optimisme n’a pas bonne presse. On nous répondra que l’époque où se mêlent pandémie, guerre, crise énergétique et globalisation aventureuse ne se prête guère à ce type d’exercice. A cela, les historiens rétorqueront quelle époque s’y est prêtée. La « Renaissance » , flatteusement nommée ainsi, fut une révolution de l’esprit mais, pour le reste, un méchant lieu. Le Siècle des Lumières fut aussi celui du despotisme et de l’obscurantisme.</p>
<p>&nbsp;</p>
<p>Le problème est qu’aujourd’hui, l’Histoire ne sert plus qu’à construire des bouts de récits, des miettes de mythes. Ceux qui entonnent en permanence le grand air du déclin ou du grand déclassement devraient s’interroger à quelle époque notre pays a été une grande nation. Assurément ni en 1763 qui vit notre expulsion des Indes et de l’Amérique du Nord, ni en 1815 où il fallut toute l’habileté d’un Talleyrand pour sauver ce qui pouvait encore l’être, ni en 1871 qui vit l’effondrement de l’empire et la confiscation de l’Alsace et de la Lorraine, ni en 1940, année de la débâcle&#8230;</p>
<p>&nbsp;</p>
<p>Cela doit-il nous conduire à rester accrochés au pessimisme comme une bernique à son rocher ? Nullement. Cela devrait encourager, bien au contraire, à rechercher tout ce qui, dans le passé, a contribué non pas à « maintenir notre rang » qui est une illusion mais à nous dépasser avec vigueur. Ce qui nous a aidé ce sont les réformes de structure, le retour à la stabilité politique, le souci d’exporter une certaine conception du monde mais, par-dessus tout, comme le rappellent, à la fois, L’Express, Marianne et l&rsquo;Opinion cette semaine, le refus de « croire que c’est fichu ». Il y a un moyen de se mettre dans cet état d’esprit, c’est de traquer les bonnes et heureuses nouvelles, ces découvertes ou ces comportements qui contribuent à changer positivement la donne. C’est la raison pour laquelle nous avons choisi d’opter un parti pris pour ce dernier Cahier de Tendance de l’année : le parti pris de l’optimisme. Tous les thèmes évoqués sont positifs.<br />
Ce qui est notre manière à nous de vous souhaiter de bonnes fêtes et de vous dire tout le plaisir que nous avons eu à passer cette année en votre compagnie&#8230;</p>

<!-- This site is optimized with the Yoast SEO plugin v27.1.1 - https://yoast.com/product/yoast-seo-wordpress/ -->
<title>Optimisme - Image Sept</title>
<meta name="robots" content="index, follow, max-snippet:-1, max-image-preview:large, max-video-preview:-1" />
<link rel="canonical" href="https://www.image7.fr/en/document/document-test-2/" />
<meta property="og:locale" content="fr_FR" />
<meta property="og:type" content="article" />
<meta property="og:title" content="Optimisme - Image Sept" />
<meta property="og:description" content="CAHIER DE TENDANCE #119 | 23 DÉCEMBRE 2022 La célèbre formule d’Antonio Gramsci, « pessimisme de la raison, optimisme de la volonté » est devenue avec le temps un de ces lieux communs qui truffent les discours de nos dindes galantes.. Elle est censée suggérer que l’on devrait reconnaître clairement à quel point une situation [&hellip;]" />
<meta property="og:url" content="https://www.image7.fr/en/document/document-test-2/" />
<meta property="og:site_name" content="Image Sept" />
<meta property="og:image" content="https://images.pexels.com/photos/1510659/pexels-photo-1510659.jpeg?auto=compress&amp;cs=tinysrgb&amp;w=1260&amp;h=750&amp;dpr=1" />
<meta name="twitter:label1" content="Durée de lecture estimée" />
	<meta name="twitter:data1" content="3 minutes" />
<script type="application/ld+json" class="yoast-schema-graph">{"@context":"https://schema.org","@graph":[{"@type":"WebPage","@id":"https://www.image7.fr/en/document/document-test-2/","url":"https://www.image7.fr/en/document/document-test-2/","name":"Optimisme - Image Sept","isPartOf":{"@id":"https://www.image7.fr/en/#website"},"primaryImageOfPage":{"@id":"https://www.image7.fr/en/document/document-test-2/#primaryimage"},"image":{"@id":"https://www.image7.fr/en/document/document-test-2/#primaryimage"},"thumbnailUrl":"https://images.pexels.com/photos/1510659/pexels-photo-1510659.jpeg?auto=compress&amp;cs=tinysrgb&amp;w=1260&amp;h=750&amp;dpr=1","datePublished":"2022-12-23T15:38:34+00:00","breadcrumb":{"@id":"https://www.image7.fr/en/document/document-test-2/#breadcrumb"},"inLanguage":"fr-FR","potentialAction":[{"@type":"ReadAction","target":["https://www.image7.fr/en/document/document-test-2/"]}]},{"@type":"ImageObject","inLanguage":"fr-FR","@id":"https://www.image7.fr/en/document/document-test-2/#primaryimage","url":"https://images.pexels.com/photos/1510659/pexels-photo-1510659.jpeg?auto=compress&amp;cs=tinysrgb&amp;w=1260&amp;h=750&amp;dpr=1","contentUrl":"https://images.pexels.com/photos/1510659/pexels-photo-1510659.jpeg?auto=compress&amp;cs=tinysrgb&amp;w=1260&amp;h=750&amp;dpr=1"},{"@type":"BreadcrumbList","@id":"https://www.image7.fr/en/document/document-test-2/#breadcrumb","itemListElement":[{"@type":"ListItem","position":1,"name":"Accueil","item":"https://www.image7.fr/en/"},{"@type":"ListItem","position":2,"name":"Document","item":"https://www.image7.fr/en/document/"},{"@type":"ListItem","position":3,"name":"Optimisme"}]},{"@type":"WebSite","@id":"https://www.image7.fr/en/#website","url":"https://www.image7.fr/en/","name":"Image Sept","description":"Un site utilisant Réseau Image 7","potentialAction":[{"@type":"SearchAction","target":{"@type":"EntryPoint","urlTemplate":"https://www.image7.fr/en/?s={search_term_string}"},"query-input":{"@type":"PropertyValueSpecification","valueRequired":true,"valueName":"search_term_string"}}],"inLanguage":"fr-FR"}]}</script>
<!-- / Yoast SEO plugin. -->

CAHIER DE TENDANCE #119 | 23 DÉCEMBRE 2022 La célèbre formule d’Antonio Gramsci, « pessimisme de la raison, optimisme de la volonté » est devenue avec le temps un de ces lieux communs qui truffent les discours de nos dindes galantes.. Elle est censée suggérer que l’on devrait reconnaître clairement à quel point une situation [&hellip;]

Un site utilisant Réseau Image 7
