{"id":694,"date":"2023-05-25T10:06:24","date_gmt":"2023-05-25T09:06:24","guid":{"rendered":"https:\/\/www.image7.fr\/?post_type=document&amp;p=694"},"modified":"2023-05-25T10:06:24","modified_gmt":"2023-05-25T09:06:24","slug":"document-rse-4","status":"publish","type":"document","link":"https:\/\/www.image7.fr\/en\/document\/document-rse-4\/","title":{"rendered":"La vache !"},"content":{"rendered":"<p><img loading=\"lazy\" decoding=\"async\" class=\"alignleft\" src=\"https:\/\/images.pexels.com\/photos\/4910769\/pexels-photo-4910769.jpeg?auto=compress&amp;cs=tinysrgb&amp;w=1260&amp;h=750&amp;dpr=1\" alt=\"Gratuit Photos gratuites de \u00e0 l'int\u00e9rieur, animal, b\u00e9tail Photos\" width=\"308\" height=\"205\" \/>La Premi\u00e8re Ministre Elisabeth Borne pr\u00e9sente son plan de transition \u00e9cologique visant \u00e0 aller deux fois plus vite pour baisser les \u00e9missions de GES et atteindre l\u2019objectif europ\u00e9en de neutralit\u00e9 carbone en 2050. L\u2019\u00e9quation financi\u00e8re d\u2019ici 2030 semble, pour le moins, difficile \u00e0 r\u00e9soudre : 34 milliards d\u2019Euros par an de d\u00e9penses suppl\u00e9mentaires induites et tout autant de pertes de recettes fiscales sur les \u00e9nergies fossiles.<\/p>\n<p>&nbsp;<\/p>\n<p>Simultan\u00e9ment, la Cour des comptes vient de publier son rapport sur les soutiens publics aux \u00e9leveurs de bovins. Le constat est clair : \u00ab le bilan de l\u2019\u00e9levage bovin pour le climat est d\u00e9favorable. [\u2026] L\u2019\u00e9levage bovin est ainsi responsable en France de 11,8 % des \u00e9missions d\u2019\u00e9quivalents CO2, comparables \u00e0 celles des b\u00e2timents r\u00e9sidentiels du pays \u00bb.<br \/>\nAu-del\u00e0 de ce constat, ce qui retient l\u2019attention, c\u2019est la recommandation que formule la Cour des comptes pour r\u00e9duire les \u00e9missions li\u00e9es \u00e0 l\u2019\u00e9levage : \u00ab Cette r\u00e9duction peut \u00eatre ais\u00e9ment concili\u00e9e avec les besoins en nutrition des Fran\u00e7ais, un tiers d\u2019entre eux consommant davantage que le plafond de 500 g par semaine de viande rouge pr\u00e9conis\u00e9 par le plan national nutrition sant\u00e9 \u00bb.<\/p>\n<p>&nbsp;<\/p>\n<p>La Cour des comptes a pour mission principale de s&rsquo;assurer du bon emploi de l&rsquo;argent public et d&rsquo;en informer les citoyens. La lutte contre le r\u00e9chauffement climatique justifie-t-elle une telle incursion dans la vie priv\u00e9e des citoyens ?<\/p>\n<p>&nbsp;<\/p>\n","protected":false},"featured_media":0,"menu_order":11,"template":"","meta":{"_acf_changed":false},"categorie_documents":[38],"class_list":["post-694","document","type-document","status-publish","hentry","categorie_documents-syntheses-rse"],"yoast_head":"<!-- This site is optimized with the Yoast SEO plugin v27.1.1 - https:\/\/yoast.com\/product\/yoast-seo-wordpress\/ -->\n<title>La vache ! - Image Sept<\/title>\n<meta name=\"robots\" content=\"index, follow, max-snippet:-1, max-image-preview:large, max-video-preview:-1\" \/>\n<link rel=\"canonical\" href=\"https:\/\/www.image7.fr\/en\/document\/document-rse-4\/\" \/>\n<meta property=\"og:locale\" content=\"fr_FR\" \/>\n<meta property=\"og:type\" content=\"article\" \/>\n<meta property=\"og:title\" content=\"La vache ! - Image Sept\" \/>\n<meta property=\"og:description\" content=\"La Premi\u00e8re Ministre Elisabeth Borne pr\u00e9sente son plan de transition \u00e9cologique visant \u00e0 aller deux fois plus vite pour baisser les \u00e9missions de GES et atteindre l\u2019objectif europ\u00e9en de neutralit\u00e9 carbone en 2050. L\u2019\u00e9quation financi\u00e8re d\u2019ici 2030 semble, pour le moins, difficile \u00e0 r\u00e9soudre : 34 milliards d\u2019Euros par an de d\u00e9penses suppl\u00e9mentaires induites et [&hellip;]\" \/>\n<meta property=\"og:url\" content=\"https:\/\/www.image7.fr\/en\/document\/document-rse-4\/\" \/>\n<meta property=\"og:site_name\" content=\"Image Sept\" \/>\n<meta property=\"og:image\" content=\"https:\/\/images.pexels.com\/photos\/4910769\/pexels-photo-4910769.jpeg?auto=compress&amp;cs=tinysrgb&amp;w=1260&amp;h=750&amp;dpr=1\" \/>\n<meta name=\"twitter:label1\" content=\"Dur\u00e9e de lecture estim\u00e9e\" \/>\n\t<meta name=\"twitter:data1\" content=\"2 minutes\" \/>\n<script type=\"application\/ld+json\" class=\"yoast-schema-graph\">{\"@context\":\"https:\/\/schema.org\",\"@graph\":[{\"@type\":\"WebPage\",\"@id\":\"https:\/\/www.image7.fr\/en\/document\/document-rse-4\/\",\"url\":\"https:\/\/www.image7.fr\/en\/document\/document-rse-4\/\",\"name\":\"La vache ! - Image Sept\",\"isPartOf\":{\"@id\":\"https:\/\/www.image7.fr\/en\/#website\"},\"primaryImageOfPage\":{\"@id\":\"https:\/\/www.image7.fr\/en\/document\/document-rse-4\/#primaryimage\"},\"image\":{\"@id\":\"https:\/\/www.image7.fr\/en\/document\/document-rse-4\/#primaryimage\"},\"thumbnailUrl\":\"https:\/\/images.pexels.com\/photos\/4910769\/pexels-photo-4910769.jpeg?auto=compress&amp;cs=tinysrgb&amp;w=1260&amp;h=750&amp;dpr=1\",\"datePublished\":\"2023-05-25T09:06:24+00:00\",\"breadcrumb\":{\"@id\":\"https:\/\/www.image7.fr\/en\/document\/document-rse-4\/#breadcrumb\"},\"inLanguage\":\"fr-FR\",\"potentialAction\":[{\"@type\":\"ReadAction\",\"target\":[\"https:\/\/www.image7.fr\/en\/document\/document-rse-4\/\"]}]},{\"@type\":\"ImageObject\",\"inLanguage\":\"fr-FR\",\"@id\":\"https:\/\/www.image7.fr\/en\/document\/document-rse-4\/#primaryimage\",\"url\":\"https:\/\/images.pexels.com\/photos\/4910769\/pexels-photo-4910769.jpeg?auto=compress&amp;cs=tinysrgb&amp;w=1260&amp;h=750&amp;dpr=1\",\"contentUrl\":\"https:\/\/images.pexels.com\/photos\/4910769\/pexels-photo-4910769.jpeg?auto=compress&amp;cs=tinysrgb&amp;w=1260&amp;h=750&amp;dpr=1\"},{\"@type\":\"BreadcrumbList\",\"@id\":\"https:\/\/www.image7.fr\/en\/document\/document-rse-4\/#breadcrumb\",\"itemListElement\":[{\"@type\":\"ListItem\",\"position\":1,\"name\":\"Accueil\",\"item\":\"https:\/\/www.image7.fr\/en\/\"},{\"@type\":\"ListItem\",\"position\":2,\"name\":\"Document\",\"item\":\"https:\/\/www.image7.fr\/en\/document\/\"},{\"@type\":\"ListItem\",\"position\":3,\"name\":\"La vache !\"}]},{\"@type\":\"WebSite\",\"@id\":\"https:\/\/www.image7.fr\/en\/#website\",\"url\":\"https:\/\/www.image7.fr\/en\/\",\"name\":\"Image Sept\",\"description\":\"Un site utilisant R\u00e9seau Image 7\",\"potentialAction\":[{\"@type\":\"SearchAction\",\"target\":{\"@type\":\"EntryPoint\",\"urlTemplate\":\"https:\/\/www.image7.fr\/en\/?s={search_term_string}\"},\"query-input\":{\"@type\":\"PropertyValueSpecification\",\"valueRequired\":true,\"valueName\":\"search_term_string\"}}],\"inLanguage\":\"fr-FR\"}]}<\/script>\n<!-- \/ Yoast SEO plugin. -->","yoast_head_json":{"title":"La vache ! - Image Sept","robots":{"index":"index","follow":"follow","max-snippet":"max-snippet:-1","max-image-preview":"max-image-preview:large","max-video-preview":"max-video-preview:-1"},"canonical":"https:\/\/www.image7.fr\/en\/document\/document-rse-4\/","og_locale":"fr_FR","og_type":"article","og_title":"La vache ! - Image Sept","og_description":"La Premi\u00e8re Ministre Elisabeth Borne pr\u00e9sente son plan de transition \u00e9cologique visant \u00e0 aller deux fois plus vite pour baisser les \u00e9missions de GES et atteindre l\u2019objectif europ\u00e9en de neutralit\u00e9 carbone en 2050. L\u2019\u00e9quation financi\u00e8re d\u2019ici 2030 semble, pour le moins, difficile \u00e0 r\u00e9soudre : 34 milliards d\u2019Euros par an de d\u00e9penses suppl\u00e9mentaires induites et [&hellip;]","og_url":"https:\/\/www.image7.fr\/en\/document\/document-rse-4\/","og_site_name":"Image Sept","og_image":[{"url":"https:\/\/images.pexels.com\/photos\/4910769\/pexels-photo-4910769.jpeg?auto=compress&amp;cs=tinysrgb&amp;w=1260&amp;h=750&amp;dpr=1","type":"","width":"","height":""}],"twitter_misc":{"Dur\u00e9e de lecture estim\u00e9e":"2 minutes"},"schema":{"@context":"https:\/\/schema.org","@graph":[{"@type":"WebPage","@id":"https:\/\/www.image7.fr\/en\/document\/document-rse-4\/","url":"https:\/\/www.image7.fr\/en\/document\/document-rse-4\/","name":"La vache ! - Image Sept","isPartOf":{"@id":"https:\/\/www.image7.fr\/en\/#website"},"primaryImageOfPage":{"@id":"https:\/\/www.image7.fr\/en\/document\/document-rse-4\/#primaryimage"},"image":{"@id":"https:\/\/www.image7.fr\/en\/document\/document-rse-4\/#primaryimage"},"thumbnailUrl":"https:\/\/images.pexels.com\/photos\/4910769\/pexels-photo-4910769.jpeg?auto=compress&amp;cs=tinysrgb&amp;w=1260&amp;h=750&amp;dpr=1","datePublished":"2023-05-25T09:06:24+00:00","breadcrumb":{"@id":"https:\/\/www.image7.fr\/en\/document\/document-rse-4\/#breadcrumb"},"inLanguage":"fr-FR","potentialAction":[{"@type":"ReadAction","target":["https:\/\/www.image7.fr\/en\/document\/document-rse-4\/"]}]},{"@type":"ImageObject","inLanguage":"fr-FR","@id":"https:\/\/www.image7.fr\/en\/document\/document-rse-4\/#primaryimage","url":"https:\/\/images.pexels.com\/photos\/4910769\/pexels-photo-4910769.jpeg?auto=compress&amp;cs=tinysrgb&amp;w=1260&amp;h=750&amp;dpr=1","contentUrl":"https:\/\/images.pexels.com\/photos\/4910769\/pexels-photo-4910769.jpeg?auto=compress&amp;cs=tinysrgb&amp;w=1260&amp;h=750&amp;dpr=1"},{"@type":"BreadcrumbList","@id":"https:\/\/www.image7.fr\/en\/document\/document-rse-4\/#breadcrumb","itemListElement":[{"@type":"ListItem","position":1,"name":"Accueil","item":"https:\/\/www.image7.fr\/en\/"},{"@type":"ListItem","position":2,"name":"Document","item":"https:\/\/www.image7.fr\/en\/document\/"},{"@type":"ListItem","position":3,"name":"La vache !"}]},{"@type":"WebSite","@id":"https:\/\/www.image7.fr\/en\/#website","url":"https:\/\/www.image7.fr\/en\/","name":"Image Sept","description":"Un site utilisant R\u00e9seau Image 7","potentialAction":[{"@type":"SearchAction","target":{"@type":"EntryPoint","urlTemplate":"https:\/\/www.image7.fr\/en\/?s={search_term_string}"},"query-input":{"@type":"PropertyValueSpecification","valueRequired":true,"valueName":"search_term_string"}}],"inLanguage":"fr-FR"}]}},"acf":[],"_links":{"self":[{"href":"https:\/\/www.image7.fr\/en\/wp-json\/wp\/v2\/document\/694","targetHints":{"allow":["GET"]}}],"collection":[{"href":"https:\/\/www.image7.fr\/en\/wp-json\/wp\/v2\/document"}],"about":[{"href":"https:\/\/www.image7.fr\/en\/wp-json\/wp\/v2\/types\/document"}],"wp:attachment":[{"href":"https:\/\/www.image7.fr\/en\/wp-json\/wp\/v2\/media?parent=694"}],"wp:term":[{"taxonomy":"categorie_documents","embeddable":true,"href":"https:\/\/www.image7.fr\/en\/wp-json\/wp\/v2\/categorie_documents?post=694"}],"curies":[{"name":"wp","href":"https:\/\/api.w.org\/{rel}","templated":true}]}}

<p><img loading="lazy" decoding="async" class="alignleft" src="https://images.pexels.com/photos/4910769/pexels-photo-4910769.jpeg?auto=compress&amp;cs=tinysrgb&amp;w=1260&amp;h=750&amp;dpr=1" alt="Gratuit Photos gratuites de à l'intérieur, animal, bétail Photos" width="308" height="205" />La Première Ministre Elisabeth Borne présente son plan de transition écologique visant à aller deux fois plus vite pour baisser les émissions de GES et atteindre l’objectif européen de neutralité carbone en 2050. L’équation financière d’ici 2030 semble, pour le moins, difficile à résoudre : 34 milliards d’Euros par an de dépenses supplémentaires induites et tout autant de pertes de recettes fiscales sur les énergies fossiles.</p>
<p>&nbsp;</p>
<p>Simultanément, la Cour des comptes vient de publier son rapport sur les soutiens publics aux éleveurs de bovins. Le constat est clair : « le bilan de l’élevage bovin pour le climat est défavorable. […] L’élevage bovin est ainsi responsable en France de 11,8 % des émissions d’équivalents CO2, comparables à celles des bâtiments résidentiels du pays ».<br />
Au-delà de ce constat, ce qui retient l’attention, c’est la recommandation que formule la Cour des comptes pour réduire les émissions liées à l’élevage : « Cette réduction peut être aisément conciliée avec les besoins en nutrition des Français, un tiers d’entre eux consommant davantage que le plafond de 500 g par semaine de viande rouge préconisé par le plan national nutrition santé ».</p>
<p>&nbsp;</p>
<p>La Cour des comptes a pour mission principale de s&rsquo;assurer du bon emploi de l&rsquo;argent public et d&rsquo;en informer les citoyens. La lutte contre le réchauffement climatique justifie-t-elle une telle incursion dans la vie privée des citoyens ?</p>
<p>&nbsp;</p>

<!-- This site is optimized with the Yoast SEO plugin v27.1.1 - https://yoast.com/product/yoast-seo-wordpress/ -->
<title>La vache ! - Image Sept</title>
<meta name="robots" content="index, follow, max-snippet:-1, max-image-preview:large, max-video-preview:-1" />
<link rel="canonical" href="https://www.image7.fr/en/document/document-rse-4/" />
<meta property="og:locale" content="fr_FR" />
<meta property="og:type" content="article" />
<meta property="og:title" content="La vache ! - Image Sept" />
<meta property="og:description" content="La Première Ministre Elisabeth Borne présente son plan de transition écologique visant à aller deux fois plus vite pour baisser les émissions de GES et atteindre l’objectif européen de neutralité carbone en 2050. L’équation financière d’ici 2030 semble, pour le moins, difficile à résoudre : 34 milliards d’Euros par an de dépenses supplémentaires induites et [&hellip;]" />
<meta property="og:url" content="https://www.image7.fr/en/document/document-rse-4/" />
<meta property="og:site_name" content="Image Sept" />
<meta property="og:image" content="https://images.pexels.com/photos/4910769/pexels-photo-4910769.jpeg?auto=compress&amp;cs=tinysrgb&amp;w=1260&amp;h=750&amp;dpr=1" />
<meta name="twitter:label1" content="Durée de lecture estimée" />
	<meta name="twitter:data1" content="2 minutes" />
<script type="application/ld+json" class="yoast-schema-graph">{"@context":"https://schema.org","@graph":[{"@type":"WebPage","@id":"https://www.image7.fr/en/document/document-rse-4/","url":"https://www.image7.fr/en/document/document-rse-4/","name":"La vache ! - Image Sept","isPartOf":{"@id":"https://www.image7.fr/en/#website"},"primaryImageOfPage":{"@id":"https://www.image7.fr/en/document/document-rse-4/#primaryimage"},"image":{"@id":"https://www.image7.fr/en/document/document-rse-4/#primaryimage"},"thumbnailUrl":"https://images.pexels.com/photos/4910769/pexels-photo-4910769.jpeg?auto=compress&amp;cs=tinysrgb&amp;w=1260&amp;h=750&amp;dpr=1","datePublished":"2023-05-25T09:06:24+00:00","breadcrumb":{"@id":"https://www.image7.fr/en/document/document-rse-4/#breadcrumb"},"inLanguage":"fr-FR","potentialAction":[{"@type":"ReadAction","target":["https://www.image7.fr/en/document/document-rse-4/"]}]},{"@type":"ImageObject","inLanguage":"fr-FR","@id":"https://www.image7.fr/en/document/document-rse-4/#primaryimage","url":"https://images.pexels.com/photos/4910769/pexels-photo-4910769.jpeg?auto=compress&amp;cs=tinysrgb&amp;w=1260&amp;h=750&amp;dpr=1","contentUrl":"https://images.pexels.com/photos/4910769/pexels-photo-4910769.jpeg?auto=compress&amp;cs=tinysrgb&amp;w=1260&amp;h=750&amp;dpr=1"},{"@type":"BreadcrumbList","@id":"https://www.image7.fr/en/document/document-rse-4/#breadcrumb","itemListElement":[{"@type":"ListItem","position":1,"name":"Accueil","item":"https://www.image7.fr/en/"},{"@type":"ListItem","position":2,"name":"Document","item":"https://www.image7.fr/en/document/"},{"@type":"ListItem","position":3,"name":"La vache !"}]},{"@type":"WebSite","@id":"https://www.image7.fr/en/#website","url":"https://www.image7.fr/en/","name":"Image Sept","description":"Un site utilisant Réseau Image 7","potentialAction":[{"@type":"SearchAction","target":{"@type":"EntryPoint","urlTemplate":"https://www.image7.fr/en/?s={search_term_string}"},"query-input":{"@type":"PropertyValueSpecification","valueRequired":true,"valueName":"search_term_string"}}],"inLanguage":"fr-FR"}]}</script>
<!-- / Yoast SEO plugin. -->

La Première Ministre Elisabeth Borne présente son plan de transition écologique visant à aller deux fois plus vite pour baisser les émissions de GES et atteindre l’objectif européen de neutralité carbone en 2050. L’équation financière d’ici 2030 semble, pour le moins, difficile à résoudre : 34 milliards d’Euros par an de dépenses supplémentaires induites et [&hellip;]

Un site utilisant Réseau Image 7
