{"id":697,"date":"2022-12-16T10:21:13","date_gmt":"2022-12-16T09:21:13","guid":{"rendered":"https:\/\/www.image7.fr\/?post_type=document&amp;p=697"},"modified":"2022-12-16T10:21:13","modified_gmt":"2022-12-16T09:21:13","slug":"donec-elit-tellus-efficitur-vel-elit-vel-aliquam","status":"publish","type":"document","link":"https:\/\/www.image7.fr\/en\/document\/donec-elit-tellus-efficitur-vel-elit-vel-aliquam\/","title":{"rendered":"P\u00e9nurie"},"content":{"rendered":"<p>CAHIER DE TENDANCE #118 | 16 D\u00c9CEMBRE 2022<\/p>\n<p><img loading=\"lazy\" decoding=\"async\" class=\"alignleft\" src=\"https:\/\/images.pexels.com\/photos\/4058699\/pexels-photo-4058699.jpeg?auto=compress&amp;cs=tinysrgb&amp;w=1260&amp;h=750&amp;dpr=1\" alt=\"Gratuit Photos gratuites de \u00e0 la maison, affam\u00e9, appartement Photos\" width=\"310\" height=\"465\" \/>Apr\u00e8s le mot sobri\u00e9t\u00e9, on a vu poindre cette semaine le mot de \u00ab p\u00e9nurie \u00bb mais dans des sens et pour des domaines extr\u00eamement vari\u00e9s.<\/p>\n<p>&nbsp;<\/p>\n<p>P\u00e9nurie de main d\u2019\u0153uvre. Comment expliquer l\u2019ampleur du ph\u00e9nom\u00e8ne ? Environ six \u00e0 sept entreprises sur dix se plaignent de cette situation, comme le soulignait r\u00e9cemment une \u00e9mission de BFM Business : \u00ab c\u2019est notre probl\u00e8me num\u00e9ro un \u00bb. Et de citer des DRH qui disent \u00ab il y a dix ans, nous croulions sous les CV et cela est devenu une denr\u00e9e rare aujourd\u2019hui \u00bb. Hypoth\u00e8se d\u2019un des invit\u00e9s : depuis le Covid, les gens veulent non seulement changer de travail mais aussi de lieu de vie. A cela s\u2019ajouterait l\u2019exigence d\u2019\u00eatre majoritairement en t\u00e9l\u00e9travail. Nous serions donc dans une p\u00e9riode de transition. L\u2019explication est audible puisqu\u2019il ne s\u2019agit pas d\u2019un ph\u00e9nom\u00e8ne seulement franco-fran\u00e7ais. Elle montre, en outre, que l\u2019on n\u2019a pas fini d\u2019enregistrer les secousses telluriques provoqu\u00e9es par la pand\u00e9mie.<\/p>\n<p>&nbsp;<\/p>\n<p>P\u00e9nurie d\u2019arguments. Il est loin le temps o\u00f9 les \u00e9cologistes pouvaient proposer aux jeunes g\u00e9n\u00e9rations les autocollants et les badges o\u00f9 figuraient le slogan d\u2019Outre-Rhin : \u00ab Atomkraft ? Nein, danke ! \u00bb. C&rsquo;est une premi\u00e8re mondiale : Une fusion nucl\u00e9aire a \u00e9t\u00e9 r\u00e9alis\u00e9e en laboratoire. Le gouvernement am\u00e9ricain a pu annoncer, mardi, une \u00ab perc\u00e9e scientifique majeure \u00bb. La fusion est, en effet, consid\u00e9r\u00e9e comme une future alternative possible aux centrales actuelles : elle pourrait un jour r\u00e9volutionner la production d&rsquo;\u00e9nergie sur Terre. Elle pr\u00e9sente de nombreux avantages par rapport \u00e0 la fission puisqu\u2019elle ne comporte aucun risque d&rsquo;accident nucl\u00e9aire et produit moins de d\u00e9chets radioactifs. Surtout, surtout, par rapport aux centrales \u00e0 charbon ou \u00e0 gaz, elle ne g\u00e9n\u00e8re aucun gaz \u00e0 effet de serre. Le chemin reste toutefois long avant que cette solution ne soit viable \u00e0 l&rsquo;\u00e9chelle industrielle et commerciale mais elle tend \u00e0 d\u00e9montrer une nouvelle fois que la solution au d\u00e9fi climatique se trouve bien dans l\u2019innovation et non dans la r\u00e9gression.<\/p>\n<p>&nbsp;<\/p>\n<p>P\u00e9nurie de soins. La p\u00e9nurie de soignants est g\u00e9n\u00e9ralis\u00e9e, \u00e9tendue au monde entier. L\u2019OMS nous alerte : il manquera 15 millions de professionnels de la sant\u00e9 d\u2019ici \u00e0 2030. Si les pays \u00e0 revenu faible sont particuli\u00e8rement touch\u00e9s, tous les pays, quel que soit leur niveau de d\u00e9veloppement, sont confront\u00e9s \u00e0 des difficult\u00e9s en mati\u00e8re de formation, de recrutement et de r\u00e9partition de leur main-d\u2019\u0153uvre. Mais cette p\u00e9nurie a pris en France un caract\u00e8re critique apr\u00e8s pr\u00e8s d\u2019un demi-si\u00e8cle de \u00ab numerus clausus \u00bb remplac\u00e9 derni\u00e8rement par le \u00ab numerus apertus \u00bb cens\u00e9 mieux coller aux r\u00e9alit\u00e9s du terrain mais&#8230; suivi par les ARS et donc, gripp\u00e9. Ces derniers jours, la France s\u2019est refroidie, comme \u00e0 chaque fois, en d\u00e9cembre et les malades se sont aper\u00e7us que la notion de \u00ab d\u00e9sert m\u00e9dical \u00bb n\u2019\u00e9tait pas seulement le triste privil\u00e8ge d\u2019une France p\u00e9riph\u00e9rique. Sans parler, bien entendu, de la p\u00e9nurie des produits de base de la pharmacop\u00e9e familiale. Au moment o\u00f9 le budget de la D\u00e9fense entre en discussion, nos compatriotes ont donc fait connaissance avec le g\u00e9n\u00e9ral Hiver.<\/p>\n<p>&nbsp;<\/p>\n","protected":false},"featured_media":0,"menu_order":8,"template":"","meta":{"_acf_changed":false},"categorie_documents":[37],"class_list":["post-697","document","type-document","status-publish","hentry","categorie_documents-cahier-de-tendances"],"yoast_head":"<!-- This site is optimized with the Yoast SEO plugin v27.1.1 - https:\/\/yoast.com\/product\/yoast-seo-wordpress\/ -->\n<title>P\u00e9nurie - Image Sept<\/title>\n<meta name=\"robots\" content=\"index, follow, max-snippet:-1, max-image-preview:large, max-video-preview:-1\" \/>\n<link rel=\"canonical\" href=\"https:\/\/www.image7.fr\/en\/document\/donec-elit-tellus-efficitur-vel-elit-vel-aliquam\/\" \/>\n<meta property=\"og:locale\" content=\"fr_FR\" \/>\n<meta property=\"og:type\" content=\"article\" \/>\n<meta property=\"og:title\" content=\"P\u00e9nurie - Image Sept\" \/>\n<meta property=\"og:description\" content=\"CAHIER DE TENDANCE #118 | 16 D\u00c9CEMBRE 2022 Apr\u00e8s le mot sobri\u00e9t\u00e9, on a vu poindre cette semaine le mot de \u00ab p\u00e9nurie \u00bb mais dans des sens et pour des domaines extr\u00eamement vari\u00e9s. &nbsp; P\u00e9nurie de main d\u2019\u0153uvre. Comment expliquer l\u2019ampleur du ph\u00e9nom\u00e8ne ? Environ six \u00e0 sept entreprises sur dix se plaignent de [&hellip;]\" \/>\n<meta property=\"og:url\" content=\"https:\/\/www.image7.fr\/en\/document\/donec-elit-tellus-efficitur-vel-elit-vel-aliquam\/\" \/>\n<meta property=\"og:site_name\" content=\"Image Sept\" \/>\n<meta property=\"og:image\" content=\"https:\/\/images.pexels.com\/photos\/4058699\/pexels-photo-4058699.jpeg?auto=compress&amp;cs=tinysrgb&amp;w=1260&amp;h=750&amp;dpr=1\" \/>\n<meta name=\"twitter:label1\" content=\"Dur\u00e9e de lecture estim\u00e9e\" \/>\n\t<meta name=\"twitter:data1\" content=\"3 minutes\" \/>\n<script type=\"application\/ld+json\" class=\"yoast-schema-graph\">{\"@context\":\"https:\/\/schema.org\",\"@graph\":[{\"@type\":\"WebPage\",\"@id\":\"https:\/\/www.image7.fr\/en\/document\/donec-elit-tellus-efficitur-vel-elit-vel-aliquam\/\",\"url\":\"https:\/\/www.image7.fr\/en\/document\/donec-elit-tellus-efficitur-vel-elit-vel-aliquam\/\",\"name\":\"P\u00e9nurie - Image Sept\",\"isPartOf\":{\"@id\":\"https:\/\/www.image7.fr\/en\/#website\"},\"primaryImageOfPage\":{\"@id\":\"https:\/\/www.image7.fr\/en\/document\/donec-elit-tellus-efficitur-vel-elit-vel-aliquam\/#primaryimage\"},\"image\":{\"@id\":\"https:\/\/www.image7.fr\/en\/document\/donec-elit-tellus-efficitur-vel-elit-vel-aliquam\/#primaryimage\"},\"thumbnailUrl\":\"https:\/\/images.pexels.com\/photos\/4058699\/pexels-photo-4058699.jpeg?auto=compress&amp;cs=tinysrgb&amp;w=1260&amp;h=750&amp;dpr=1\",\"datePublished\":\"2022-12-16T09:21:13+00:00\",\"breadcrumb\":{\"@id\":\"https:\/\/www.image7.fr\/en\/document\/donec-elit-tellus-efficitur-vel-elit-vel-aliquam\/#breadcrumb\"},\"inLanguage\":\"fr-FR\",\"potentialAction\":[{\"@type\":\"ReadAction\",\"target\":[\"https:\/\/www.image7.fr\/en\/document\/donec-elit-tellus-efficitur-vel-elit-vel-aliquam\/\"]}]},{\"@type\":\"ImageObject\",\"inLanguage\":\"fr-FR\",\"@id\":\"https:\/\/www.image7.fr\/en\/document\/donec-elit-tellus-efficitur-vel-elit-vel-aliquam\/#primaryimage\",\"url\":\"https:\/\/images.pexels.com\/photos\/4058699\/pexels-photo-4058699.jpeg?auto=compress&amp;cs=tinysrgb&amp;w=1260&amp;h=750&amp;dpr=1\",\"contentUrl\":\"https:\/\/images.pexels.com\/photos\/4058699\/pexels-photo-4058699.jpeg?auto=compress&amp;cs=tinysrgb&amp;w=1260&amp;h=750&amp;dpr=1\"},{\"@type\":\"BreadcrumbList\",\"@id\":\"https:\/\/www.image7.fr\/en\/document\/donec-elit-tellus-efficitur-vel-elit-vel-aliquam\/#breadcrumb\",\"itemListElement\":[{\"@type\":\"ListItem\",\"position\":1,\"name\":\"Accueil\",\"item\":\"https:\/\/www.image7.fr\/en\/\"},{\"@type\":\"ListItem\",\"position\":2,\"name\":\"Document\",\"item\":\"https:\/\/www.image7.fr\/en\/document\/\"},{\"@type\":\"ListItem\",\"position\":3,\"name\":\"P\u00e9nurie\"}]},{\"@type\":\"WebSite\",\"@id\":\"https:\/\/www.image7.fr\/en\/#website\",\"url\":\"https:\/\/www.image7.fr\/en\/\",\"name\":\"Image Sept\",\"description\":\"Un site utilisant R\u00e9seau Image 7\",\"potentialAction\":[{\"@type\":\"SearchAction\",\"target\":{\"@type\":\"EntryPoint\",\"urlTemplate\":\"https:\/\/www.image7.fr\/en\/?s={search_term_string}\"},\"query-input\":{\"@type\":\"PropertyValueSpecification\",\"valueRequired\":true,\"valueName\":\"search_term_string\"}}],\"inLanguage\":\"fr-FR\"}]}<\/script>\n<!-- \/ Yoast SEO plugin. -->","yoast_head_json":{"title":"P\u00e9nurie - Image Sept","robots":{"index":"index","follow":"follow","max-snippet":"max-snippet:-1","max-image-preview":"max-image-preview:large","max-video-preview":"max-video-preview:-1"},"canonical":"https:\/\/www.image7.fr\/en\/document\/donec-elit-tellus-efficitur-vel-elit-vel-aliquam\/","og_locale":"fr_FR","og_type":"article","og_title":"P\u00e9nurie - Image Sept","og_description":"CAHIER DE TENDANCE #118 | 16 D\u00c9CEMBRE 2022 Apr\u00e8s le mot sobri\u00e9t\u00e9, on a vu poindre cette semaine le mot de \u00ab p\u00e9nurie \u00bb mais dans des sens et pour des domaines extr\u00eamement vari\u00e9s. &nbsp; P\u00e9nurie de main d\u2019\u0153uvre. Comment expliquer l\u2019ampleur du ph\u00e9nom\u00e8ne ? Environ six \u00e0 sept entreprises sur dix se plaignent de [&hellip;]","og_url":"https:\/\/www.image7.fr\/en\/document\/donec-elit-tellus-efficitur-vel-elit-vel-aliquam\/","og_site_name":"Image Sept","og_image":[{"url":"https:\/\/images.pexels.com\/photos\/4058699\/pexels-photo-4058699.jpeg?auto=compress&amp;cs=tinysrgb&amp;w=1260&amp;h=750&amp;dpr=1","type":"","width":"","height":""}],"twitter_misc":{"Dur\u00e9e de lecture estim\u00e9e":"3 minutes"},"schema":{"@context":"https:\/\/schema.org","@graph":[{"@type":"WebPage","@id":"https:\/\/www.image7.fr\/en\/document\/donec-elit-tellus-efficitur-vel-elit-vel-aliquam\/","url":"https:\/\/www.image7.fr\/en\/document\/donec-elit-tellus-efficitur-vel-elit-vel-aliquam\/","name":"P\u00e9nurie - Image Sept","isPartOf":{"@id":"https:\/\/www.image7.fr\/en\/#website"},"primaryImageOfPage":{"@id":"https:\/\/www.image7.fr\/en\/document\/donec-elit-tellus-efficitur-vel-elit-vel-aliquam\/#primaryimage"},"image":{"@id":"https:\/\/www.image7.fr\/en\/document\/donec-elit-tellus-efficitur-vel-elit-vel-aliquam\/#primaryimage"},"thumbnailUrl":"https:\/\/images.pexels.com\/photos\/4058699\/pexels-photo-4058699.jpeg?auto=compress&amp;cs=tinysrgb&amp;w=1260&amp;h=750&amp;dpr=1","datePublished":"2022-12-16T09:21:13+00:00","breadcrumb":{"@id":"https:\/\/www.image7.fr\/en\/document\/donec-elit-tellus-efficitur-vel-elit-vel-aliquam\/#breadcrumb"},"inLanguage":"fr-FR","potentialAction":[{"@type":"ReadAction","target":["https:\/\/www.image7.fr\/en\/document\/donec-elit-tellus-efficitur-vel-elit-vel-aliquam\/"]}]},{"@type":"ImageObject","inLanguage":"fr-FR","@id":"https:\/\/www.image7.fr\/en\/document\/donec-elit-tellus-efficitur-vel-elit-vel-aliquam\/#primaryimage","url":"https:\/\/images.pexels.com\/photos\/4058699\/pexels-photo-4058699.jpeg?auto=compress&amp;cs=tinysrgb&amp;w=1260&amp;h=750&amp;dpr=1","contentUrl":"https:\/\/images.pexels.com\/photos\/4058699\/pexels-photo-4058699.jpeg?auto=compress&amp;cs=tinysrgb&amp;w=1260&amp;h=750&amp;dpr=1"},{"@type":"BreadcrumbList","@id":"https:\/\/www.image7.fr\/en\/document\/donec-elit-tellus-efficitur-vel-elit-vel-aliquam\/#breadcrumb","itemListElement":[{"@type":"ListItem","position":1,"name":"Accueil","item":"https:\/\/www.image7.fr\/en\/"},{"@type":"ListItem","position":2,"name":"Document","item":"https:\/\/www.image7.fr\/en\/document\/"},{"@type":"ListItem","position":3,"name":"P\u00e9nurie"}]},{"@type":"WebSite","@id":"https:\/\/www.image7.fr\/en\/#website","url":"https:\/\/www.image7.fr\/en\/","name":"Image Sept","description":"Un site utilisant R\u00e9seau Image 7","potentialAction":[{"@type":"SearchAction","target":{"@type":"EntryPoint","urlTemplate":"https:\/\/www.image7.fr\/en\/?s={search_term_string}"},"query-input":{"@type":"PropertyValueSpecification","valueRequired":true,"valueName":"search_term_string"}}],"inLanguage":"fr-FR"}]}},"acf":[],"_links":{"self":[{"href":"https:\/\/www.image7.fr\/en\/wp-json\/wp\/v2\/document\/697","targetHints":{"allow":["GET"]}}],"collection":[{"href":"https:\/\/www.image7.fr\/en\/wp-json\/wp\/v2\/document"}],"about":[{"href":"https:\/\/www.image7.fr\/en\/wp-json\/wp\/v2\/types\/document"}],"wp:attachment":[{"href":"https:\/\/www.image7.fr\/en\/wp-json\/wp\/v2\/media?parent=697"}],"wp:term":[{"taxonomy":"categorie_documents","embeddable":true,"href":"https:\/\/www.image7.fr\/en\/wp-json\/wp\/v2\/categorie_documents?post=697"}],"curies":[{"name":"wp","href":"https:\/\/api.w.org\/{rel}","templated":true}]}}

Pénurie

<p>CAHIER DE TENDANCE #118 | 16 DÉCEMBRE 2022</p>
<p><img loading="lazy" decoding="async" class="alignleft" src="https://images.pexels.com/photos/4058699/pexels-photo-4058699.jpeg?auto=compress&amp;cs=tinysrgb&amp;w=1260&amp;h=750&amp;dpr=1" alt="Gratuit Photos gratuites de à la maison, affamé, appartement Photos" width="310" height="465" />Après le mot sobriété, on a vu poindre cette semaine le mot de « pénurie » mais dans des sens et pour des domaines extrêmement variés.</p>
<p>&nbsp;</p>
<p>Pénurie de main d’œuvre. Comment expliquer l’ampleur du phénomène ? Environ six à sept entreprises sur dix se plaignent de cette situation, comme le soulignait récemment une émission de BFM Business : « c’est notre problème numéro un ». Et de citer des DRH qui disent « il y a dix ans, nous croulions sous les CV et cela est devenu une denrée rare aujourd’hui ». Hypothèse d’un des invités : depuis le Covid, les gens veulent non seulement changer de travail mais aussi de lieu de vie. A cela s’ajouterait l’exigence d’être majoritairement en télétravail. Nous serions donc dans une période de transition. L’explication est audible puisqu’il ne s’agit pas d’un phénomène seulement franco-français. Elle montre, en outre, que l’on n’a pas fini d’enregistrer les secousses telluriques provoquées par la pandémie.</p>
<p>&nbsp;</p>
<p>Pénurie d’arguments. Il est loin le temps où les écologistes pouvaient proposer aux jeunes générations les autocollants et les badges où figuraient le slogan d’Outre-Rhin : « Atomkraft ? Nein, danke ! ». C&rsquo;est une première mondiale : Une fusion nucléaire a été réalisée en laboratoire. Le gouvernement américain a pu annoncer, mardi, une « percée scientifique majeure ». La fusion est, en effet, considérée comme une future alternative possible aux centrales actuelles : elle pourrait un jour révolutionner la production d&rsquo;énergie sur Terre. Elle présente de nombreux avantages par rapport à la fission puisqu’elle ne comporte aucun risque d&rsquo;accident nucléaire et produit moins de déchets radioactifs. Surtout, surtout, par rapport aux centrales à charbon ou à gaz, elle ne génère aucun gaz à effet de serre. Le chemin reste toutefois long avant que cette solution ne soit viable à l&rsquo;échelle industrielle et commerciale mais elle tend à démontrer une nouvelle fois que la solution au défi climatique se trouve bien dans l’innovation et non dans la régression.</p>
<p>&nbsp;</p>
<p>Pénurie de soins. La pénurie de soignants est généralisée, étendue au monde entier. L’OMS nous alerte : il manquera 15 millions de professionnels de la santé d’ici à 2030. Si les pays à revenu faible sont particulièrement touchés, tous les pays, quel que soit leur niveau de développement, sont confrontés à des difficultés en matière de formation, de recrutement et de répartition de leur main-d’œuvre. Mais cette pénurie a pris en France un caractère critique après près d’un demi-siècle de « numerus clausus » remplacé dernièrement par le « numerus apertus » censé mieux coller aux réalités du terrain mais&#8230; suivi par les ARS et donc, grippé. Ces derniers jours, la France s’est refroidie, comme à chaque fois, en décembre et les malades se sont aperçus que la notion de « désert médical » n’était pas seulement le triste privilège d’une France périphérique. Sans parler, bien entendu, de la pénurie des produits de base de la pharmacopée familiale. Au moment où le budget de la Défense entre en discussion, nos compatriotes ont donc fait connaissance avec le général Hiver.</p>
<p>&nbsp;</p>

<!-- This site is optimized with the Yoast SEO plugin v27.1.1 - https://yoast.com/product/yoast-seo-wordpress/ -->
<title>Pénurie - Image Sept</title>
<meta name="robots" content="index, follow, max-snippet:-1, max-image-preview:large, max-video-preview:-1" />
<link rel="canonical" href="https://www.image7.fr/en/document/donec-elit-tellus-efficitur-vel-elit-vel-aliquam/" />
<meta property="og:locale" content="fr_FR" />
<meta property="og:type" content="article" />
<meta property="og:title" content="Pénurie - Image Sept" />
<meta property="og:description" content="CAHIER DE TENDANCE #118 | 16 DÉCEMBRE 2022 Après le mot sobriété, on a vu poindre cette semaine le mot de « pénurie » mais dans des sens et pour des domaines extrêmement variés. &nbsp; Pénurie de main d’œuvre. Comment expliquer l’ampleur du phénomène ? Environ six à sept entreprises sur dix se plaignent de [&hellip;]" />
<meta property="og:url" content="https://www.image7.fr/en/document/donec-elit-tellus-efficitur-vel-elit-vel-aliquam/" />
<meta property="og:site_name" content="Image Sept" />
<meta property="og:image" content="https://images.pexels.com/photos/4058699/pexels-photo-4058699.jpeg?auto=compress&amp;cs=tinysrgb&amp;w=1260&amp;h=750&amp;dpr=1" />
<meta name="twitter:label1" content="Durée de lecture estimée" />
	<meta name="twitter:data1" content="3 minutes" />
<script type="application/ld+json" class="yoast-schema-graph">{"@context":"https://schema.org","@graph":[{"@type":"WebPage","@id":"https://www.image7.fr/en/document/donec-elit-tellus-efficitur-vel-elit-vel-aliquam/","url":"https://www.image7.fr/en/document/donec-elit-tellus-efficitur-vel-elit-vel-aliquam/","name":"Pénurie - Image Sept","isPartOf":{"@id":"https://www.image7.fr/en/#website"},"primaryImageOfPage":{"@id":"https://www.image7.fr/en/document/donec-elit-tellus-efficitur-vel-elit-vel-aliquam/#primaryimage"},"image":{"@id":"https://www.image7.fr/en/document/donec-elit-tellus-efficitur-vel-elit-vel-aliquam/#primaryimage"},"thumbnailUrl":"https://images.pexels.com/photos/4058699/pexels-photo-4058699.jpeg?auto=compress&amp;cs=tinysrgb&amp;w=1260&amp;h=750&amp;dpr=1","datePublished":"2022-12-16T09:21:13+00:00","breadcrumb":{"@id":"https://www.image7.fr/en/document/donec-elit-tellus-efficitur-vel-elit-vel-aliquam/#breadcrumb"},"inLanguage":"fr-FR","potentialAction":[{"@type":"ReadAction","target":["https://www.image7.fr/en/document/donec-elit-tellus-efficitur-vel-elit-vel-aliquam/"]}]},{"@type":"ImageObject","inLanguage":"fr-FR","@id":"https://www.image7.fr/en/document/donec-elit-tellus-efficitur-vel-elit-vel-aliquam/#primaryimage","url":"https://images.pexels.com/photos/4058699/pexels-photo-4058699.jpeg?auto=compress&amp;cs=tinysrgb&amp;w=1260&amp;h=750&amp;dpr=1","contentUrl":"https://images.pexels.com/photos/4058699/pexels-photo-4058699.jpeg?auto=compress&amp;cs=tinysrgb&amp;w=1260&amp;h=750&amp;dpr=1"},{"@type":"BreadcrumbList","@id":"https://www.image7.fr/en/document/donec-elit-tellus-efficitur-vel-elit-vel-aliquam/#breadcrumb","itemListElement":[{"@type":"ListItem","position":1,"name":"Accueil","item":"https://www.image7.fr/en/"},{"@type":"ListItem","position":2,"name":"Document","item":"https://www.image7.fr/en/document/"},{"@type":"ListItem","position":3,"name":"Pénurie"}]},{"@type":"WebSite","@id":"https://www.image7.fr/en/#website","url":"https://www.image7.fr/en/","name":"Image Sept","description":"Un site utilisant Réseau Image 7","potentialAction":[{"@type":"SearchAction","target":{"@type":"EntryPoint","urlTemplate":"https://www.image7.fr/en/?s={search_term_string}"},"query-input":{"@type":"PropertyValueSpecification","valueRequired":true,"valueName":"search_term_string"}}],"inLanguage":"fr-FR"}]}</script>
<!-- / Yoast SEO plugin. -->

Pénurie - Image Sept

CAHIER DE TENDANCE #118 | 16 DÉCEMBRE 2022 Après le mot sobriété, on a vu poindre cette semaine le mot de « pénurie » mais dans des sens et pour des domaines extrêmement variés. &nbsp; Pénurie de main d’œuvre. Comment expliquer l’ampleur du phénomène ? Environ six à sept entreprises sur dix se plaignent de [&hellip;]

Un site utilisant Réseau Image 7
