{"id":698,"date":"2023-05-31T11:27:50","date_gmt":"2023-05-31T10:27:50","guid":{"rendered":"https:\/\/www.image7.fr\/?post_type=document&amp;p=698"},"modified":"2023-05-31T11:27:50","modified_gmt":"2023-05-31T10:27:50","slug":"in-ultricies-justo-lectus-nec-rse-5","status":"publish","type":"document","link":"https:\/\/www.image7.fr\/en\/document\/in-ultricies-justo-lectus-nec-rse-5\/","title":{"rendered":"De l\u2019information \u00e0 l\u2019action"},"content":{"rendered":"<p><img loading=\"lazy\" decoding=\"async\" class=\"alignleft\" src=\"https:\/\/images.pexels.com\/photos\/8106773\/pexels-photo-8106773.jpeg?auto=compress&amp;cs=tinysrgb&amp;w=1260&amp;h=750&amp;dpr=1\" alt=\"Gratuit Photos gratuites de activisme, activistes, changement climatique Photos\" width=\"311\" height=\"207\" \/>Pendant que les politiques oscillent entre \u00ab aller jusqu\u2019au bout \u00bb du Pacte vert de l\u2019Union Europ\u00e9enne (Elisabeth Borne) et \u00ab faire une pause \u00bb dans la r\u00e9glementation climat (Emmanuel Macron), ce sont les individus qui doivent faire leurs choix.<\/p>\n<p>&nbsp;<\/p>\n<p>Cette semaine, la saison des Assembl\u00e9es G\u00e9n\u00e9rales a connu son point d\u2019orgue avec celle de TotalEnergies qui a v\u00e9cu son moment, anticip\u00e9, de protestations activistes contre son d\u00e9veloppement des \u00e9nergies fossiles. Pendant ce temps, les actionnaires ont \u00e9galement \u00e9t\u00e9 inform\u00e9s de la strat\u00e9gie climat du groupe. Quel r\u00e9sultat ? Un vote \u00e0 89% en sa faveur.<\/p>\n<p>&nbsp;<\/p>\n<p>Un sondage Odoxa pour France Active et le r\u00e9seau Entreprendre montre que les Fran\u00e7ais sont de plus en plus attentifs \u00e0 la provenance de leurs achats pour des raisons environnementales ou sociales : ils sont 77% soit 7 points de plus qu\u2019en 2018.<\/p>\n<p>&nbsp;<\/p>\n<p>Enfin, Le Monde pointe le succ\u00e8s de la Fresque du climat, cet atelier de sensibilisation aux m\u00e9canismes du changement climatique auquel 1 million de personnes en France ont d\u00e9j\u00e0 particip\u00e9 depuis 2015. Au-del\u00e0 de l\u2019information, l\u2019article note le succ\u00e8s en demi-teinte de l\u2019initiative qui peine \u00e0 transformer les comportements par l\u2019action individuelle.<\/p>\n","protected":false},"featured_media":0,"menu_order":7,"template":"","meta":{"_acf_changed":false},"categorie_documents":[38],"class_list":["post-698","document","type-document","status-publish","hentry","categorie_documents-syntheses-rse"],"yoast_head":"<!-- This site is optimized with the Yoast SEO plugin v27.1.1 - https:\/\/yoast.com\/product\/yoast-seo-wordpress\/ -->\n<title>De l\u2019information \u00e0 l\u2019action - Image Sept<\/title>\n<meta name=\"robots\" content=\"index, follow, max-snippet:-1, max-image-preview:large, max-video-preview:-1\" \/>\n<link rel=\"canonical\" href=\"https:\/\/www.image7.fr\/en\/document\/in-ultricies-justo-lectus-nec-rse-5\/\" \/>\n<meta property=\"og:locale\" content=\"fr_FR\" \/>\n<meta property=\"og:type\" content=\"article\" \/>\n<meta property=\"og:title\" content=\"De l\u2019information \u00e0 l\u2019action - Image Sept\" \/>\n<meta property=\"og:description\" content=\"Pendant que les politiques oscillent entre \u00ab aller jusqu\u2019au bout \u00bb du Pacte vert de l\u2019Union Europ\u00e9enne (Elisabeth Borne) et \u00ab faire une pause \u00bb dans la r\u00e9glementation climat (Emmanuel Macron), ce sont les individus qui doivent faire leurs choix. &nbsp; Cette semaine, la saison des Assembl\u00e9es G\u00e9n\u00e9rales a connu son point d\u2019orgue avec celle [&hellip;]\" \/>\n<meta property=\"og:url\" content=\"https:\/\/www.image7.fr\/en\/document\/in-ultricies-justo-lectus-nec-rse-5\/\" \/>\n<meta property=\"og:site_name\" content=\"Image Sept\" \/>\n<meta property=\"og:image\" content=\"https:\/\/images.pexels.com\/photos\/8106773\/pexels-photo-8106773.jpeg?auto=compress&amp;cs=tinysrgb&amp;w=1260&amp;h=750&amp;dpr=1\" \/>\n<meta name=\"twitter:label1\" content=\"Dur\u00e9e de lecture estim\u00e9e\" \/>\n\t<meta name=\"twitter:data1\" content=\"2 minutes\" \/>\n<script type=\"application\/ld+json\" class=\"yoast-schema-graph\">{\"@context\":\"https:\/\/schema.org\",\"@graph\":[{\"@type\":\"WebPage\",\"@id\":\"https:\/\/www.image7.fr\/en\/document\/in-ultricies-justo-lectus-nec-rse-5\/\",\"url\":\"https:\/\/www.image7.fr\/en\/document\/in-ultricies-justo-lectus-nec-rse-5\/\",\"name\":\"De l\u2019information \u00e0 l\u2019action - Image Sept\",\"isPartOf\":{\"@id\":\"https:\/\/www.image7.fr\/en\/#website\"},\"primaryImageOfPage\":{\"@id\":\"https:\/\/www.image7.fr\/en\/document\/in-ultricies-justo-lectus-nec-rse-5\/#primaryimage\"},\"image\":{\"@id\":\"https:\/\/www.image7.fr\/en\/document\/in-ultricies-justo-lectus-nec-rse-5\/#primaryimage\"},\"thumbnailUrl\":\"https:\/\/images.pexels.com\/photos\/8106773\/pexels-photo-8106773.jpeg?auto=compress&amp;cs=tinysrgb&amp;w=1260&amp;h=750&amp;dpr=1\",\"datePublished\":\"2023-05-31T10:27:50+00:00\",\"breadcrumb\":{\"@id\":\"https:\/\/www.image7.fr\/en\/document\/in-ultricies-justo-lectus-nec-rse-5\/#breadcrumb\"},\"inLanguage\":\"fr-FR\",\"potentialAction\":[{\"@type\":\"ReadAction\",\"target\":[\"https:\/\/www.image7.fr\/en\/document\/in-ultricies-justo-lectus-nec-rse-5\/\"]}]},{\"@type\":\"ImageObject\",\"inLanguage\":\"fr-FR\",\"@id\":\"https:\/\/www.image7.fr\/en\/document\/in-ultricies-justo-lectus-nec-rse-5\/#primaryimage\",\"url\":\"https:\/\/images.pexels.com\/photos\/8106773\/pexels-photo-8106773.jpeg?auto=compress&amp;cs=tinysrgb&amp;w=1260&amp;h=750&amp;dpr=1\",\"contentUrl\":\"https:\/\/images.pexels.com\/photos\/8106773\/pexels-photo-8106773.jpeg?auto=compress&amp;cs=tinysrgb&amp;w=1260&amp;h=750&amp;dpr=1\"},{\"@type\":\"BreadcrumbList\",\"@id\":\"https:\/\/www.image7.fr\/en\/document\/in-ultricies-justo-lectus-nec-rse-5\/#breadcrumb\",\"itemListElement\":[{\"@type\":\"ListItem\",\"position\":1,\"name\":\"Accueil\",\"item\":\"https:\/\/www.image7.fr\/en\/\"},{\"@type\":\"ListItem\",\"position\":2,\"name\":\"Document\",\"item\":\"https:\/\/www.image7.fr\/en\/document\/\"},{\"@type\":\"ListItem\",\"position\":3,\"name\":\"De l\u2019information \u00e0 l\u2019action\"}]},{\"@type\":\"WebSite\",\"@id\":\"https:\/\/www.image7.fr\/en\/#website\",\"url\":\"https:\/\/www.image7.fr\/en\/\",\"name\":\"Image Sept\",\"description\":\"Un site utilisant R\u00e9seau Image 7\",\"potentialAction\":[{\"@type\":\"SearchAction\",\"target\":{\"@type\":\"EntryPoint\",\"urlTemplate\":\"https:\/\/www.image7.fr\/en\/?s={search_term_string}\"},\"query-input\":{\"@type\":\"PropertyValueSpecification\",\"valueRequired\":true,\"valueName\":\"search_term_string\"}}],\"inLanguage\":\"fr-FR\"}]}<\/script>\n<!-- \/ Yoast SEO plugin. -->","yoast_head_json":{"title":"De l\u2019information \u00e0 l\u2019action - Image Sept","robots":{"index":"index","follow":"follow","max-snippet":"max-snippet:-1","max-image-preview":"max-image-preview:large","max-video-preview":"max-video-preview:-1"},"canonical":"https:\/\/www.image7.fr\/en\/document\/in-ultricies-justo-lectus-nec-rse-5\/","og_locale":"fr_FR","og_type":"article","og_title":"De l\u2019information \u00e0 l\u2019action - Image Sept","og_description":"Pendant que les politiques oscillent entre \u00ab aller jusqu\u2019au bout \u00bb du Pacte vert de l\u2019Union Europ\u00e9enne (Elisabeth Borne) et \u00ab faire une pause \u00bb dans la r\u00e9glementation climat (Emmanuel Macron), ce sont les individus qui doivent faire leurs choix. &nbsp; Cette semaine, la saison des Assembl\u00e9es G\u00e9n\u00e9rales a connu son point d\u2019orgue avec celle [&hellip;]","og_url":"https:\/\/www.image7.fr\/en\/document\/in-ultricies-justo-lectus-nec-rse-5\/","og_site_name":"Image Sept","og_image":[{"url":"https:\/\/images.pexels.com\/photos\/8106773\/pexels-photo-8106773.jpeg?auto=compress&amp;cs=tinysrgb&amp;w=1260&amp;h=750&amp;dpr=1","type":"","width":"","height":""}],"twitter_misc":{"Dur\u00e9e de lecture estim\u00e9e":"2 minutes"},"schema":{"@context":"https:\/\/schema.org","@graph":[{"@type":"WebPage","@id":"https:\/\/www.image7.fr\/en\/document\/in-ultricies-justo-lectus-nec-rse-5\/","url":"https:\/\/www.image7.fr\/en\/document\/in-ultricies-justo-lectus-nec-rse-5\/","name":"De l\u2019information \u00e0 l\u2019action - Image Sept","isPartOf":{"@id":"https:\/\/www.image7.fr\/en\/#website"},"primaryImageOfPage":{"@id":"https:\/\/www.image7.fr\/en\/document\/in-ultricies-justo-lectus-nec-rse-5\/#primaryimage"},"image":{"@id":"https:\/\/www.image7.fr\/en\/document\/in-ultricies-justo-lectus-nec-rse-5\/#primaryimage"},"thumbnailUrl":"https:\/\/images.pexels.com\/photos\/8106773\/pexels-photo-8106773.jpeg?auto=compress&amp;cs=tinysrgb&amp;w=1260&amp;h=750&amp;dpr=1","datePublished":"2023-05-31T10:27:50+00:00","breadcrumb":{"@id":"https:\/\/www.image7.fr\/en\/document\/in-ultricies-justo-lectus-nec-rse-5\/#breadcrumb"},"inLanguage":"fr-FR","potentialAction":[{"@type":"ReadAction","target":["https:\/\/www.image7.fr\/en\/document\/in-ultricies-justo-lectus-nec-rse-5\/"]}]},{"@type":"ImageObject","inLanguage":"fr-FR","@id":"https:\/\/www.image7.fr\/en\/document\/in-ultricies-justo-lectus-nec-rse-5\/#primaryimage","url":"https:\/\/images.pexels.com\/photos\/8106773\/pexels-photo-8106773.jpeg?auto=compress&amp;cs=tinysrgb&amp;w=1260&amp;h=750&amp;dpr=1","contentUrl":"https:\/\/images.pexels.com\/photos\/8106773\/pexels-photo-8106773.jpeg?auto=compress&amp;cs=tinysrgb&amp;w=1260&amp;h=750&amp;dpr=1"},{"@type":"BreadcrumbList","@id":"https:\/\/www.image7.fr\/en\/document\/in-ultricies-justo-lectus-nec-rse-5\/#breadcrumb","itemListElement":[{"@type":"ListItem","position":1,"name":"Accueil","item":"https:\/\/www.image7.fr\/en\/"},{"@type":"ListItem","position":2,"name":"Document","item":"https:\/\/www.image7.fr\/en\/document\/"},{"@type":"ListItem","position":3,"name":"De l\u2019information \u00e0 l\u2019action"}]},{"@type":"WebSite","@id":"https:\/\/www.image7.fr\/en\/#website","url":"https:\/\/www.image7.fr\/en\/","name":"Image Sept","description":"Un site utilisant R\u00e9seau Image 7","potentialAction":[{"@type":"SearchAction","target":{"@type":"EntryPoint","urlTemplate":"https:\/\/www.image7.fr\/en\/?s={search_term_string}"},"query-input":{"@type":"PropertyValueSpecification","valueRequired":true,"valueName":"search_term_string"}}],"inLanguage":"fr-FR"}]}},"acf":[],"_links":{"self":[{"href":"https:\/\/www.image7.fr\/en\/wp-json\/wp\/v2\/document\/698","targetHints":{"allow":["GET"]}}],"collection":[{"href":"https:\/\/www.image7.fr\/en\/wp-json\/wp\/v2\/document"}],"about":[{"href":"https:\/\/www.image7.fr\/en\/wp-json\/wp\/v2\/types\/document"}],"wp:attachment":[{"href":"https:\/\/www.image7.fr\/en\/wp-json\/wp\/v2\/media?parent=698"}],"wp:term":[{"taxonomy":"categorie_documents","embeddable":true,"href":"https:\/\/www.image7.fr\/en\/wp-json\/wp\/v2\/categorie_documents?post=698"}],"curies":[{"name":"wp","href":"https:\/\/api.w.org\/{rel}","templated":true}]}}

De l’information à l’action

<p><img loading="lazy" decoding="async" class="alignleft" src="https://images.pexels.com/photos/8106773/pexels-photo-8106773.jpeg?auto=compress&amp;cs=tinysrgb&amp;w=1260&amp;h=750&amp;dpr=1" alt="Gratuit Photos gratuites de activisme, activistes, changement climatique Photos" width="311" height="207" />Pendant que les politiques oscillent entre « aller jusqu’au bout » du Pacte vert de l’Union Européenne (Elisabeth Borne) et « faire une pause » dans la réglementation climat (Emmanuel Macron), ce sont les individus qui doivent faire leurs choix.</p>
<p>&nbsp;</p>
<p>Cette semaine, la saison des Assemblées Générales a connu son point d’orgue avec celle de TotalEnergies qui a vécu son moment, anticipé, de protestations activistes contre son développement des énergies fossiles. Pendant ce temps, les actionnaires ont également été informés de la stratégie climat du groupe. Quel résultat ? Un vote à 89% en sa faveur.</p>
<p>&nbsp;</p>
<p>Un sondage Odoxa pour France Active et le réseau Entreprendre montre que les Français sont de plus en plus attentifs à la provenance de leurs achats pour des raisons environnementales ou sociales : ils sont 77% soit 7 points de plus qu’en 2018.</p>
<p>&nbsp;</p>
<p>Enfin, Le Monde pointe le succès de la Fresque du climat, cet atelier de sensibilisation aux mécanismes du changement climatique auquel 1 million de personnes en France ont déjà participé depuis 2015. Au-delà de l’information, l’article note le succès en demi-teinte de l’initiative qui peine à transformer les comportements par l’action individuelle.</p>

<!-- This site is optimized with the Yoast SEO plugin v27.1.1 - https://yoast.com/product/yoast-seo-wordpress/ -->
<title>De l’information à l’action - Image Sept</title>
<meta name="robots" content="index, follow, max-snippet:-1, max-image-preview:large, max-video-preview:-1" />
<link rel="canonical" href="https://www.image7.fr/en/document/in-ultricies-justo-lectus-nec-rse-5/" />
<meta property="og:locale" content="fr_FR" />
<meta property="og:type" content="article" />
<meta property="og:title" content="De l’information à l’action - Image Sept" />
<meta property="og:description" content="Pendant que les politiques oscillent entre « aller jusqu’au bout » du Pacte vert de l’Union Européenne (Elisabeth Borne) et « faire une pause » dans la réglementation climat (Emmanuel Macron), ce sont les individus qui doivent faire leurs choix. &nbsp; Cette semaine, la saison des Assemblées Générales a connu son point d’orgue avec celle [&hellip;]" />
<meta property="og:url" content="https://www.image7.fr/en/document/in-ultricies-justo-lectus-nec-rse-5/" />
<meta property="og:site_name" content="Image Sept" />
<meta property="og:image" content="https://images.pexels.com/photos/8106773/pexels-photo-8106773.jpeg?auto=compress&amp;cs=tinysrgb&amp;w=1260&amp;h=750&amp;dpr=1" />
<meta name="twitter:label1" content="Durée de lecture estimée" />
	<meta name="twitter:data1" content="2 minutes" />
<script type="application/ld+json" class="yoast-schema-graph">{"@context":"https://schema.org","@graph":[{"@type":"WebPage","@id":"https://www.image7.fr/en/document/in-ultricies-justo-lectus-nec-rse-5/","url":"https://www.image7.fr/en/document/in-ultricies-justo-lectus-nec-rse-5/","name":"De l’information à l’action - Image Sept","isPartOf":{"@id":"https://www.image7.fr/en/#website"},"primaryImageOfPage":{"@id":"https://www.image7.fr/en/document/in-ultricies-justo-lectus-nec-rse-5/#primaryimage"},"image":{"@id":"https://www.image7.fr/en/document/in-ultricies-justo-lectus-nec-rse-5/#primaryimage"},"thumbnailUrl":"https://images.pexels.com/photos/8106773/pexels-photo-8106773.jpeg?auto=compress&amp;cs=tinysrgb&amp;w=1260&amp;h=750&amp;dpr=1","datePublished":"2023-05-31T10:27:50+00:00","breadcrumb":{"@id":"https://www.image7.fr/en/document/in-ultricies-justo-lectus-nec-rse-5/#breadcrumb"},"inLanguage":"fr-FR","potentialAction":[{"@type":"ReadAction","target":["https://www.image7.fr/en/document/in-ultricies-justo-lectus-nec-rse-5/"]}]},{"@type":"ImageObject","inLanguage":"fr-FR","@id":"https://www.image7.fr/en/document/in-ultricies-justo-lectus-nec-rse-5/#primaryimage","url":"https://images.pexels.com/photos/8106773/pexels-photo-8106773.jpeg?auto=compress&amp;cs=tinysrgb&amp;w=1260&amp;h=750&amp;dpr=1","contentUrl":"https://images.pexels.com/photos/8106773/pexels-photo-8106773.jpeg?auto=compress&amp;cs=tinysrgb&amp;w=1260&amp;h=750&amp;dpr=1"},{"@type":"BreadcrumbList","@id":"https://www.image7.fr/en/document/in-ultricies-justo-lectus-nec-rse-5/#breadcrumb","itemListElement":[{"@type":"ListItem","position":1,"name":"Accueil","item":"https://www.image7.fr/en/"},{"@type":"ListItem","position":2,"name":"Document","item":"https://www.image7.fr/en/document/"},{"@type":"ListItem","position":3,"name":"De l’information à l’action"}]},{"@type":"WebSite","@id":"https://www.image7.fr/en/#website","url":"https://www.image7.fr/en/","name":"Image Sept","description":"Un site utilisant Réseau Image 7","potentialAction":[{"@type":"SearchAction","target":{"@type":"EntryPoint","urlTemplate":"https://www.image7.fr/en/?s={search_term_string}"},"query-input":{"@type":"PropertyValueSpecification","valueRequired":true,"valueName":"search_term_string"}}],"inLanguage":"fr-FR"}]}</script>
<!-- / Yoast SEO plugin. -->

De l’information à l’action - Image Sept

Pendant que les politiques oscillent entre « aller jusqu’au bout » du Pacte vert de l’Union Européenne (Elisabeth Borne) et « faire une pause » dans la réglementation climat (Emmanuel Macron), ce sont les individus qui doivent faire leurs choix. &nbsp; Cette semaine, la saison des Assemblées Générales a connu son point d’orgue avec celle [&hellip;]

Un site utilisant Réseau Image 7
