{"id":701,"date":"2022-11-30T11:28:53","date_gmt":"2022-11-30T10:28:53","guid":{"rendered":"https:\/\/www.image7.fr\/?post_type=document&amp;p=701"},"modified":"2022-11-30T11:28:53","modified_gmt":"2022-11-30T10:28:53","slug":"integer-quis-mauris-at-dui-rse8","status":"publish","type":"document","link":"https:\/\/www.image7.fr\/en\/document\/integer-quis-mauris-at-dui-rse8\/","title":{"rendered":"102 points : la bonne temp\u00e9rature pour le climat"},"content":{"rendered":"<p><img loading=\"lazy\" decoding=\"async\" class=\"alignleft\" src=\"https:\/\/images.pexels.com\/photos\/3184418\/pexels-photo-3184418.jpeg?auto=compress&amp;cs=tinysrgb&amp;w=1260&amp;h=750&amp;dpr=1\" alt=\"Gratuit Photo De Personnes Pr\u00e8s De Table En Bois Photos\" width=\"311\" height=\"207\" \/>L\u2019indice du climat des affaires publi\u00e9 la semaine derni\u00e8re reste stable \u00e0 102 points pour le troisi\u00e8me mois cons\u00e9cutif. Il est un peu au-dessus de la moyenne de long terme de 100 points. M\u00eame si la situation se d\u00e9grade un peu dans l\u2019industrie, le b\u00e2timent et les services, elle s\u2019am\u00e9liore dans le commerce de gros et reste stable dans le commerce de d\u00e9tail. Mieux encore, le climat de l\u2019emploi reste favorable au niveau \u00e9lev\u00e9 de 108 points malgr\u00e9 une l\u00e9g\u00e8re d\u00e9gradation dans le secteur des services.<\/p>\n<p>&nbsp;<\/p>\n<p>Cet optimisme n\u2019est pas seulement une bonne nouvelle \u00e9conomique ; cela l\u2019est \u00e9galement pour le climat. Sans ressources financi\u00e8res, il y a moins de moyens de lutte contre le d\u00e9r\u00e8glement climatique.<\/p>\n<p>&nbsp;<\/p>\n<p>La COP27 a encore rappel\u00e9 l\u2019ampleur de l\u2019effort financier \u00e0 consentir pour permettre l\u2019att\u00e9nuation du changement climatique, l\u2019adaptation \u00e0 ce nouveau contexte mais aussi le co\u00fbt des dommages notamment pour les pays vuln\u00e9rables. Les entreprises ont un r\u00f4le cl\u00e9 \u00e0 jouer pour contribuer au financement de ces actions. Le climat des affaires est aussi bon pour le climat.<\/p>\n","protected":false},"featured_media":0,"menu_order":4,"template":"","meta":{"_acf_changed":false},"categorie_documents":[38],"class_list":["post-701","document","type-document","status-publish","hentry","categorie_documents-syntheses-rse"],"yoast_head":"<!-- This site is optimized with the Yoast SEO plugin v27.1.1 - https:\/\/yoast.com\/product\/yoast-seo-wordpress\/ -->\n<title>102 points : la bonne temp\u00e9rature pour le climat - Image Sept<\/title>\n<meta name=\"robots\" content=\"index, follow, max-snippet:-1, max-image-preview:large, max-video-preview:-1\" \/>\n<link rel=\"canonical\" href=\"https:\/\/www.image7.fr\/en\/document\/integer-quis-mauris-at-dui-rse8\/\" \/>\n<meta property=\"og:locale\" content=\"fr_FR\" \/>\n<meta property=\"og:type\" content=\"article\" \/>\n<meta property=\"og:title\" content=\"102 points : la bonne temp\u00e9rature pour le climat - Image Sept\" \/>\n<meta property=\"og:description\" content=\"L\u2019indice du climat des affaires publi\u00e9 la semaine derni\u00e8re reste stable \u00e0 102 points pour le troisi\u00e8me mois cons\u00e9cutif. Il est un peu au-dessus de la moyenne de long terme de 100 points. M\u00eame si la situation se d\u00e9grade un peu dans l\u2019industrie, le b\u00e2timent et les services, elle s\u2019am\u00e9liore dans le commerce de gros [&hellip;]\" \/>\n<meta property=\"og:url\" content=\"https:\/\/www.image7.fr\/en\/document\/integer-quis-mauris-at-dui-rse8\/\" \/>\n<meta property=\"og:site_name\" content=\"Image Sept\" \/>\n<meta property=\"og:image\" content=\"https:\/\/images.pexels.com\/photos\/3184418\/pexels-photo-3184418.jpeg?auto=compress&amp;cs=tinysrgb&amp;w=1260&amp;h=750&amp;dpr=1\" \/>\n<meta name=\"twitter:label1\" content=\"Dur\u00e9e de lecture estim\u00e9e\" \/>\n\t<meta name=\"twitter:data1\" content=\"2 minutes\" \/>\n<script type=\"application\/ld+json\" class=\"yoast-schema-graph\">{\"@context\":\"https:\/\/schema.org\",\"@graph\":[{\"@type\":\"WebPage\",\"@id\":\"https:\/\/www.image7.fr\/en\/document\/integer-quis-mauris-at-dui-rse8\/\",\"url\":\"https:\/\/www.image7.fr\/en\/document\/integer-quis-mauris-at-dui-rse8\/\",\"name\":\"102 points : la bonne temp\u00e9rature pour le climat - Image Sept\",\"isPartOf\":{\"@id\":\"https:\/\/www.image7.fr\/en\/#website\"},\"primaryImageOfPage\":{\"@id\":\"https:\/\/www.image7.fr\/en\/document\/integer-quis-mauris-at-dui-rse8\/#primaryimage\"},\"image\":{\"@id\":\"https:\/\/www.image7.fr\/en\/document\/integer-quis-mauris-at-dui-rse8\/#primaryimage\"},\"thumbnailUrl\":\"https:\/\/images.pexels.com\/photos\/3184418\/pexels-photo-3184418.jpeg?auto=compress&amp;cs=tinysrgb&amp;w=1260&amp;h=750&amp;dpr=1\",\"datePublished\":\"2022-11-30T10:28:53+00:00\",\"breadcrumb\":{\"@id\":\"https:\/\/www.image7.fr\/en\/document\/integer-quis-mauris-at-dui-rse8\/#breadcrumb\"},\"inLanguage\":\"fr-FR\",\"potentialAction\":[{\"@type\":\"ReadAction\",\"target\":[\"https:\/\/www.image7.fr\/en\/document\/integer-quis-mauris-at-dui-rse8\/\"]}]},{\"@type\":\"ImageObject\",\"inLanguage\":\"fr-FR\",\"@id\":\"https:\/\/www.image7.fr\/en\/document\/integer-quis-mauris-at-dui-rse8\/#primaryimage\",\"url\":\"https:\/\/images.pexels.com\/photos\/3184418\/pexels-photo-3184418.jpeg?auto=compress&amp;cs=tinysrgb&amp;w=1260&amp;h=750&amp;dpr=1\",\"contentUrl\":\"https:\/\/images.pexels.com\/photos\/3184418\/pexels-photo-3184418.jpeg?auto=compress&amp;cs=tinysrgb&amp;w=1260&amp;h=750&amp;dpr=1\"},{\"@type\":\"BreadcrumbList\",\"@id\":\"https:\/\/www.image7.fr\/en\/document\/integer-quis-mauris-at-dui-rse8\/#breadcrumb\",\"itemListElement\":[{\"@type\":\"ListItem\",\"position\":1,\"name\":\"Accueil\",\"item\":\"https:\/\/www.image7.fr\/en\/\"},{\"@type\":\"ListItem\",\"position\":2,\"name\":\"Document\",\"item\":\"https:\/\/www.image7.fr\/en\/document\/\"},{\"@type\":\"ListItem\",\"position\":3,\"name\":\"102 points : la bonne temp\u00e9rature pour le climat\"}]},{\"@type\":\"WebSite\",\"@id\":\"https:\/\/www.image7.fr\/en\/#website\",\"url\":\"https:\/\/www.image7.fr\/en\/\",\"name\":\"Image Sept\",\"description\":\"Un site utilisant R\u00e9seau Image 7\",\"potentialAction\":[{\"@type\":\"SearchAction\",\"target\":{\"@type\":\"EntryPoint\",\"urlTemplate\":\"https:\/\/www.image7.fr\/en\/?s={search_term_string}\"},\"query-input\":{\"@type\":\"PropertyValueSpecification\",\"valueRequired\":true,\"valueName\":\"search_term_string\"}}],\"inLanguage\":\"fr-FR\"}]}<\/script>\n<!-- \/ Yoast SEO plugin. -->","yoast_head_json":{"title":"102 points : la bonne temp\u00e9rature pour le climat - Image Sept","robots":{"index":"index","follow":"follow","max-snippet":"max-snippet:-1","max-image-preview":"max-image-preview:large","max-video-preview":"max-video-preview:-1"},"canonical":"https:\/\/www.image7.fr\/en\/document\/integer-quis-mauris-at-dui-rse8\/","og_locale":"fr_FR","og_type":"article","og_title":"102 points : la bonne temp\u00e9rature pour le climat - Image Sept","og_description":"L\u2019indice du climat des affaires publi\u00e9 la semaine derni\u00e8re reste stable \u00e0 102 points pour le troisi\u00e8me mois cons\u00e9cutif. Il est un peu au-dessus de la moyenne de long terme de 100 points. M\u00eame si la situation se d\u00e9grade un peu dans l\u2019industrie, le b\u00e2timent et les services, elle s\u2019am\u00e9liore dans le commerce de gros [&hellip;]","og_url":"https:\/\/www.image7.fr\/en\/document\/integer-quis-mauris-at-dui-rse8\/","og_site_name":"Image Sept","og_image":[{"url":"https:\/\/images.pexels.com\/photos\/3184418\/pexels-photo-3184418.jpeg?auto=compress&amp;cs=tinysrgb&amp;w=1260&amp;h=750&amp;dpr=1","type":"","width":"","height":""}],"twitter_misc":{"Dur\u00e9e de lecture estim\u00e9e":"2 minutes"},"schema":{"@context":"https:\/\/schema.org","@graph":[{"@type":"WebPage","@id":"https:\/\/www.image7.fr\/en\/document\/integer-quis-mauris-at-dui-rse8\/","url":"https:\/\/www.image7.fr\/en\/document\/integer-quis-mauris-at-dui-rse8\/","name":"102 points : la bonne temp\u00e9rature pour le climat - Image Sept","isPartOf":{"@id":"https:\/\/www.image7.fr\/en\/#website"},"primaryImageOfPage":{"@id":"https:\/\/www.image7.fr\/en\/document\/integer-quis-mauris-at-dui-rse8\/#primaryimage"},"image":{"@id":"https:\/\/www.image7.fr\/en\/document\/integer-quis-mauris-at-dui-rse8\/#primaryimage"},"thumbnailUrl":"https:\/\/images.pexels.com\/photos\/3184418\/pexels-photo-3184418.jpeg?auto=compress&amp;cs=tinysrgb&amp;w=1260&amp;h=750&amp;dpr=1","datePublished":"2022-11-30T10:28:53+00:00","breadcrumb":{"@id":"https:\/\/www.image7.fr\/en\/document\/integer-quis-mauris-at-dui-rse8\/#breadcrumb"},"inLanguage":"fr-FR","potentialAction":[{"@type":"ReadAction","target":["https:\/\/www.image7.fr\/en\/document\/integer-quis-mauris-at-dui-rse8\/"]}]},{"@type":"ImageObject","inLanguage":"fr-FR","@id":"https:\/\/www.image7.fr\/en\/document\/integer-quis-mauris-at-dui-rse8\/#primaryimage","url":"https:\/\/images.pexels.com\/photos\/3184418\/pexels-photo-3184418.jpeg?auto=compress&amp;cs=tinysrgb&amp;w=1260&amp;h=750&amp;dpr=1","contentUrl":"https:\/\/images.pexels.com\/photos\/3184418\/pexels-photo-3184418.jpeg?auto=compress&amp;cs=tinysrgb&amp;w=1260&amp;h=750&amp;dpr=1"},{"@type":"BreadcrumbList","@id":"https:\/\/www.image7.fr\/en\/document\/integer-quis-mauris-at-dui-rse8\/#breadcrumb","itemListElement":[{"@type":"ListItem","position":1,"name":"Accueil","item":"https:\/\/www.image7.fr\/en\/"},{"@type":"ListItem","position":2,"name":"Document","item":"https:\/\/www.image7.fr\/en\/document\/"},{"@type":"ListItem","position":3,"name":"102 points : la bonne temp\u00e9rature pour le climat"}]},{"@type":"WebSite","@id":"https:\/\/www.image7.fr\/en\/#website","url":"https:\/\/www.image7.fr\/en\/","name":"Image Sept","description":"Un site utilisant R\u00e9seau Image 7","potentialAction":[{"@type":"SearchAction","target":{"@type":"EntryPoint","urlTemplate":"https:\/\/www.image7.fr\/en\/?s={search_term_string}"},"query-input":{"@type":"PropertyValueSpecification","valueRequired":true,"valueName":"search_term_string"}}],"inLanguage":"fr-FR"}]}},"acf":[],"_links":{"self":[{"href":"https:\/\/www.image7.fr\/en\/wp-json\/wp\/v2\/document\/701","targetHints":{"allow":["GET"]}}],"collection":[{"href":"https:\/\/www.image7.fr\/en\/wp-json\/wp\/v2\/document"}],"about":[{"href":"https:\/\/www.image7.fr\/en\/wp-json\/wp\/v2\/types\/document"}],"wp:attachment":[{"href":"https:\/\/www.image7.fr\/en\/wp-json\/wp\/v2\/media?parent=701"}],"wp:term":[{"taxonomy":"categorie_documents","embeddable":true,"href":"https:\/\/www.image7.fr\/en\/wp-json\/wp\/v2\/categorie_documents?post=701"}],"curies":[{"name":"wp","href":"https:\/\/api.w.org\/{rel}","templated":true}]}}

102 points : la bonne température pour le climat

<p><img loading="lazy" decoding="async" class="alignleft" src="https://images.pexels.com/photos/3184418/pexels-photo-3184418.jpeg?auto=compress&amp;cs=tinysrgb&amp;w=1260&amp;h=750&amp;dpr=1" alt="Gratuit Photo De Personnes Près De Table En Bois Photos" width="311" height="207" />L’indice du climat des affaires publié la semaine dernière reste stable à 102 points pour le troisième mois consécutif. Il est un peu au-dessus de la moyenne de long terme de 100 points. Même si la situation se dégrade un peu dans l’industrie, le bâtiment et les services, elle s’améliore dans le commerce de gros et reste stable dans le commerce de détail. Mieux encore, le climat de l’emploi reste favorable au niveau élevé de 108 points malgré une légère dégradation dans le secteur des services.</p>
<p>&nbsp;</p>
<p>Cet optimisme n’est pas seulement une bonne nouvelle économique ; cela l’est également pour le climat. Sans ressources financières, il y a moins de moyens de lutte contre le dérèglement climatique.</p>
<p>&nbsp;</p>
<p>La COP27 a encore rappelé l’ampleur de l’effort financier à consentir pour permettre l’atténuation du changement climatique, l’adaptation à ce nouveau contexte mais aussi le coût des dommages notamment pour les pays vulnérables. Les entreprises ont un rôle clé à jouer pour contribuer au financement de ces actions. Le climat des affaires est aussi bon pour le climat.</p>

<!-- This site is optimized with the Yoast SEO plugin v27.1.1 - https://yoast.com/product/yoast-seo-wordpress/ -->
<title>102 points : la bonne température pour le climat - Image Sept</title>
<meta name="robots" content="index, follow, max-snippet:-1, max-image-preview:large, max-video-preview:-1" />
<link rel="canonical" href="https://www.image7.fr/en/document/integer-quis-mauris-at-dui-rse8/" />
<meta property="og:locale" content="fr_FR" />
<meta property="og:type" content="article" />
<meta property="og:title" content="102 points : la bonne température pour le climat - Image Sept" />
<meta property="og:description" content="L’indice du climat des affaires publié la semaine dernière reste stable à 102 points pour le troisième mois consécutif. Il est un peu au-dessus de la moyenne de long terme de 100 points. Même si la situation se dégrade un peu dans l’industrie, le bâtiment et les services, elle s’améliore dans le commerce de gros [&hellip;]" />
<meta property="og:url" content="https://www.image7.fr/en/document/integer-quis-mauris-at-dui-rse8/" />
<meta property="og:site_name" content="Image Sept" />
<meta property="og:image" content="https://images.pexels.com/photos/3184418/pexels-photo-3184418.jpeg?auto=compress&amp;cs=tinysrgb&amp;w=1260&amp;h=750&amp;dpr=1" />
<meta name="twitter:label1" content="Durée de lecture estimée" />
	<meta name="twitter:data1" content="2 minutes" />
<script type="application/ld+json" class="yoast-schema-graph">{"@context":"https://schema.org","@graph":[{"@type":"WebPage","@id":"https://www.image7.fr/en/document/integer-quis-mauris-at-dui-rse8/","url":"https://www.image7.fr/en/document/integer-quis-mauris-at-dui-rse8/","name":"102 points : la bonne température pour le climat - Image Sept","isPartOf":{"@id":"https://www.image7.fr/en/#website"},"primaryImageOfPage":{"@id":"https://www.image7.fr/en/document/integer-quis-mauris-at-dui-rse8/#primaryimage"},"image":{"@id":"https://www.image7.fr/en/document/integer-quis-mauris-at-dui-rse8/#primaryimage"},"thumbnailUrl":"https://images.pexels.com/photos/3184418/pexels-photo-3184418.jpeg?auto=compress&amp;cs=tinysrgb&amp;w=1260&amp;h=750&amp;dpr=1","datePublished":"2022-11-30T10:28:53+00:00","breadcrumb":{"@id":"https://www.image7.fr/en/document/integer-quis-mauris-at-dui-rse8/#breadcrumb"},"inLanguage":"fr-FR","potentialAction":[{"@type":"ReadAction","target":["https://www.image7.fr/en/document/integer-quis-mauris-at-dui-rse8/"]}]},{"@type":"ImageObject","inLanguage":"fr-FR","@id":"https://www.image7.fr/en/document/integer-quis-mauris-at-dui-rse8/#primaryimage","url":"https://images.pexels.com/photos/3184418/pexels-photo-3184418.jpeg?auto=compress&amp;cs=tinysrgb&amp;w=1260&amp;h=750&amp;dpr=1","contentUrl":"https://images.pexels.com/photos/3184418/pexels-photo-3184418.jpeg?auto=compress&amp;cs=tinysrgb&amp;w=1260&amp;h=750&amp;dpr=1"},{"@type":"BreadcrumbList","@id":"https://www.image7.fr/en/document/integer-quis-mauris-at-dui-rse8/#breadcrumb","itemListElement":[{"@type":"ListItem","position":1,"name":"Accueil","item":"https://www.image7.fr/en/"},{"@type":"ListItem","position":2,"name":"Document","item":"https://www.image7.fr/en/document/"},{"@type":"ListItem","position":3,"name":"102 points : la bonne température pour le climat"}]},{"@type":"WebSite","@id":"https://www.image7.fr/en/#website","url":"https://www.image7.fr/en/","name":"Image Sept","description":"Un site utilisant Réseau Image 7","potentialAction":[{"@type":"SearchAction","target":{"@type":"EntryPoint","urlTemplate":"https://www.image7.fr/en/?s={search_term_string}"},"query-input":{"@type":"PropertyValueSpecification","valueRequired":true,"valueName":"search_term_string"}}],"inLanguage":"fr-FR"}]}</script>
<!-- / Yoast SEO plugin. -->

102 points : la bonne température pour le climat - Image Sept

L’indice du climat des affaires publié la semaine dernière reste stable à 102 points pour le troisième mois consécutif. Il est un peu au-dessus de la moyenne de long terme de 100 points. Même si la situation se dégrade un peu dans l’industrie, le bâtiment et les services, elle s’améliore dans le commerce de gros [&hellip;]

Un site utilisant Réseau Image 7
