{"id":740,"date":"2023-02-10T10:35:35","date_gmt":"2023-02-10T09:35:35","guid":{"rendered":"https:\/\/www.image7.fr\/?post_type=document&amp;p=740"},"modified":"2023-02-10T10:35:35","modified_gmt":"2023-02-10T09:35:35","slug":"cahier-de-tendance-10-02-23","status":"publish","type":"document","link":"https:\/\/www.image7.fr\/en\/document\/cahier-de-tendance-10-02-23\/","title":{"rendered":"Failles"},"content":{"rendered":"<p>CAHIER DE TENDANCE #124 | 10 FEVRIER 2023<\/p>\n<p><img loading=\"lazy\" decoding=\"async\" class=\"alignleft\" src=\"https:\/\/images.pexels.com\/photos\/16661925\/pexels-photo-16661925\/free-photo-of-coin-detruit-turquie-tremblement-de-terre.jpeg?auto=compress&amp;cs=tinysrgb&amp;w=1260&amp;h=750&amp;dpr=1\" alt=\"Gratuit Photos gratuites de accidents et catastrophes, catastrophe naturelle, coin Photos\" width=\"311\" height=\"207\" \/>Les images de cette semaine qui ont marqu\u00e9 les esprits sont, bien \u00e9videmment, li\u00e9es \u00e0 la catastrophe qui va atteindre et m\u00eame probablement d\u00e9passer les 25 000 morts. Il faut remonter en 1114 pour retrouver les traces d\u2019une secousse aussi violente. Ces tremblements de terre d&rsquo;une ampleur inou\u00efe ont secou\u00e9 les pays travers\u00e9s par ce que l\u2019on nomme \u00ab la faille anatolienne \u00bb mais aussi les contr\u00e9es proches comme une bonne partie du Moyen-Orient et m\u00eame des pays \u00e9loign\u00e9s puisque cette secousse a \u00e9t\u00e9 ressentie&#8230; jusqu\u2019au Groenland. Cette faille, en raison des zones de peuplement situ\u00e9es sur son parcours, repr\u00e9sente un risque majeur en M\u00e9diterran\u00e9e et pourrait, \u00e0 court terme, \u00eatre encore plus tragique puisqu\u2019une m\u00e9galopole est directement expos\u00e9e. Il s\u2019agit d\u2019Istanbul et de ses 8 millions d\u2019habitants. Si l\u2019ensemble de la communaut\u00e9 scientifique s\u2019entend sur le danger, nul n\u2019est en mesure de proposer une date et une magnitude.<\/p>\n<p>&nbsp;<\/p>\n<p>Au m\u00eame moment, le Chili est en flamme. Un couvre-feu nocturne a \u00e9t\u00e9 impos\u00e9 par les autorit\u00e9s dans les zones les plus touch\u00e9es par les feux de for\u00eat qui ravagent le centre et le sud du pays depuis plus d\u2019une semaine. Ce couvre-feu a \u00e9t\u00e9 appliqu\u00e9 dans au moins 28 villes des trois r\u00e9gions o\u00f9 l&rsquo;\u00e9tat de catastrophe a \u00e9t\u00e9 d\u00e9clar\u00e9. Les autorit\u00e9s ont reconnu leur impuissance en soulignant que les incendies ne pourraient pas \u00eatre jugul\u00e9s avant le mois prochain. Au nord du Chili, le P\u00e9rou a \u00e9t\u00e9 \u00e9galement frapp\u00e9 cette semaine par d\u2019effrayants glissements de terrain meurtriers apr\u00e8s des chutes d\u2019eau torrentielles provoquant des dizaines de mort et des centaines de disparus. L\u2019ex\u00e9cutif a d\u00fb \u00e9tendre l\u2019\u00e9tat d\u2019urgence alors qu\u2019il fait d\u00e9j\u00e0 face \u00e0 une crise politique majeure depuis des mois.<br \/>\nToutes ces failles, ces secousses telluriques peuvent le plus souvent \u00eatre pr\u00e9vues. On ne compte plus les articles alertant sur le fait que dans les prochaines d\u00e9cennies pr\u00e8s d\u2019un millier d\u2019\u00eeles vont dispara\u00eetre en raison du changement climatique et de la mont\u00e9e des eaux.<\/p>\n<p>&nbsp;<\/p>\n<p>Qu\u2019est-ce qu\u2019une faille ? En g\u00e9ologie, cela indique une zone de rupture, un d\u00e9placement relatif entre deux compartiments fractur\u00e9s. Mais cela signifie aussi un point faible, un d\u00e9faut, un manque de coh\u00e9rence dans un raisonnement. Et en s\u00e9lectionnant les articles du Cahier de tendances de cette semaine, on trouve de nombreuses failles dans le raisonnement. Juste un exemple : dans une \u00e9tude publi\u00e9e r\u00e9cemment dans la revue scientifique Theoretical Medicine and Bioethics, une professeure de l\u2019universit\u00e9 d\u2019Oslo sugg\u00e8re que les femmes en \u00e9tat de mort c\u00e9r\u00e9brale pourraient \u00eatre utilis\u00e9es comme m\u00e8res porteuses apr\u00e8s y avoir consenti au pr\u00e9alable, \u00ab comme dans le cas d&rsquo;un don d&rsquo;organes \u00bb. Dans son \u00e9tude, rapport\u00e9e le 3 f\u00e9vrier dernier par le Daily Mail, Anna Smajdor indique qu&rsquo;il s&rsquo;agirait alors de placer des embryons dans l&rsquo;ut\u00e9rus de ces femmes jusqu&rsquo;\u00e0 la naissance. La faille n\u2019est pas ici dans l\u2019\u00e9loignement mais plut\u00f4t le rapprochement entre deux mondes, entre l\u2019univers d\u2019Orwell et celui de La Servante \u00e9carlate. Entre les deux types de failles, il n\u2019est pas s\u00fbr que la plus inqui\u00e9tante pour le devenir de l\u2019humanit\u00e9 soit la faille anatolienne&#8230;<\/p>\n<p>&nbsp;<\/p>\n","protected":false},"featured_media":0,"menu_order":2,"template":"","meta":{"_acf_changed":false},"categorie_documents":[37],"class_list":["post-740","document","type-document","status-publish","hentry","categorie_documents-cahier-de-tendances"],"yoast_head":"<!-- This site is optimized with the Yoast SEO plugin v27.1.1 - https:\/\/yoast.com\/product\/yoast-seo-wordpress\/ -->\n<title>Failles - Image Sept<\/title>\n<meta name=\"robots\" content=\"index, follow, max-snippet:-1, max-image-preview:large, max-video-preview:-1\" \/>\n<link rel=\"canonical\" href=\"https:\/\/www.image7.fr\/en\/document\/cahier-de-tendance-10-02-23\/\" \/>\n<meta property=\"og:locale\" content=\"fr_FR\" \/>\n<meta property=\"og:type\" content=\"article\" \/>\n<meta property=\"og:title\" content=\"Failles - Image Sept\" \/>\n<meta property=\"og:description\" content=\"CAHIER DE TENDANCE #124 | 10 FEVRIER 2023 Les images de cette semaine qui ont marqu\u00e9 les esprits sont, bien \u00e9videmment, li\u00e9es \u00e0 la catastrophe qui va atteindre et m\u00eame probablement d\u00e9passer les 25 000 morts. Il faut remonter en 1114 pour retrouver les traces d\u2019une secousse aussi violente. Ces tremblements de terre d&rsquo;une ampleur [&hellip;]\" \/>\n<meta property=\"og:url\" content=\"https:\/\/www.image7.fr\/en\/document\/cahier-de-tendance-10-02-23\/\" \/>\n<meta property=\"og:site_name\" content=\"Image Sept\" \/>\n<meta property=\"og:image\" content=\"https:\/\/images.pexels.com\/photos\/16661925\/pexels-photo-16661925\/free-photo-of-coin-detruit-turquie-tremblement-de-terre.jpeg?auto=compress&amp;cs=tinysrgb&amp;w=1260&amp;h=750&amp;dpr=1\" \/>\n<meta name=\"twitter:label1\" content=\"Dur\u00e9e de lecture estim\u00e9e\" \/>\n\t<meta name=\"twitter:data1\" content=\"3 minutes\" \/>\n<script type=\"application\/ld+json\" class=\"yoast-schema-graph\">{\"@context\":\"https:\/\/schema.org\",\"@graph\":[{\"@type\":\"WebPage\",\"@id\":\"https:\/\/www.image7.fr\/en\/document\/cahier-de-tendance-10-02-23\/\",\"url\":\"https:\/\/www.image7.fr\/en\/document\/cahier-de-tendance-10-02-23\/\",\"name\":\"Failles - Image Sept\",\"isPartOf\":{\"@id\":\"https:\/\/www.image7.fr\/en\/#website\"},\"primaryImageOfPage\":{\"@id\":\"https:\/\/www.image7.fr\/en\/document\/cahier-de-tendance-10-02-23\/#primaryimage\"},\"image\":{\"@id\":\"https:\/\/www.image7.fr\/en\/document\/cahier-de-tendance-10-02-23\/#primaryimage\"},\"thumbnailUrl\":\"https:\/\/images.pexels.com\/photos\/16661925\/pexels-photo-16661925\/free-photo-of-coin-detruit-turquie-tremblement-de-terre.jpeg?auto=compress&amp;cs=tinysrgb&amp;w=1260&amp;h=750&amp;dpr=1\",\"datePublished\":\"2023-02-10T09:35:35+00:00\",\"breadcrumb\":{\"@id\":\"https:\/\/www.image7.fr\/en\/document\/cahier-de-tendance-10-02-23\/#breadcrumb\"},\"inLanguage\":\"fr-FR\",\"potentialAction\":[{\"@type\":\"ReadAction\",\"target\":[\"https:\/\/www.image7.fr\/en\/document\/cahier-de-tendance-10-02-23\/\"]}]},{\"@type\":\"ImageObject\",\"inLanguage\":\"fr-FR\",\"@id\":\"https:\/\/www.image7.fr\/en\/document\/cahier-de-tendance-10-02-23\/#primaryimage\",\"url\":\"https:\/\/images.pexels.com\/photos\/16661925\/pexels-photo-16661925\/free-photo-of-coin-detruit-turquie-tremblement-de-terre.jpeg?auto=compress&amp;cs=tinysrgb&amp;w=1260&amp;h=750&amp;dpr=1\",\"contentUrl\":\"https:\/\/images.pexels.com\/photos\/16661925\/pexels-photo-16661925\/free-photo-of-coin-detruit-turquie-tremblement-de-terre.jpeg?auto=compress&amp;cs=tinysrgb&amp;w=1260&amp;h=750&amp;dpr=1\"},{\"@type\":\"BreadcrumbList\",\"@id\":\"https:\/\/www.image7.fr\/en\/document\/cahier-de-tendance-10-02-23\/#breadcrumb\",\"itemListElement\":[{\"@type\":\"ListItem\",\"position\":1,\"name\":\"Accueil\",\"item\":\"https:\/\/www.image7.fr\/en\/\"},{\"@type\":\"ListItem\",\"position\":2,\"name\":\"Document\",\"item\":\"https:\/\/www.image7.fr\/en\/document\/\"},{\"@type\":\"ListItem\",\"position\":3,\"name\":\"Failles\"}]},{\"@type\":\"WebSite\",\"@id\":\"https:\/\/www.image7.fr\/en\/#website\",\"url\":\"https:\/\/www.image7.fr\/en\/\",\"name\":\"Image Sept\",\"description\":\"Un site utilisant R\u00e9seau Image 7\",\"potentialAction\":[{\"@type\":\"SearchAction\",\"target\":{\"@type\":\"EntryPoint\",\"urlTemplate\":\"https:\/\/www.image7.fr\/en\/?s={search_term_string}\"},\"query-input\":{\"@type\":\"PropertyValueSpecification\",\"valueRequired\":true,\"valueName\":\"search_term_string\"}}],\"inLanguage\":\"fr-FR\"}]}<\/script>\n<!-- \/ Yoast SEO plugin. -->","yoast_head_json":{"title":"Failles - Image Sept","robots":{"index":"index","follow":"follow","max-snippet":"max-snippet:-1","max-image-preview":"max-image-preview:large","max-video-preview":"max-video-preview:-1"},"canonical":"https:\/\/www.image7.fr\/en\/document\/cahier-de-tendance-10-02-23\/","og_locale":"fr_FR","og_type":"article","og_title":"Failles - Image Sept","og_description":"CAHIER DE TENDANCE #124 | 10 FEVRIER 2023 Les images de cette semaine qui ont marqu\u00e9 les esprits sont, bien \u00e9videmment, li\u00e9es \u00e0 la catastrophe qui va atteindre et m\u00eame probablement d\u00e9passer les 25 000 morts. Il faut remonter en 1114 pour retrouver les traces d\u2019une secousse aussi violente. Ces tremblements de terre d&rsquo;une ampleur [&hellip;]","og_url":"https:\/\/www.image7.fr\/en\/document\/cahier-de-tendance-10-02-23\/","og_site_name":"Image Sept","og_image":[{"url":"https:\/\/images.pexels.com\/photos\/16661925\/pexels-photo-16661925\/free-photo-of-coin-detruit-turquie-tremblement-de-terre.jpeg?auto=compress&amp;cs=tinysrgb&amp;w=1260&amp;h=750&amp;dpr=1","type":"","width":"","height":""}],"twitter_misc":{"Dur\u00e9e de lecture estim\u00e9e":"3 minutes"},"schema":{"@context":"https:\/\/schema.org","@graph":[{"@type":"WebPage","@id":"https:\/\/www.image7.fr\/en\/document\/cahier-de-tendance-10-02-23\/","url":"https:\/\/www.image7.fr\/en\/document\/cahier-de-tendance-10-02-23\/","name":"Failles - Image Sept","isPartOf":{"@id":"https:\/\/www.image7.fr\/en\/#website"},"primaryImageOfPage":{"@id":"https:\/\/www.image7.fr\/en\/document\/cahier-de-tendance-10-02-23\/#primaryimage"},"image":{"@id":"https:\/\/www.image7.fr\/en\/document\/cahier-de-tendance-10-02-23\/#primaryimage"},"thumbnailUrl":"https:\/\/images.pexels.com\/photos\/16661925\/pexels-photo-16661925\/free-photo-of-coin-detruit-turquie-tremblement-de-terre.jpeg?auto=compress&amp;cs=tinysrgb&amp;w=1260&amp;h=750&amp;dpr=1","datePublished":"2023-02-10T09:35:35+00:00","breadcrumb":{"@id":"https:\/\/www.image7.fr\/en\/document\/cahier-de-tendance-10-02-23\/#breadcrumb"},"inLanguage":"fr-FR","potentialAction":[{"@type":"ReadAction","target":["https:\/\/www.image7.fr\/en\/document\/cahier-de-tendance-10-02-23\/"]}]},{"@type":"ImageObject","inLanguage":"fr-FR","@id":"https:\/\/www.image7.fr\/en\/document\/cahier-de-tendance-10-02-23\/#primaryimage","url":"https:\/\/images.pexels.com\/photos\/16661925\/pexels-photo-16661925\/free-photo-of-coin-detruit-turquie-tremblement-de-terre.jpeg?auto=compress&amp;cs=tinysrgb&amp;w=1260&amp;h=750&amp;dpr=1","contentUrl":"https:\/\/images.pexels.com\/photos\/16661925\/pexels-photo-16661925\/free-photo-of-coin-detruit-turquie-tremblement-de-terre.jpeg?auto=compress&amp;cs=tinysrgb&amp;w=1260&amp;h=750&amp;dpr=1"},{"@type":"BreadcrumbList","@id":"https:\/\/www.image7.fr\/en\/document\/cahier-de-tendance-10-02-23\/#breadcrumb","itemListElement":[{"@type":"ListItem","position":1,"name":"Accueil","item":"https:\/\/www.image7.fr\/en\/"},{"@type":"ListItem","position":2,"name":"Document","item":"https:\/\/www.image7.fr\/en\/document\/"},{"@type":"ListItem","position":3,"name":"Failles"}]},{"@type":"WebSite","@id":"https:\/\/www.image7.fr\/en\/#website","url":"https:\/\/www.image7.fr\/en\/","name":"Image Sept","description":"Un site utilisant R\u00e9seau Image 7","potentialAction":[{"@type":"SearchAction","target":{"@type":"EntryPoint","urlTemplate":"https:\/\/www.image7.fr\/en\/?s={search_term_string}"},"query-input":{"@type":"PropertyValueSpecification","valueRequired":true,"valueName":"search_term_string"}}],"inLanguage":"fr-FR"}]}},"acf":[],"_links":{"self":[{"href":"https:\/\/www.image7.fr\/en\/wp-json\/wp\/v2\/document\/740","targetHints":{"allow":["GET"]}}],"collection":[{"href":"https:\/\/www.image7.fr\/en\/wp-json\/wp\/v2\/document"}],"about":[{"href":"https:\/\/www.image7.fr\/en\/wp-json\/wp\/v2\/types\/document"}],"wp:attachment":[{"href":"https:\/\/www.image7.fr\/en\/wp-json\/wp\/v2\/media?parent=740"}],"wp:term":[{"taxonomy":"categorie_documents","embeddable":true,"href":"https:\/\/www.image7.fr\/en\/wp-json\/wp\/v2\/categorie_documents?post=740"}],"curies":[{"name":"wp","href":"https:\/\/api.w.org\/{rel}","templated":true}]}}

<p>CAHIER DE TENDANCE #124 | 10 FEVRIER 2023</p>
<p><img loading="lazy" decoding="async" class="alignleft" src="https://images.pexels.com/photos/16661925/pexels-photo-16661925/free-photo-of-coin-detruit-turquie-tremblement-de-terre.jpeg?auto=compress&amp;cs=tinysrgb&amp;w=1260&amp;h=750&amp;dpr=1" alt="Gratuit Photos gratuites de accidents et catastrophes, catastrophe naturelle, coin Photos" width="311" height="207" />Les images de cette semaine qui ont marqué les esprits sont, bien évidemment, liées à la catastrophe qui va atteindre et même probablement dépasser les 25 000 morts. Il faut remonter en 1114 pour retrouver les traces d’une secousse aussi violente. Ces tremblements de terre d&rsquo;une ampleur inouïe ont secoué les pays traversés par ce que l’on nomme « la faille anatolienne » mais aussi les contrées proches comme une bonne partie du Moyen-Orient et même des pays éloignés puisque cette secousse a été ressentie&#8230; jusqu’au Groenland. Cette faille, en raison des zones de peuplement situées sur son parcours, représente un risque majeur en Méditerranée et pourrait, à court terme, être encore plus tragique puisqu’une mégalopole est directement exposée. Il s’agit d’Istanbul et de ses 8 millions d’habitants. Si l’ensemble de la communauté scientifique s’entend sur le danger, nul n’est en mesure de proposer une date et une magnitude.</p>
<p>&nbsp;</p>
<p>Au même moment, le Chili est en flamme. Un couvre-feu nocturne a été imposé par les autorités dans les zones les plus touchées par les feux de forêt qui ravagent le centre et le sud du pays depuis plus d’une semaine. Ce couvre-feu a été appliqué dans au moins 28 villes des trois régions où l&rsquo;état de catastrophe a été déclaré. Les autorités ont reconnu leur impuissance en soulignant que les incendies ne pourraient pas être jugulés avant le mois prochain. Au nord du Chili, le Pérou a été également frappé cette semaine par d’effrayants glissements de terrain meurtriers après des chutes d’eau torrentielles provoquant des dizaines de mort et des centaines de disparus. L’exécutif a dû étendre l’état d’urgence alors qu’il fait déjà face à une crise politique majeure depuis des mois.<br />
Toutes ces failles, ces secousses telluriques peuvent le plus souvent être prévues. On ne compte plus les articles alertant sur le fait que dans les prochaines décennies près d’un millier d’îles vont disparaître en raison du changement climatique et de la montée des eaux.</p>
<p>&nbsp;</p>
<p>Qu’est-ce qu’une faille ? En géologie, cela indique une zone de rupture, un déplacement relatif entre deux compartiments fracturés. Mais cela signifie aussi un point faible, un défaut, un manque de cohérence dans un raisonnement. Et en sélectionnant les articles du Cahier de tendances de cette semaine, on trouve de nombreuses failles dans le raisonnement. Juste un exemple : dans une étude publiée récemment dans la revue scientifique Theoretical Medicine and Bioethics, une professeure de l’université d’Oslo suggère que les femmes en état de mort cérébrale pourraient être utilisées comme mères porteuses après y avoir consenti au préalable, « comme dans le cas d&rsquo;un don d&rsquo;organes ». Dans son étude, rapportée le 3 février dernier par le Daily Mail, Anna Smajdor indique qu&rsquo;il s&rsquo;agirait alors de placer des embryons dans l&rsquo;utérus de ces femmes jusqu&rsquo;à la naissance. La faille n’est pas ici dans l’éloignement mais plutôt le rapprochement entre deux mondes, entre l’univers d’Orwell et celui de La Servante écarlate. Entre les deux types de failles, il n’est pas sûr que la plus inquiétante pour le devenir de l’humanité soit la faille anatolienne&#8230;</p>
<p>&nbsp;</p>

<!-- This site is optimized with the Yoast SEO plugin v27.1.1 - https://yoast.com/product/yoast-seo-wordpress/ -->
<title>Failles - Image Sept</title>
<meta name="robots" content="index, follow, max-snippet:-1, max-image-preview:large, max-video-preview:-1" />
<link rel="canonical" href="https://www.image7.fr/en/document/cahier-de-tendance-10-02-23/" />
<meta property="og:locale" content="fr_FR" />
<meta property="og:type" content="article" />
<meta property="og:title" content="Failles - Image Sept" />
<meta property="og:description" content="CAHIER DE TENDANCE #124 | 10 FEVRIER 2023 Les images de cette semaine qui ont marqué les esprits sont, bien évidemment, liées à la catastrophe qui va atteindre et même probablement dépasser les 25 000 morts. Il faut remonter en 1114 pour retrouver les traces d’une secousse aussi violente. Ces tremblements de terre d&rsquo;une ampleur [&hellip;]" />
<meta property="og:url" content="https://www.image7.fr/en/document/cahier-de-tendance-10-02-23/" />
<meta property="og:site_name" content="Image Sept" />
<meta property="og:image" content="https://images.pexels.com/photos/16661925/pexels-photo-16661925/free-photo-of-coin-detruit-turquie-tremblement-de-terre.jpeg?auto=compress&amp;cs=tinysrgb&amp;w=1260&amp;h=750&amp;dpr=1" />
<meta name="twitter:label1" content="Durée de lecture estimée" />
	<meta name="twitter:data1" content="3 minutes" />
<script type="application/ld+json" class="yoast-schema-graph">{"@context":"https://schema.org","@graph":[{"@type":"WebPage","@id":"https://www.image7.fr/en/document/cahier-de-tendance-10-02-23/","url":"https://www.image7.fr/en/document/cahier-de-tendance-10-02-23/","name":"Failles - Image Sept","isPartOf":{"@id":"https://www.image7.fr/en/#website"},"primaryImageOfPage":{"@id":"https://www.image7.fr/en/document/cahier-de-tendance-10-02-23/#primaryimage"},"image":{"@id":"https://www.image7.fr/en/document/cahier-de-tendance-10-02-23/#primaryimage"},"thumbnailUrl":"https://images.pexels.com/photos/16661925/pexels-photo-16661925/free-photo-of-coin-detruit-turquie-tremblement-de-terre.jpeg?auto=compress&amp;cs=tinysrgb&amp;w=1260&amp;h=750&amp;dpr=1","datePublished":"2023-02-10T09:35:35+00:00","breadcrumb":{"@id":"https://www.image7.fr/en/document/cahier-de-tendance-10-02-23/#breadcrumb"},"inLanguage":"fr-FR","potentialAction":[{"@type":"ReadAction","target":["https://www.image7.fr/en/document/cahier-de-tendance-10-02-23/"]}]},{"@type":"ImageObject","inLanguage":"fr-FR","@id":"https://www.image7.fr/en/document/cahier-de-tendance-10-02-23/#primaryimage","url":"https://images.pexels.com/photos/16661925/pexels-photo-16661925/free-photo-of-coin-detruit-turquie-tremblement-de-terre.jpeg?auto=compress&amp;cs=tinysrgb&amp;w=1260&amp;h=750&amp;dpr=1","contentUrl":"https://images.pexels.com/photos/16661925/pexels-photo-16661925/free-photo-of-coin-detruit-turquie-tremblement-de-terre.jpeg?auto=compress&amp;cs=tinysrgb&amp;w=1260&amp;h=750&amp;dpr=1"},{"@type":"BreadcrumbList","@id":"https://www.image7.fr/en/document/cahier-de-tendance-10-02-23/#breadcrumb","itemListElement":[{"@type":"ListItem","position":1,"name":"Accueil","item":"https://www.image7.fr/en/"},{"@type":"ListItem","position":2,"name":"Document","item":"https://www.image7.fr/en/document/"},{"@type":"ListItem","position":3,"name":"Failles"}]},{"@type":"WebSite","@id":"https://www.image7.fr/en/#website","url":"https://www.image7.fr/en/","name":"Image Sept","description":"Un site utilisant Réseau Image 7","potentialAction":[{"@type":"SearchAction","target":{"@type":"EntryPoint","urlTemplate":"https://www.image7.fr/en/?s={search_term_string}"},"query-input":{"@type":"PropertyValueSpecification","valueRequired":true,"valueName":"search_term_string"}}],"inLanguage":"fr-FR"}]}</script>
<!-- / Yoast SEO plugin. -->

CAHIER DE TENDANCE #124 | 10 FEVRIER 2023 Les images de cette semaine qui ont marqué les esprits sont, bien évidemment, liées à la catastrophe qui va atteindre et même probablement dépasser les 25 000 morts. Il faut remonter en 1114 pour retrouver les traces d’une secousse aussi violente. Ces tremblements de terre d&rsquo;une ampleur [&hellip;]

Un site utilisant Réseau Image 7
