{"id":749,"date":"2022-12-22T15:43:40","date_gmt":"2022-12-22T14:43:40","guid":{"rendered":"https:\/\/www.image7.fr\/?post_type=document&amp;p=749"},"modified":"2022-12-22T15:43:40","modified_gmt":"2022-12-22T14:43:40","slug":"revue-de-presse-rse-28-12-22","status":"publish","type":"document","link":"https:\/\/www.image7.fr\/en\/document\/revue-de-presse-rse-28-12-22\/","title":{"rendered":"2022, l\u2019ann\u00e9e du greenwashing ou de la prise de conscience ?"},"content":{"rendered":"<p><img loading=\"lazy\" decoding=\"async\" class=\"alignleft\" src=\"https:\/\/images.pexels.com\/photos\/2178028\/pexels-photo-2178028.jpeg?auto=compress&amp;cs=tinysrgb&amp;w=1260&amp;h=750&amp;dpr=1\" alt=\"Gratuit Feuille Verte Photos\" width=\"310\" height=\"434\" \/>En 2022, la requ\u00eate \u00ab greenwashing \u00bb sur Google Trends a atteint un sommet historique au niveau mondial (et fran\u00e7ais). Sa popularit\u00e9 a bondi avec une multiplication par quatre par rapport \u00e0 2020.<\/p>\n<p>&nbsp;<\/p>\n<p>D\u00e9fiance ou prise de conscience ? El\u00e9ments de r\u00e9ponse : la COP15 Biodiversit\u00e9 vient de se terminer avec un accord mondial inattendu sur la pr\u00e9servation de 30 % des surfaces terrestres et maritimes, l\u2019Europe adopte un m\u00e9canisme de taxe carbone aux fronti\u00e8res en vue de limiter les \u00e9missions de GES import\u00e9s, le risque de coupures d\u2019\u00e9lectricit\u00e9 en France d\u00e9croit avec la baisse constat\u00e9e de la consommation et le film Avatar 2, qui promeut une cohabitation harmonieuse et respectueuse des vivants, se hisse aux premi\u00e8res marches du box office mondial.<\/p>\n<p>&nbsp;<\/p>\n<p>Ces annonces peuvent \u00eatre vues de mani\u00e8re positive comme autant de prises de conscience m\u00eame si elles s\u2019accompagnent de nombreux questionnements sur leurs limites et leurs effets ind\u00e9sirables. Les interrogations croissantes autour du greenwashing montre que le doute est une \u00e9tape essentielle dans le processus r\u00e9flexion de chacun mais n\u2019oublions pas l\u2019injonction de Montaigne : \u00ab nous sommes n\u00e9s pour agir \u00bb.<\/p>\n","protected":false},"featured_media":0,"menu_order":0,"template":"","meta":{"_acf_changed":false},"categorie_documents":[38],"class_list":["post-749","document","type-document","status-publish","hentry","categorie_documents-syntheses-rse"],"yoast_head":"<!-- This site is optimized with the Yoast SEO plugin v27.1.1 - https:\/\/yoast.com\/product\/yoast-seo-wordpress\/ -->\n<title>2022, l\u2019ann\u00e9e du greenwashing ou de la prise de conscience ? - Image Sept<\/title>\n<meta name=\"robots\" content=\"index, follow, max-snippet:-1, max-image-preview:large, max-video-preview:-1\" \/>\n<link rel=\"canonical\" href=\"https:\/\/www.image7.fr\/en\/document\/revue-de-presse-rse-28-12-22\/\" \/>\n<meta property=\"og:locale\" content=\"fr_FR\" \/>\n<meta property=\"og:type\" content=\"article\" \/>\n<meta property=\"og:title\" content=\"2022, l\u2019ann\u00e9e du greenwashing ou de la prise de conscience ? - Image Sept\" \/>\n<meta property=\"og:description\" content=\"En 2022, la requ\u00eate \u00ab greenwashing \u00bb sur Google Trends a atteint un sommet historique au niveau mondial (et fran\u00e7ais). Sa popularit\u00e9 a bondi avec une multiplication par quatre par rapport \u00e0 2020. &nbsp; D\u00e9fiance ou prise de conscience ? El\u00e9ments de r\u00e9ponse : la COP15 Biodiversit\u00e9 vient de se terminer avec un accord mondial [&hellip;]\" \/>\n<meta property=\"og:url\" content=\"https:\/\/www.image7.fr\/en\/document\/revue-de-presse-rse-28-12-22\/\" \/>\n<meta property=\"og:site_name\" content=\"Image Sept\" \/>\n<meta property=\"og:image\" content=\"https:\/\/images.pexels.com\/photos\/2178028\/pexels-photo-2178028.jpeg?auto=compress&amp;cs=tinysrgb&amp;w=1260&amp;h=750&amp;dpr=1\" \/>\n<meta name=\"twitter:label1\" content=\"Dur\u00e9e de lecture estim\u00e9e\" \/>\n\t<meta name=\"twitter:data1\" content=\"2 minutes\" \/>\n<script type=\"application\/ld+json\" class=\"yoast-schema-graph\">{\"@context\":\"https:\/\/schema.org\",\"@graph\":[{\"@type\":\"WebPage\",\"@id\":\"https:\/\/www.image7.fr\/en\/document\/revue-de-presse-rse-28-12-22\/\",\"url\":\"https:\/\/www.image7.fr\/en\/document\/revue-de-presse-rse-28-12-22\/\",\"name\":\"2022, l\u2019ann\u00e9e du greenwashing ou de la prise de conscience ? - Image Sept\",\"isPartOf\":{\"@id\":\"https:\/\/www.image7.fr\/en\/#website\"},\"primaryImageOfPage\":{\"@id\":\"https:\/\/www.image7.fr\/en\/document\/revue-de-presse-rse-28-12-22\/#primaryimage\"},\"image\":{\"@id\":\"https:\/\/www.image7.fr\/en\/document\/revue-de-presse-rse-28-12-22\/#primaryimage\"},\"thumbnailUrl\":\"https:\/\/images.pexels.com\/photos\/2178028\/pexels-photo-2178028.jpeg?auto=compress&amp;cs=tinysrgb&amp;w=1260&amp;h=750&amp;dpr=1\",\"datePublished\":\"2022-12-22T14:43:40+00:00\",\"breadcrumb\":{\"@id\":\"https:\/\/www.image7.fr\/en\/document\/revue-de-presse-rse-28-12-22\/#breadcrumb\"},\"inLanguage\":\"fr-FR\",\"potentialAction\":[{\"@type\":\"ReadAction\",\"target\":[\"https:\/\/www.image7.fr\/en\/document\/revue-de-presse-rse-28-12-22\/\"]}]},{\"@type\":\"ImageObject\",\"inLanguage\":\"fr-FR\",\"@id\":\"https:\/\/www.image7.fr\/en\/document\/revue-de-presse-rse-28-12-22\/#primaryimage\",\"url\":\"https:\/\/images.pexels.com\/photos\/2178028\/pexels-photo-2178028.jpeg?auto=compress&amp;cs=tinysrgb&amp;w=1260&amp;h=750&amp;dpr=1\",\"contentUrl\":\"https:\/\/images.pexels.com\/photos\/2178028\/pexels-photo-2178028.jpeg?auto=compress&amp;cs=tinysrgb&amp;w=1260&amp;h=750&amp;dpr=1\"},{\"@type\":\"BreadcrumbList\",\"@id\":\"https:\/\/www.image7.fr\/en\/document\/revue-de-presse-rse-28-12-22\/#breadcrumb\",\"itemListElement\":[{\"@type\":\"ListItem\",\"position\":1,\"name\":\"Accueil\",\"item\":\"https:\/\/www.image7.fr\/en\/\"},{\"@type\":\"ListItem\",\"position\":2,\"name\":\"Document\",\"item\":\"https:\/\/www.image7.fr\/en\/document\/\"},{\"@type\":\"ListItem\",\"position\":3,\"name\":\"2022, l\u2019ann\u00e9e du greenwashing ou de la prise de conscience ?\"}]},{\"@type\":\"WebSite\",\"@id\":\"https:\/\/www.image7.fr\/en\/#website\",\"url\":\"https:\/\/www.image7.fr\/en\/\",\"name\":\"Image Sept\",\"description\":\"Un site utilisant R\u00e9seau Image 7\",\"potentialAction\":[{\"@type\":\"SearchAction\",\"target\":{\"@type\":\"EntryPoint\",\"urlTemplate\":\"https:\/\/www.image7.fr\/en\/?s={search_term_string}\"},\"query-input\":{\"@type\":\"PropertyValueSpecification\",\"valueRequired\":true,\"valueName\":\"search_term_string\"}}],\"inLanguage\":\"fr-FR\"}]}<\/script>\n<!-- \/ Yoast SEO plugin. -->","yoast_head_json":{"title":"2022, l\u2019ann\u00e9e du greenwashing ou de la prise de conscience ? - Image Sept","robots":{"index":"index","follow":"follow","max-snippet":"max-snippet:-1","max-image-preview":"max-image-preview:large","max-video-preview":"max-video-preview:-1"},"canonical":"https:\/\/www.image7.fr\/en\/document\/revue-de-presse-rse-28-12-22\/","og_locale":"fr_FR","og_type":"article","og_title":"2022, l\u2019ann\u00e9e du greenwashing ou de la prise de conscience ? - Image Sept","og_description":"En 2022, la requ\u00eate \u00ab greenwashing \u00bb sur Google Trends a atteint un sommet historique au niveau mondial (et fran\u00e7ais). Sa popularit\u00e9 a bondi avec une multiplication par quatre par rapport \u00e0 2020. &nbsp; D\u00e9fiance ou prise de conscience ? El\u00e9ments de r\u00e9ponse : la COP15 Biodiversit\u00e9 vient de se terminer avec un accord mondial [&hellip;]","og_url":"https:\/\/www.image7.fr\/en\/document\/revue-de-presse-rse-28-12-22\/","og_site_name":"Image Sept","og_image":[{"url":"https:\/\/images.pexels.com\/photos\/2178028\/pexels-photo-2178028.jpeg?auto=compress&amp;cs=tinysrgb&amp;w=1260&amp;h=750&amp;dpr=1","type":"","width":"","height":""}],"twitter_misc":{"Dur\u00e9e de lecture estim\u00e9e":"2 minutes"},"schema":{"@context":"https:\/\/schema.org","@graph":[{"@type":"WebPage","@id":"https:\/\/www.image7.fr\/en\/document\/revue-de-presse-rse-28-12-22\/","url":"https:\/\/www.image7.fr\/en\/document\/revue-de-presse-rse-28-12-22\/","name":"2022, l\u2019ann\u00e9e du greenwashing ou de la prise de conscience ? - Image Sept","isPartOf":{"@id":"https:\/\/www.image7.fr\/en\/#website"},"primaryImageOfPage":{"@id":"https:\/\/www.image7.fr\/en\/document\/revue-de-presse-rse-28-12-22\/#primaryimage"},"image":{"@id":"https:\/\/www.image7.fr\/en\/document\/revue-de-presse-rse-28-12-22\/#primaryimage"},"thumbnailUrl":"https:\/\/images.pexels.com\/photos\/2178028\/pexels-photo-2178028.jpeg?auto=compress&amp;cs=tinysrgb&amp;w=1260&amp;h=750&amp;dpr=1","datePublished":"2022-12-22T14:43:40+00:00","breadcrumb":{"@id":"https:\/\/www.image7.fr\/en\/document\/revue-de-presse-rse-28-12-22\/#breadcrumb"},"inLanguage":"fr-FR","potentialAction":[{"@type":"ReadAction","target":["https:\/\/www.image7.fr\/en\/document\/revue-de-presse-rse-28-12-22\/"]}]},{"@type":"ImageObject","inLanguage":"fr-FR","@id":"https:\/\/www.image7.fr\/en\/document\/revue-de-presse-rse-28-12-22\/#primaryimage","url":"https:\/\/images.pexels.com\/photos\/2178028\/pexels-photo-2178028.jpeg?auto=compress&amp;cs=tinysrgb&amp;w=1260&amp;h=750&amp;dpr=1","contentUrl":"https:\/\/images.pexels.com\/photos\/2178028\/pexels-photo-2178028.jpeg?auto=compress&amp;cs=tinysrgb&amp;w=1260&amp;h=750&amp;dpr=1"},{"@type":"BreadcrumbList","@id":"https:\/\/www.image7.fr\/en\/document\/revue-de-presse-rse-28-12-22\/#breadcrumb","itemListElement":[{"@type":"ListItem","position":1,"name":"Accueil","item":"https:\/\/www.image7.fr\/en\/"},{"@type":"ListItem","position":2,"name":"Document","item":"https:\/\/www.image7.fr\/en\/document\/"},{"@type":"ListItem","position":3,"name":"2022, l\u2019ann\u00e9e du greenwashing ou de la prise de conscience ?"}]},{"@type":"WebSite","@id":"https:\/\/www.image7.fr\/en\/#website","url":"https:\/\/www.image7.fr\/en\/","name":"Image Sept","description":"Un site utilisant R\u00e9seau Image 7","potentialAction":[{"@type":"SearchAction","target":{"@type":"EntryPoint","urlTemplate":"https:\/\/www.image7.fr\/en\/?s={search_term_string}"},"query-input":{"@type":"PropertyValueSpecification","valueRequired":true,"valueName":"search_term_string"}}],"inLanguage":"fr-FR"}]}},"acf":[],"_links":{"self":[{"href":"https:\/\/www.image7.fr\/en\/wp-json\/wp\/v2\/document\/749","targetHints":{"allow":["GET"]}}],"collection":[{"href":"https:\/\/www.image7.fr\/en\/wp-json\/wp\/v2\/document"}],"about":[{"href":"https:\/\/www.image7.fr\/en\/wp-json\/wp\/v2\/types\/document"}],"wp:attachment":[{"href":"https:\/\/www.image7.fr\/en\/wp-json\/wp\/v2\/media?parent=749"}],"wp:term":[{"taxonomy":"categorie_documents","embeddable":true,"href":"https:\/\/www.image7.fr\/en\/wp-json\/wp\/v2\/categorie_documents?post=749"}],"curies":[{"name":"wp","href":"https:\/\/api.w.org\/{rel}","templated":true}]}}

2022, l’année du greenwashing ou de la prise de conscience ?

<p><img loading="lazy" decoding="async" class="alignleft" src="https://images.pexels.com/photos/2178028/pexels-photo-2178028.jpeg?auto=compress&amp;cs=tinysrgb&amp;w=1260&amp;h=750&amp;dpr=1" alt="Gratuit Feuille Verte Photos" width="310" height="434" />En 2022, la requête « greenwashing » sur Google Trends a atteint un sommet historique au niveau mondial (et français). Sa popularité a bondi avec une multiplication par quatre par rapport à 2020.</p>
<p>&nbsp;</p>
<p>Défiance ou prise de conscience ? Eléments de réponse : la COP15 Biodiversité vient de se terminer avec un accord mondial inattendu sur la préservation de 30 % des surfaces terrestres et maritimes, l’Europe adopte un mécanisme de taxe carbone aux frontières en vue de limiter les émissions de GES importés, le risque de coupures d’électricité en France décroit avec la baisse constatée de la consommation et le film Avatar 2, qui promeut une cohabitation harmonieuse et respectueuse des vivants, se hisse aux premières marches du box office mondial.</p>
<p>&nbsp;</p>
<p>Ces annonces peuvent être vues de manière positive comme autant de prises de conscience même si elles s’accompagnent de nombreux questionnements sur leurs limites et leurs effets indésirables. Les interrogations croissantes autour du greenwashing montre que le doute est une étape essentielle dans le processus réflexion de chacun mais n’oublions pas l’injonction de Montaigne : « nous sommes nés pour agir ».</p>

<!-- This site is optimized with the Yoast SEO plugin v27.1.1 - https://yoast.com/product/yoast-seo-wordpress/ -->
<title>2022, l’année du greenwashing ou de la prise de conscience ? - Image Sept</title>
<meta name="robots" content="index, follow, max-snippet:-1, max-image-preview:large, max-video-preview:-1" />
<link rel="canonical" href="https://www.image7.fr/en/document/revue-de-presse-rse-28-12-22/" />
<meta property="og:locale" content="fr_FR" />
<meta property="og:type" content="article" />
<meta property="og:title" content="2022, l’année du greenwashing ou de la prise de conscience ? - Image Sept" />
<meta property="og:description" content="En 2022, la requête « greenwashing » sur Google Trends a atteint un sommet historique au niveau mondial (et français). Sa popularité a bondi avec une multiplication par quatre par rapport à 2020. &nbsp; Défiance ou prise de conscience ? Eléments de réponse : la COP15 Biodiversité vient de se terminer avec un accord mondial [&hellip;]" />
<meta property="og:url" content="https://www.image7.fr/en/document/revue-de-presse-rse-28-12-22/" />
<meta property="og:site_name" content="Image Sept" />
<meta property="og:image" content="https://images.pexels.com/photos/2178028/pexels-photo-2178028.jpeg?auto=compress&amp;cs=tinysrgb&amp;w=1260&amp;h=750&amp;dpr=1" />
<meta name="twitter:label1" content="Durée de lecture estimée" />
	<meta name="twitter:data1" content="2 minutes" />
<script type="application/ld+json" class="yoast-schema-graph">{"@context":"https://schema.org","@graph":[{"@type":"WebPage","@id":"https://www.image7.fr/en/document/revue-de-presse-rse-28-12-22/","url":"https://www.image7.fr/en/document/revue-de-presse-rse-28-12-22/","name":"2022, l’année du greenwashing ou de la prise de conscience ? - Image Sept","isPartOf":{"@id":"https://www.image7.fr/en/#website"},"primaryImageOfPage":{"@id":"https://www.image7.fr/en/document/revue-de-presse-rse-28-12-22/#primaryimage"},"image":{"@id":"https://www.image7.fr/en/document/revue-de-presse-rse-28-12-22/#primaryimage"},"thumbnailUrl":"https://images.pexels.com/photos/2178028/pexels-photo-2178028.jpeg?auto=compress&amp;cs=tinysrgb&amp;w=1260&amp;h=750&amp;dpr=1","datePublished":"2022-12-22T14:43:40+00:00","breadcrumb":{"@id":"https://www.image7.fr/en/document/revue-de-presse-rse-28-12-22/#breadcrumb"},"inLanguage":"fr-FR","potentialAction":[{"@type":"ReadAction","target":["https://www.image7.fr/en/document/revue-de-presse-rse-28-12-22/"]}]},{"@type":"ImageObject","inLanguage":"fr-FR","@id":"https://www.image7.fr/en/document/revue-de-presse-rse-28-12-22/#primaryimage","url":"https://images.pexels.com/photos/2178028/pexels-photo-2178028.jpeg?auto=compress&amp;cs=tinysrgb&amp;w=1260&amp;h=750&amp;dpr=1","contentUrl":"https://images.pexels.com/photos/2178028/pexels-photo-2178028.jpeg?auto=compress&amp;cs=tinysrgb&amp;w=1260&amp;h=750&amp;dpr=1"},{"@type":"BreadcrumbList","@id":"https://www.image7.fr/en/document/revue-de-presse-rse-28-12-22/#breadcrumb","itemListElement":[{"@type":"ListItem","position":1,"name":"Accueil","item":"https://www.image7.fr/en/"},{"@type":"ListItem","position":2,"name":"Document","item":"https://www.image7.fr/en/document/"},{"@type":"ListItem","position":3,"name":"2022, l’année du greenwashing ou de la prise de conscience ?"}]},{"@type":"WebSite","@id":"https://www.image7.fr/en/#website","url":"https://www.image7.fr/en/","name":"Image Sept","description":"Un site utilisant Réseau Image 7","potentialAction":[{"@type":"SearchAction","target":{"@type":"EntryPoint","urlTemplate":"https://www.image7.fr/en/?s={search_term_string}"},"query-input":{"@type":"PropertyValueSpecification","valueRequired":true,"valueName":"search_term_string"}}],"inLanguage":"fr-FR"}]}</script>
<!-- / Yoast SEO plugin. -->

2022, l’année du greenwashing ou de la prise de conscience ? - Image Sept

En 2022, la requête « greenwashing » sur Google Trends a atteint un sommet historique au niveau mondial (et français). Sa popularité a bondi avec une multiplication par quatre par rapport à 2020. &nbsp; Défiance ou prise de conscience ? Eléments de réponse : la COP15 Biodiversité vient de se terminer avec un accord mondial [&hellip;]

Un site utilisant Réseau Image 7
