{"id":760,"date":"2023-01-17T17:25:14","date_gmt":"2023-01-17T16:25:14","guid":{"rendered":"https:\/\/www.image7.fr\/?post_type=document&amp;p=760"},"modified":"2023-01-17T17:25:14","modified_gmt":"2023-01-17T16:25:14","slug":"revue-de-presse-rse-17-01-23","status":"publish","type":"document","link":"https:\/\/www.image7.fr\/en\/document\/revue-de-presse-rse-17-01-23\/","title":{"rendered":"Des COP fossilis\u00e9es ?"},"content":{"rendered":"<p><img loading=\"lazy\" decoding=\"async\" class=\"alignleft\" src=\"https:\/\/images.pexels.com\/photos\/16583850\/pexels-photo-16583850\/free-photo-of-desert-sec-terre-fente.jpeg?auto=compress&amp;cs=tinysrgb&amp;w=1260&amp;h=750&amp;dpr=1\" alt=\"Gratuit Photos gratuites de argile, changement climatique, craquelure Photos\" width=\"311\" height=\"207\" \/>La prochaine COP28 sur le climat se tiendra \u00e0 Duba\u00ef sous la pr\u00e9sidence du Sultan Al Jaber, le ministre de l\u2019industrie \u00e9mirati et pr\u00e9sident-directeur g\u00e9n\u00e9ral de la compagnie nationale p\u00e9troli\u00e8re Abu Dhabi National Oil Company (Adnoc). La presse commente unanimement cette annonce comme une mauvaise plaisanterie. En est-ce une ?<\/p>\n<p>&nbsp;<\/p>\n<p>La COP26 s\u2019est tenu \u00e0 Glasgow en 2021 dans un pays (la Grande-Bretagne) dont la production nationale d&rsquo;\u00e9nergie primaire est constitu\u00e9e \u00e0 73 % de combustibles fossiles. Le texte final de cette convention ne mentionnait pas le recours \u00e0 une baisse de l\u2019usage des \u00e9nergies fossiles pour atteindre la neutralit\u00e9 carbone.<\/p>\n<p>&nbsp;<\/p>\n<p>Lors de la COP27 \u00e0 Charm el-Cheikh l\u2019an dernier, cette approche n\u2019a pas \u00e9t\u00e9 retenue non plus. Les producteurs d\u2019\u00e9nergies fossiles produisent parce que les consommateurs les consomment. Selon le classement de l\u2019ONU, la Somalie fait partie des pays les moins \u00e9metteurs de CO2.<\/p>\n<p>&nbsp;<\/p>\n<p>Il est bien difficile de dire si une future COP en Somalie permettrait d\u2019obtenir des avanc\u00e9es plus rapides en faveur de la lutte contre le r\u00e9chauffement climatique.<\/p>\n","protected":false},"featured_media":0,"menu_order":0,"template":"","meta":{"_acf_changed":false},"categorie_documents":[38],"class_list":["post-760","document","type-document","status-publish","hentry","categorie_documents-syntheses-rse"],"yoast_head":"<!-- This site is optimized with the Yoast SEO plugin v27.1.1 - https:\/\/yoast.com\/product\/yoast-seo-wordpress\/ -->\n<title>Des COP fossilis\u00e9es ? - Image Sept<\/title>\n<meta name=\"robots\" content=\"index, follow, max-snippet:-1, max-image-preview:large, max-video-preview:-1\" \/>\n<link rel=\"canonical\" href=\"https:\/\/www.image7.fr\/en\/document\/revue-de-presse-rse-17-01-23\/\" \/>\n<meta property=\"og:locale\" content=\"fr_FR\" \/>\n<meta property=\"og:type\" content=\"article\" \/>\n<meta property=\"og:title\" content=\"Des COP fossilis\u00e9es ? - Image Sept\" \/>\n<meta property=\"og:description\" content=\"La prochaine COP28 sur le climat se tiendra \u00e0 Duba\u00ef sous la pr\u00e9sidence du Sultan Al Jaber, le ministre de l\u2019industrie \u00e9mirati et pr\u00e9sident-directeur g\u00e9n\u00e9ral de la compagnie nationale p\u00e9troli\u00e8re Abu Dhabi National Oil Company (Adnoc). La presse commente unanimement cette annonce comme une mauvaise plaisanterie. En est-ce une ? &nbsp; La COP26 s\u2019est tenu [&hellip;]\" \/>\n<meta property=\"og:url\" content=\"https:\/\/www.image7.fr\/en\/document\/revue-de-presse-rse-17-01-23\/\" \/>\n<meta property=\"og:site_name\" content=\"Image Sept\" \/>\n<meta property=\"og:image\" content=\"https:\/\/images.pexels.com\/photos\/16583850\/pexels-photo-16583850\/free-photo-of-desert-sec-terre-fente.jpeg?auto=compress&amp;cs=tinysrgb&amp;w=1260&amp;h=750&amp;dpr=1\" \/>\n<meta name=\"twitter:label1\" content=\"Dur\u00e9e de lecture estim\u00e9e\" \/>\n\t<meta name=\"twitter:data1\" content=\"2 minutes\" \/>\n<script type=\"application\/ld+json\" class=\"yoast-schema-graph\">{\"@context\":\"https:\/\/schema.org\",\"@graph\":[{\"@type\":\"WebPage\",\"@id\":\"https:\/\/www.image7.fr\/en\/document\/revue-de-presse-rse-17-01-23\/\",\"url\":\"https:\/\/www.image7.fr\/en\/document\/revue-de-presse-rse-17-01-23\/\",\"name\":\"Des COP fossilis\u00e9es ? - Image Sept\",\"isPartOf\":{\"@id\":\"https:\/\/www.image7.fr\/en\/#website\"},\"primaryImageOfPage\":{\"@id\":\"https:\/\/www.image7.fr\/en\/document\/revue-de-presse-rse-17-01-23\/#primaryimage\"},\"image\":{\"@id\":\"https:\/\/www.image7.fr\/en\/document\/revue-de-presse-rse-17-01-23\/#primaryimage\"},\"thumbnailUrl\":\"https:\/\/images.pexels.com\/photos\/16583850\/pexels-photo-16583850\/free-photo-of-desert-sec-terre-fente.jpeg?auto=compress&amp;cs=tinysrgb&amp;w=1260&amp;h=750&amp;dpr=1\",\"datePublished\":\"2023-01-17T16:25:14+00:00\",\"breadcrumb\":{\"@id\":\"https:\/\/www.image7.fr\/en\/document\/revue-de-presse-rse-17-01-23\/#breadcrumb\"},\"inLanguage\":\"fr-FR\",\"potentialAction\":[{\"@type\":\"ReadAction\",\"target\":[\"https:\/\/www.image7.fr\/en\/document\/revue-de-presse-rse-17-01-23\/\"]}]},{\"@type\":\"ImageObject\",\"inLanguage\":\"fr-FR\",\"@id\":\"https:\/\/www.image7.fr\/en\/document\/revue-de-presse-rse-17-01-23\/#primaryimage\",\"url\":\"https:\/\/images.pexels.com\/photos\/16583850\/pexels-photo-16583850\/free-photo-of-desert-sec-terre-fente.jpeg?auto=compress&amp;cs=tinysrgb&amp;w=1260&amp;h=750&amp;dpr=1\",\"contentUrl\":\"https:\/\/images.pexels.com\/photos\/16583850\/pexels-photo-16583850\/free-photo-of-desert-sec-terre-fente.jpeg?auto=compress&amp;cs=tinysrgb&amp;w=1260&amp;h=750&amp;dpr=1\"},{\"@type\":\"BreadcrumbList\",\"@id\":\"https:\/\/www.image7.fr\/en\/document\/revue-de-presse-rse-17-01-23\/#breadcrumb\",\"itemListElement\":[{\"@type\":\"ListItem\",\"position\":1,\"name\":\"Accueil\",\"item\":\"https:\/\/www.image7.fr\/en\/\"},{\"@type\":\"ListItem\",\"position\":2,\"name\":\"Document\",\"item\":\"https:\/\/www.image7.fr\/en\/document\/\"},{\"@type\":\"ListItem\",\"position\":3,\"name\":\"Des COP fossilis\u00e9es ?\"}]},{\"@type\":\"WebSite\",\"@id\":\"https:\/\/www.image7.fr\/en\/#website\",\"url\":\"https:\/\/www.image7.fr\/en\/\",\"name\":\"Image Sept\",\"description\":\"Un site utilisant R\u00e9seau Image 7\",\"potentialAction\":[{\"@type\":\"SearchAction\",\"target\":{\"@type\":\"EntryPoint\",\"urlTemplate\":\"https:\/\/www.image7.fr\/en\/?s={search_term_string}\"},\"query-input\":{\"@type\":\"PropertyValueSpecification\",\"valueRequired\":true,\"valueName\":\"search_term_string\"}}],\"inLanguage\":\"fr-FR\"}]}<\/script>\n<!-- \/ Yoast SEO plugin. -->","yoast_head_json":{"title":"Des COP fossilis\u00e9es ? - Image Sept","robots":{"index":"index","follow":"follow","max-snippet":"max-snippet:-1","max-image-preview":"max-image-preview:large","max-video-preview":"max-video-preview:-1"},"canonical":"https:\/\/www.image7.fr\/en\/document\/revue-de-presse-rse-17-01-23\/","og_locale":"fr_FR","og_type":"article","og_title":"Des COP fossilis\u00e9es ? - Image Sept","og_description":"La prochaine COP28 sur le climat se tiendra \u00e0 Duba\u00ef sous la pr\u00e9sidence du Sultan Al Jaber, le ministre de l\u2019industrie \u00e9mirati et pr\u00e9sident-directeur g\u00e9n\u00e9ral de la compagnie nationale p\u00e9troli\u00e8re Abu Dhabi National Oil Company (Adnoc). La presse commente unanimement cette annonce comme une mauvaise plaisanterie. En est-ce une ? &nbsp; La COP26 s\u2019est tenu [&hellip;]","og_url":"https:\/\/www.image7.fr\/en\/document\/revue-de-presse-rse-17-01-23\/","og_site_name":"Image Sept","og_image":[{"url":"https:\/\/images.pexels.com\/photos\/16583850\/pexels-photo-16583850\/free-photo-of-desert-sec-terre-fente.jpeg?auto=compress&amp;cs=tinysrgb&amp;w=1260&amp;h=750&amp;dpr=1","type":"","width":"","height":""}],"twitter_misc":{"Dur\u00e9e de lecture estim\u00e9e":"2 minutes"},"schema":{"@context":"https:\/\/schema.org","@graph":[{"@type":"WebPage","@id":"https:\/\/www.image7.fr\/en\/document\/revue-de-presse-rse-17-01-23\/","url":"https:\/\/www.image7.fr\/en\/document\/revue-de-presse-rse-17-01-23\/","name":"Des COP fossilis\u00e9es ? - Image Sept","isPartOf":{"@id":"https:\/\/www.image7.fr\/en\/#website"},"primaryImageOfPage":{"@id":"https:\/\/www.image7.fr\/en\/document\/revue-de-presse-rse-17-01-23\/#primaryimage"},"image":{"@id":"https:\/\/www.image7.fr\/en\/document\/revue-de-presse-rse-17-01-23\/#primaryimage"},"thumbnailUrl":"https:\/\/images.pexels.com\/photos\/16583850\/pexels-photo-16583850\/free-photo-of-desert-sec-terre-fente.jpeg?auto=compress&amp;cs=tinysrgb&amp;w=1260&amp;h=750&amp;dpr=1","datePublished":"2023-01-17T16:25:14+00:00","breadcrumb":{"@id":"https:\/\/www.image7.fr\/en\/document\/revue-de-presse-rse-17-01-23\/#breadcrumb"},"inLanguage":"fr-FR","potentialAction":[{"@type":"ReadAction","target":["https:\/\/www.image7.fr\/en\/document\/revue-de-presse-rse-17-01-23\/"]}]},{"@type":"ImageObject","inLanguage":"fr-FR","@id":"https:\/\/www.image7.fr\/en\/document\/revue-de-presse-rse-17-01-23\/#primaryimage","url":"https:\/\/images.pexels.com\/photos\/16583850\/pexels-photo-16583850\/free-photo-of-desert-sec-terre-fente.jpeg?auto=compress&amp;cs=tinysrgb&amp;w=1260&amp;h=750&amp;dpr=1","contentUrl":"https:\/\/images.pexels.com\/photos\/16583850\/pexels-photo-16583850\/free-photo-of-desert-sec-terre-fente.jpeg?auto=compress&amp;cs=tinysrgb&amp;w=1260&amp;h=750&amp;dpr=1"},{"@type":"BreadcrumbList","@id":"https:\/\/www.image7.fr\/en\/document\/revue-de-presse-rse-17-01-23\/#breadcrumb","itemListElement":[{"@type":"ListItem","position":1,"name":"Accueil","item":"https:\/\/www.image7.fr\/en\/"},{"@type":"ListItem","position":2,"name":"Document","item":"https:\/\/www.image7.fr\/en\/document\/"},{"@type":"ListItem","position":3,"name":"Des COP fossilis\u00e9es ?"}]},{"@type":"WebSite","@id":"https:\/\/www.image7.fr\/en\/#website","url":"https:\/\/www.image7.fr\/en\/","name":"Image Sept","description":"Un site utilisant R\u00e9seau Image 7","potentialAction":[{"@type":"SearchAction","target":{"@type":"EntryPoint","urlTemplate":"https:\/\/www.image7.fr\/en\/?s={search_term_string}"},"query-input":{"@type":"PropertyValueSpecification","valueRequired":true,"valueName":"search_term_string"}}],"inLanguage":"fr-FR"}]}},"acf":[],"_links":{"self":[{"href":"https:\/\/www.image7.fr\/en\/wp-json\/wp\/v2\/document\/760","targetHints":{"allow":["GET"]}}],"collection":[{"href":"https:\/\/www.image7.fr\/en\/wp-json\/wp\/v2\/document"}],"about":[{"href":"https:\/\/www.image7.fr\/en\/wp-json\/wp\/v2\/types\/document"}],"wp:attachment":[{"href":"https:\/\/www.image7.fr\/en\/wp-json\/wp\/v2\/media?parent=760"}],"wp:term":[{"taxonomy":"categorie_documents","embeddable":true,"href":"https:\/\/www.image7.fr\/en\/wp-json\/wp\/v2\/categorie_documents?post=760"}],"curies":[{"name":"wp","href":"https:\/\/api.w.org\/{rel}","templated":true}]}}

Des COP fossilisées ?

<p><img loading="lazy" decoding="async" class="alignleft" src="https://images.pexels.com/photos/16583850/pexels-photo-16583850/free-photo-of-desert-sec-terre-fente.jpeg?auto=compress&amp;cs=tinysrgb&amp;w=1260&amp;h=750&amp;dpr=1" alt="Gratuit Photos gratuites de argile, changement climatique, craquelure Photos" width="311" height="207" />La prochaine COP28 sur le climat se tiendra à Dubaï sous la présidence du Sultan Al Jaber, le ministre de l’industrie émirati et président-directeur général de la compagnie nationale pétrolière Abu Dhabi National Oil Company (Adnoc). La presse commente unanimement cette annonce comme une mauvaise plaisanterie. En est-ce une ?</p>
<p>&nbsp;</p>
<p>La COP26 s’est tenu à Glasgow en 2021 dans un pays (la Grande-Bretagne) dont la production nationale d&rsquo;énergie primaire est constituée à 73 % de combustibles fossiles. Le texte final de cette convention ne mentionnait pas le recours à une baisse de l’usage des énergies fossiles pour atteindre la neutralité carbone.</p>
<p>&nbsp;</p>
<p>Lors de la COP27 à Charm el-Cheikh l’an dernier, cette approche n’a pas été retenue non plus. Les producteurs d’énergies fossiles produisent parce que les consommateurs les consomment. Selon le classement de l’ONU, la Somalie fait partie des pays les moins émetteurs de CO2.</p>
<p>&nbsp;</p>
<p>Il est bien difficile de dire si une future COP en Somalie permettrait d’obtenir des avancées plus rapides en faveur de la lutte contre le réchauffement climatique.</p>

<!-- This site is optimized with the Yoast SEO plugin v27.1.1 - https://yoast.com/product/yoast-seo-wordpress/ -->
<title>Des COP fossilisées ? - Image Sept</title>
<meta name="robots" content="index, follow, max-snippet:-1, max-image-preview:large, max-video-preview:-1" />
<link rel="canonical" href="https://www.image7.fr/en/document/revue-de-presse-rse-17-01-23/" />
<meta property="og:locale" content="fr_FR" />
<meta property="og:type" content="article" />
<meta property="og:title" content="Des COP fossilisées ? - Image Sept" />
<meta property="og:description" content="La prochaine COP28 sur le climat se tiendra à Dubaï sous la présidence du Sultan Al Jaber, le ministre de l’industrie émirati et président-directeur général de la compagnie nationale pétrolière Abu Dhabi National Oil Company (Adnoc). La presse commente unanimement cette annonce comme une mauvaise plaisanterie. En est-ce une ? &nbsp; La COP26 s’est tenu [&hellip;]" />
<meta property="og:url" content="https://www.image7.fr/en/document/revue-de-presse-rse-17-01-23/" />
<meta property="og:site_name" content="Image Sept" />
<meta property="og:image" content="https://images.pexels.com/photos/16583850/pexels-photo-16583850/free-photo-of-desert-sec-terre-fente.jpeg?auto=compress&amp;cs=tinysrgb&amp;w=1260&amp;h=750&amp;dpr=1" />
<meta name="twitter:label1" content="Durée de lecture estimée" />
	<meta name="twitter:data1" content="2 minutes" />
<script type="application/ld+json" class="yoast-schema-graph">{"@context":"https://schema.org","@graph":[{"@type":"WebPage","@id":"https://www.image7.fr/en/document/revue-de-presse-rse-17-01-23/","url":"https://www.image7.fr/en/document/revue-de-presse-rse-17-01-23/","name":"Des COP fossilisées ? - Image Sept","isPartOf":{"@id":"https://www.image7.fr/en/#website"},"primaryImageOfPage":{"@id":"https://www.image7.fr/en/document/revue-de-presse-rse-17-01-23/#primaryimage"},"image":{"@id":"https://www.image7.fr/en/document/revue-de-presse-rse-17-01-23/#primaryimage"},"thumbnailUrl":"https://images.pexels.com/photos/16583850/pexels-photo-16583850/free-photo-of-desert-sec-terre-fente.jpeg?auto=compress&amp;cs=tinysrgb&amp;w=1260&amp;h=750&amp;dpr=1","datePublished":"2023-01-17T16:25:14+00:00","breadcrumb":{"@id":"https://www.image7.fr/en/document/revue-de-presse-rse-17-01-23/#breadcrumb"},"inLanguage":"fr-FR","potentialAction":[{"@type":"ReadAction","target":["https://www.image7.fr/en/document/revue-de-presse-rse-17-01-23/"]}]},{"@type":"ImageObject","inLanguage":"fr-FR","@id":"https://www.image7.fr/en/document/revue-de-presse-rse-17-01-23/#primaryimage","url":"https://images.pexels.com/photos/16583850/pexels-photo-16583850/free-photo-of-desert-sec-terre-fente.jpeg?auto=compress&amp;cs=tinysrgb&amp;w=1260&amp;h=750&amp;dpr=1","contentUrl":"https://images.pexels.com/photos/16583850/pexels-photo-16583850/free-photo-of-desert-sec-terre-fente.jpeg?auto=compress&amp;cs=tinysrgb&amp;w=1260&amp;h=750&amp;dpr=1"},{"@type":"BreadcrumbList","@id":"https://www.image7.fr/en/document/revue-de-presse-rse-17-01-23/#breadcrumb","itemListElement":[{"@type":"ListItem","position":1,"name":"Accueil","item":"https://www.image7.fr/en/"},{"@type":"ListItem","position":2,"name":"Document","item":"https://www.image7.fr/en/document/"},{"@type":"ListItem","position":3,"name":"Des COP fossilisées ?"}]},{"@type":"WebSite","@id":"https://www.image7.fr/en/#website","url":"https://www.image7.fr/en/","name":"Image Sept","description":"Un site utilisant Réseau Image 7","potentialAction":[{"@type":"SearchAction","target":{"@type":"EntryPoint","urlTemplate":"https://www.image7.fr/en/?s={search_term_string}"},"query-input":{"@type":"PropertyValueSpecification","valueRequired":true,"valueName":"search_term_string"}}],"inLanguage":"fr-FR"}]}</script>
<!-- / Yoast SEO plugin. -->

Des COP fossilisées ? - Image Sept

La prochaine COP28 sur le climat se tiendra à Dubaï sous la présidence du Sultan Al Jaber, le ministre de l’industrie émirati et président-directeur général de la compagnie nationale pétrolière Abu Dhabi National Oil Company (Adnoc). La presse commente unanimement cette annonce comme une mauvaise plaisanterie. En est-ce une ? &nbsp; La COP26 s’est tenu [&hellip;]

Un site utilisant Réseau Image 7
