{"id":762,"date":"2023-01-25T17:32:02","date_gmt":"2023-01-25T16:32:02","guid":{"rendered":"https:\/\/www.image7.fr\/?post_type=document&amp;p=762"},"modified":"2023-01-25T17:32:02","modified_gmt":"2023-01-25T16:32:02","slug":"revue-de-presse-rse-25-01-23","status":"publish","type":"document","link":"https:\/\/www.image7.fr\/en\/document\/revue-de-presse-rse-25-01-23\/","title":{"rendered":"Le facteur temps"},"content":{"rendered":"<p><img loading=\"lazy\" decoding=\"async\" class=\"alignleft\" src=\"https:\/\/images.pexels.com\/photos\/2990650\/pexels-photo-2990650.jpeg?auto=compress&amp;cs=tinysrgb&amp;w=1260&amp;h=750&amp;dpr=1\" alt=\"Gratuit Photos gratuites de activiste, affiches, changement Photos\" width=\"311\" height=\"207\" \/>Peut-on affirmer que la RSE ne fonctionne (toujours) pas comme l\u2019explique le site Youmatter ? La transformation de la soci\u00e9t\u00e9 pour la Responsabilit\u00e9 Soci\u00e9tale des Entreprises passe par l\u2019ensemble de la cha\u00eene de valeur : les entreprises et leurs politiques, les Etats et leurs r\u00e9glementations, les individus et leurs comportements.<\/p>\n<p>&nbsp;<\/p>\n<p>Plus de la moiti\u00e9 des entreprises du CAC40 (21 sur 40) ont \u00e9labor\u00e9 une trajectoire vers la neutralit\u00e9 carbone valid\u00e9e par la science (SBTi) et chaque initiative compte comme celle de Paris La d\u00e9fense Arena qui a r\u00e9duit sa consommation \u00e9nerg\u00e9tique moyenne de 32% depuis 2019.<\/p>\n<p>&nbsp;<\/p>\n<p>Les Etats multiplient les r\u00e9glementations en faveur du climat et de la r\u00e9duction des in\u00e9galit\u00e9s comme en t\u00e9moigne cette semaine l\u2019action de la France pour d\u00e9fendre un moratoire contre l\u2019exploitation des fonds marins.<\/p>\n<p>&nbsp;<\/p>\n<p>Quant aux individus, leur implication pour un monde plus durable est croissante et se refl\u00e8te dans leur choix de carri\u00e8re : la g\u00e9n\u00e9ration Z montre un niveau de conscience RSE in\u00e9dit par rapport aux g\u00e9n\u00e9rations pr\u00e9c\u00e9dentes et les formations initiales et professionnalisantes l\u2019int\u00e8grent de mani\u00e8re croissante. Les \u00e9coles de commerce l\u2019ont compris, les secteurs de l\u2019\u00e9nergie et du BTP \u00e9galement mais aussi la restauration.<\/p>\n<p>&nbsp;<\/p>\n<p>Oui, la RSE fonctionne mais l\u2019urgence climatique nous enjoint \u00e0 acc\u00e9l\u00e9rer.<\/p>\n","protected":false},"featured_media":0,"menu_order":0,"template":"","meta":{"_acf_changed":false},"categorie_documents":[38],"class_list":["post-762","document","type-document","status-publish","hentry","categorie_documents-syntheses-rse"],"yoast_head":"<!-- This site is optimized with the Yoast SEO plugin v27.1.1 - https:\/\/yoast.com\/product\/yoast-seo-wordpress\/ -->\n<title>Le facteur temps - Image Sept<\/title>\n<meta name=\"robots\" content=\"index, follow, max-snippet:-1, max-image-preview:large, max-video-preview:-1\" \/>\n<link rel=\"canonical\" href=\"https:\/\/www.image7.fr\/en\/document\/revue-de-presse-rse-25-01-23\/\" \/>\n<meta property=\"og:locale\" content=\"fr_FR\" \/>\n<meta property=\"og:type\" content=\"article\" \/>\n<meta property=\"og:title\" content=\"Le facteur temps - Image Sept\" \/>\n<meta property=\"og:description\" content=\"Peut-on affirmer que la RSE ne fonctionne (toujours) pas comme l\u2019explique le site Youmatter ? La transformation de la soci\u00e9t\u00e9 pour la Responsabilit\u00e9 Soci\u00e9tale des Entreprises passe par l\u2019ensemble de la cha\u00eene de valeur : les entreprises et leurs politiques, les Etats et leurs r\u00e9glementations, les individus et leurs comportements. &nbsp; Plus de la moiti\u00e9 [&hellip;]\" \/>\n<meta property=\"og:url\" content=\"https:\/\/www.image7.fr\/en\/document\/revue-de-presse-rse-25-01-23\/\" \/>\n<meta property=\"og:site_name\" content=\"Image Sept\" \/>\n<meta property=\"og:image\" content=\"https:\/\/images.pexels.com\/photos\/2990650\/pexels-photo-2990650.jpeg?auto=compress&amp;cs=tinysrgb&amp;w=1260&amp;h=750&amp;dpr=1\" \/>\n<meta name=\"twitter:label1\" content=\"Dur\u00e9e de lecture estim\u00e9e\" \/>\n\t<meta name=\"twitter:data1\" content=\"2 minutes\" \/>\n<script type=\"application\/ld+json\" class=\"yoast-schema-graph\">{\"@context\":\"https:\/\/schema.org\",\"@graph\":[{\"@type\":\"WebPage\",\"@id\":\"https:\/\/www.image7.fr\/en\/document\/revue-de-presse-rse-25-01-23\/\",\"url\":\"https:\/\/www.image7.fr\/en\/document\/revue-de-presse-rse-25-01-23\/\",\"name\":\"Le facteur temps - Image Sept\",\"isPartOf\":{\"@id\":\"https:\/\/www.image7.fr\/en\/#website\"},\"primaryImageOfPage\":{\"@id\":\"https:\/\/www.image7.fr\/en\/document\/revue-de-presse-rse-25-01-23\/#primaryimage\"},\"image\":{\"@id\":\"https:\/\/www.image7.fr\/en\/document\/revue-de-presse-rse-25-01-23\/#primaryimage\"},\"thumbnailUrl\":\"https:\/\/images.pexels.com\/photos\/2990650\/pexels-photo-2990650.jpeg?auto=compress&amp;cs=tinysrgb&amp;w=1260&amp;h=750&amp;dpr=1\",\"datePublished\":\"2023-01-25T16:32:02+00:00\",\"breadcrumb\":{\"@id\":\"https:\/\/www.image7.fr\/en\/document\/revue-de-presse-rse-25-01-23\/#breadcrumb\"},\"inLanguage\":\"fr-FR\",\"potentialAction\":[{\"@type\":\"ReadAction\",\"target\":[\"https:\/\/www.image7.fr\/en\/document\/revue-de-presse-rse-25-01-23\/\"]}]},{\"@type\":\"ImageObject\",\"inLanguage\":\"fr-FR\",\"@id\":\"https:\/\/www.image7.fr\/en\/document\/revue-de-presse-rse-25-01-23\/#primaryimage\",\"url\":\"https:\/\/images.pexels.com\/photos\/2990650\/pexels-photo-2990650.jpeg?auto=compress&amp;cs=tinysrgb&amp;w=1260&amp;h=750&amp;dpr=1\",\"contentUrl\":\"https:\/\/images.pexels.com\/photos\/2990650\/pexels-photo-2990650.jpeg?auto=compress&amp;cs=tinysrgb&amp;w=1260&amp;h=750&amp;dpr=1\"},{\"@type\":\"BreadcrumbList\",\"@id\":\"https:\/\/www.image7.fr\/en\/document\/revue-de-presse-rse-25-01-23\/#breadcrumb\",\"itemListElement\":[{\"@type\":\"ListItem\",\"position\":1,\"name\":\"Accueil\",\"item\":\"https:\/\/www.image7.fr\/en\/\"},{\"@type\":\"ListItem\",\"position\":2,\"name\":\"Document\",\"item\":\"https:\/\/www.image7.fr\/en\/document\/\"},{\"@type\":\"ListItem\",\"position\":3,\"name\":\"Le facteur temps\"}]},{\"@type\":\"WebSite\",\"@id\":\"https:\/\/www.image7.fr\/en\/#website\",\"url\":\"https:\/\/www.image7.fr\/en\/\",\"name\":\"Image Sept\",\"description\":\"Un site utilisant R\u00e9seau Image 7\",\"potentialAction\":[{\"@type\":\"SearchAction\",\"target\":{\"@type\":\"EntryPoint\",\"urlTemplate\":\"https:\/\/www.image7.fr\/en\/?s={search_term_string}\"},\"query-input\":{\"@type\":\"PropertyValueSpecification\",\"valueRequired\":true,\"valueName\":\"search_term_string\"}}],\"inLanguage\":\"fr-FR\"}]}<\/script>\n<!-- \/ Yoast SEO plugin. -->","yoast_head_json":{"title":"Le facteur temps - Image Sept","robots":{"index":"index","follow":"follow","max-snippet":"max-snippet:-1","max-image-preview":"max-image-preview:large","max-video-preview":"max-video-preview:-1"},"canonical":"https:\/\/www.image7.fr\/en\/document\/revue-de-presse-rse-25-01-23\/","og_locale":"fr_FR","og_type":"article","og_title":"Le facteur temps - Image Sept","og_description":"Peut-on affirmer que la RSE ne fonctionne (toujours) pas comme l\u2019explique le site Youmatter ? La transformation de la soci\u00e9t\u00e9 pour la Responsabilit\u00e9 Soci\u00e9tale des Entreprises passe par l\u2019ensemble de la cha\u00eene de valeur : les entreprises et leurs politiques, les Etats et leurs r\u00e9glementations, les individus et leurs comportements. &nbsp; Plus de la moiti\u00e9 [&hellip;]","og_url":"https:\/\/www.image7.fr\/en\/document\/revue-de-presse-rse-25-01-23\/","og_site_name":"Image Sept","og_image":[{"url":"https:\/\/images.pexels.com\/photos\/2990650\/pexels-photo-2990650.jpeg?auto=compress&amp;cs=tinysrgb&amp;w=1260&amp;h=750&amp;dpr=1","type":"","width":"","height":""}],"twitter_misc":{"Dur\u00e9e de lecture estim\u00e9e":"2 minutes"},"schema":{"@context":"https:\/\/schema.org","@graph":[{"@type":"WebPage","@id":"https:\/\/www.image7.fr\/en\/document\/revue-de-presse-rse-25-01-23\/","url":"https:\/\/www.image7.fr\/en\/document\/revue-de-presse-rse-25-01-23\/","name":"Le facteur temps - Image Sept","isPartOf":{"@id":"https:\/\/www.image7.fr\/en\/#website"},"primaryImageOfPage":{"@id":"https:\/\/www.image7.fr\/en\/document\/revue-de-presse-rse-25-01-23\/#primaryimage"},"image":{"@id":"https:\/\/www.image7.fr\/en\/document\/revue-de-presse-rse-25-01-23\/#primaryimage"},"thumbnailUrl":"https:\/\/images.pexels.com\/photos\/2990650\/pexels-photo-2990650.jpeg?auto=compress&amp;cs=tinysrgb&amp;w=1260&amp;h=750&amp;dpr=1","datePublished":"2023-01-25T16:32:02+00:00","breadcrumb":{"@id":"https:\/\/www.image7.fr\/en\/document\/revue-de-presse-rse-25-01-23\/#breadcrumb"},"inLanguage":"fr-FR","potentialAction":[{"@type":"ReadAction","target":["https:\/\/www.image7.fr\/en\/document\/revue-de-presse-rse-25-01-23\/"]}]},{"@type":"ImageObject","inLanguage":"fr-FR","@id":"https:\/\/www.image7.fr\/en\/document\/revue-de-presse-rse-25-01-23\/#primaryimage","url":"https:\/\/images.pexels.com\/photos\/2990650\/pexels-photo-2990650.jpeg?auto=compress&amp;cs=tinysrgb&amp;w=1260&amp;h=750&amp;dpr=1","contentUrl":"https:\/\/images.pexels.com\/photos\/2990650\/pexels-photo-2990650.jpeg?auto=compress&amp;cs=tinysrgb&amp;w=1260&amp;h=750&amp;dpr=1"},{"@type":"BreadcrumbList","@id":"https:\/\/www.image7.fr\/en\/document\/revue-de-presse-rse-25-01-23\/#breadcrumb","itemListElement":[{"@type":"ListItem","position":1,"name":"Accueil","item":"https:\/\/www.image7.fr\/en\/"},{"@type":"ListItem","position":2,"name":"Document","item":"https:\/\/www.image7.fr\/en\/document\/"},{"@type":"ListItem","position":3,"name":"Le facteur temps"}]},{"@type":"WebSite","@id":"https:\/\/www.image7.fr\/en\/#website","url":"https:\/\/www.image7.fr\/en\/","name":"Image Sept","description":"Un site utilisant R\u00e9seau Image 7","potentialAction":[{"@type":"SearchAction","target":{"@type":"EntryPoint","urlTemplate":"https:\/\/www.image7.fr\/en\/?s={search_term_string}"},"query-input":{"@type":"PropertyValueSpecification","valueRequired":true,"valueName":"search_term_string"}}],"inLanguage":"fr-FR"}]}},"acf":[],"_links":{"self":[{"href":"https:\/\/www.image7.fr\/en\/wp-json\/wp\/v2\/document\/762","targetHints":{"allow":["GET"]}}],"collection":[{"href":"https:\/\/www.image7.fr\/en\/wp-json\/wp\/v2\/document"}],"about":[{"href":"https:\/\/www.image7.fr\/en\/wp-json\/wp\/v2\/types\/document"}],"wp:attachment":[{"href":"https:\/\/www.image7.fr\/en\/wp-json\/wp\/v2\/media?parent=762"}],"wp:term":[{"taxonomy":"categorie_documents","embeddable":true,"href":"https:\/\/www.image7.fr\/en\/wp-json\/wp\/v2\/categorie_documents?post=762"}],"curies":[{"name":"wp","href":"https:\/\/api.w.org\/{rel}","templated":true}]}}

<p><img loading="lazy" decoding="async" class="alignleft" src="https://images.pexels.com/photos/2990650/pexels-photo-2990650.jpeg?auto=compress&amp;cs=tinysrgb&amp;w=1260&amp;h=750&amp;dpr=1" alt="Gratuit Photos gratuites de activiste, affiches, changement Photos" width="311" height="207" />Peut-on affirmer que la RSE ne fonctionne (toujours) pas comme l’explique le site Youmatter ? La transformation de la société pour la Responsabilité Sociétale des Entreprises passe par l’ensemble de la chaîne de valeur : les entreprises et leurs politiques, les Etats et leurs réglementations, les individus et leurs comportements.</p>
<p>&nbsp;</p>
<p>Plus de la moitié des entreprises du CAC40 (21 sur 40) ont élaboré une trajectoire vers la neutralité carbone validée par la science (SBTi) et chaque initiative compte comme celle de Paris La défense Arena qui a réduit sa consommation énergétique moyenne de 32% depuis 2019.</p>
<p>&nbsp;</p>
<p>Les Etats multiplient les réglementations en faveur du climat et de la réduction des inégalités comme en témoigne cette semaine l’action de la France pour défendre un moratoire contre l’exploitation des fonds marins.</p>
<p>&nbsp;</p>
<p>Quant aux individus, leur implication pour un monde plus durable est croissante et se reflète dans leur choix de carrière : la génération Z montre un niveau de conscience RSE inédit par rapport aux générations précédentes et les formations initiales et professionnalisantes l’intègrent de manière croissante. Les écoles de commerce l’ont compris, les secteurs de l’énergie et du BTP également mais aussi la restauration.</p>
<p>&nbsp;</p>
<p>Oui, la RSE fonctionne mais l’urgence climatique nous enjoint à accélérer.</p>

<!-- This site is optimized with the Yoast SEO plugin v27.1.1 - https://yoast.com/product/yoast-seo-wordpress/ -->
<title>Le facteur temps - Image Sept</title>
<meta name="robots" content="index, follow, max-snippet:-1, max-image-preview:large, max-video-preview:-1" />
<link rel="canonical" href="https://www.image7.fr/en/document/revue-de-presse-rse-25-01-23/" />
<meta property="og:locale" content="fr_FR" />
<meta property="og:type" content="article" />
<meta property="og:title" content="Le facteur temps - Image Sept" />
<meta property="og:description" content="Peut-on affirmer que la RSE ne fonctionne (toujours) pas comme l’explique le site Youmatter ? La transformation de la société pour la Responsabilité Sociétale des Entreprises passe par l’ensemble de la chaîne de valeur : les entreprises et leurs politiques, les Etats et leurs réglementations, les individus et leurs comportements. &nbsp; Plus de la moitié [&hellip;]" />
<meta property="og:url" content="https://www.image7.fr/en/document/revue-de-presse-rse-25-01-23/" />
<meta property="og:site_name" content="Image Sept" />
<meta property="og:image" content="https://images.pexels.com/photos/2990650/pexels-photo-2990650.jpeg?auto=compress&amp;cs=tinysrgb&amp;w=1260&amp;h=750&amp;dpr=1" />
<meta name="twitter:label1" content="Durée de lecture estimée" />
	<meta name="twitter:data1" content="2 minutes" />
<script type="application/ld+json" class="yoast-schema-graph">{"@context":"https://schema.org","@graph":[{"@type":"WebPage","@id":"https://www.image7.fr/en/document/revue-de-presse-rse-25-01-23/","url":"https://www.image7.fr/en/document/revue-de-presse-rse-25-01-23/","name":"Le facteur temps - Image Sept","isPartOf":{"@id":"https://www.image7.fr/en/#website"},"primaryImageOfPage":{"@id":"https://www.image7.fr/en/document/revue-de-presse-rse-25-01-23/#primaryimage"},"image":{"@id":"https://www.image7.fr/en/document/revue-de-presse-rse-25-01-23/#primaryimage"},"thumbnailUrl":"https://images.pexels.com/photos/2990650/pexels-photo-2990650.jpeg?auto=compress&amp;cs=tinysrgb&amp;w=1260&amp;h=750&amp;dpr=1","datePublished":"2023-01-25T16:32:02+00:00","breadcrumb":{"@id":"https://www.image7.fr/en/document/revue-de-presse-rse-25-01-23/#breadcrumb"},"inLanguage":"fr-FR","potentialAction":[{"@type":"ReadAction","target":["https://www.image7.fr/en/document/revue-de-presse-rse-25-01-23/"]}]},{"@type":"ImageObject","inLanguage":"fr-FR","@id":"https://www.image7.fr/en/document/revue-de-presse-rse-25-01-23/#primaryimage","url":"https://images.pexels.com/photos/2990650/pexels-photo-2990650.jpeg?auto=compress&amp;cs=tinysrgb&amp;w=1260&amp;h=750&amp;dpr=1","contentUrl":"https://images.pexels.com/photos/2990650/pexels-photo-2990650.jpeg?auto=compress&amp;cs=tinysrgb&amp;w=1260&amp;h=750&amp;dpr=1"},{"@type":"BreadcrumbList","@id":"https://www.image7.fr/en/document/revue-de-presse-rse-25-01-23/#breadcrumb","itemListElement":[{"@type":"ListItem","position":1,"name":"Accueil","item":"https://www.image7.fr/en/"},{"@type":"ListItem","position":2,"name":"Document","item":"https://www.image7.fr/en/document/"},{"@type":"ListItem","position":3,"name":"Le facteur temps"}]},{"@type":"WebSite","@id":"https://www.image7.fr/en/#website","url":"https://www.image7.fr/en/","name":"Image Sept","description":"Un site utilisant Réseau Image 7","potentialAction":[{"@type":"SearchAction","target":{"@type":"EntryPoint","urlTemplate":"https://www.image7.fr/en/?s={search_term_string}"},"query-input":{"@type":"PropertyValueSpecification","valueRequired":true,"valueName":"search_term_string"}}],"inLanguage":"fr-FR"}]}</script>
<!-- / Yoast SEO plugin. -->

Peut-on affirmer que la RSE ne fonctionne (toujours) pas comme l’explique le site Youmatter ? La transformation de la société pour la Responsabilité Sociétale des Entreprises passe par l’ensemble de la chaîne de valeur : les entreprises et leurs politiques, les Etats et leurs réglementations, les individus et leurs comportements. &nbsp; Plus de la moitié [&hellip;]

Un site utilisant Réseau Image 7
