{"id":804,"date":"2023-01-27T11:27:19","date_gmt":"2023-01-27T10:27:19","guid":{"rendered":"https:\/\/www.image7.fr\/?post_type=document&amp;p=804"},"modified":"2023-01-27T11:27:19","modified_gmt":"2023-01-27T10:27:19","slug":"cahier-de-tendance-17-03-23","status":"publish","type":"document","link":"https:\/\/www.image7.fr\/en\/document\/cahier-de-tendance-17-03-23\/","title":{"rendered":"Les cygnes noirs"},"content":{"rendered":"<p>CAHIER DE TENDANCE #122 | 27 JANVIER 2023<\/p>\n<p><img loading=\"lazy\" decoding=\"async\" class=\"alignleft\" src=\"https:\/\/images.pexels.com\/photos\/210607\/pexels-photo-210607.jpeg?auto=compress&amp;cs=tinysrgb&amp;w=1260&amp;h=750&amp;dpr=1\" alt=\"Gratuit Conseil De La Bourse Photos\" width=\"309\" height=\"206\" \/>Les f\u00e9es sont t\u00eatues. Se penchant sur le berceau de cette ann\u00e9e nouvelle, elles avaient proph\u00e9tis\u00e9 la r\u00e9cession, la crise \u00e9conomique, la stagflation. Bref, tout ce qu\u2019elles avaient d\u00e9j\u00e0 cru voir l\u2019ann\u00e9e pr\u00e9c\u00e9dente. Le probl\u00e8me est que les faits sont aussi t\u00eatus. Derni\u00e8rement, l\u2019Opinion pouvait poser cette interrogation \u2013 en apparence \u2013 provocatrice : et si la r\u00e9cession n\u2019existait pas ? Et si la crise n\u2019\u00e9tait pas au rendez-vous ? Et si l\u2019Europe n\u2019allait pas \u00eatre plong\u00e9e dans le marasme \u00e9conomique ? Et d\u2019encha\u00eener au risque de d\u00e9sesp\u00e9rer les Cassandre, en \u00e9grenant tout ce qui peut para\u00eetre paradoxal et inexplicable dans la situation pr\u00e9sente comme le myst\u00e8re des cr\u00e9ations d\u2019emplois sans croissance, l\u2019immobilier qui fait de la r\u00e9sistance, le CAC 40 qui se porte comme un charme, une France qui semble \u00e9chapper au black-out et&#8230; une bonne et heureuse surprise pour Bercy qui constate \u00ab que plus les imp\u00f4ts baissent, plus les recettes augmentent \u00bb.<\/p>\n<p>&nbsp;<\/p>\n<p>Bref, si les Fran\u00e7ais sont dans la rue, les indicateurs \u00e9conomiques sont aux nues. Est-ce \u00e0 dire que nous vivons dans le meilleur des mondes cher \u00e0 Leibniz et brocard\u00e9 par Voltaire ? Non. Ce n\u2019est pas le pire qui est \u00e0 pr\u00e9voir, mais c\u2019est l\u2019inattendu, l\u2019al\u00e9a, le surgissement de ces \u00e9v\u00e9nements que les \u00e9conomistes, climatologues, virologues et proph\u00e8tes ne parviennent pas \u00e0 discerner dans les visc\u00e8res de leurs analyses. Depuis les avertissements du Club de Rome qui vaticinait sur les limites de la croissance il y a plus d\u2019un demi-si\u00e8cle, on sait que l\u2019avenir n\u2019est \u00e9crit nulle part mais qu\u2019il n\u2019est pas, pour autant, d\u00e9pourvu de drames, d\u2019enjeux et de d\u00e9fis comme l\u2019ont montr\u00e9 r\u00e9cemment \u00e0 des degr\u00e9s divers &#8211; la pand\u00e9mie, la guerre en Ukraine, la crise \u00e9nerg\u00e9tique ou la remont\u00e9e des taux d\u2019int\u00e9r\u00eats. Le probl\u00e8me est bien le caract\u00e8re impr\u00e9visible de ce qui vient, qui souligne la fragilit\u00e9 de nos syst\u00e8mes de pens\u00e9e et qui n\u00e9cessite moins du rationnel que de l\u2019agilit\u00e9 et de la r\u00e9activit\u00e9.<\/p>\n<p>&nbsp;<\/p>\n<p>Il y a d\u00e9j\u00e0 plus de dix ans, paraissait aux \u00c9tats-Unis un essai qui allait vite devenir un best-seller, Le Cygne noir. Son auteur, statisticien et philosophe, Nassim Nicholas Taleb y d\u00e9veloppait la th\u00e9orie de \u00ab la puissance de l&rsquo;impr\u00e9visible \u00bb, selon laquelle on appelle cygne noir un certain \u00e9v\u00e9nement impr\u00e9visible qui a une faible probabilit\u00e9 de se d\u00e9rouler (appel\u00e9 \u00ab \u00e9v\u00e9nement rare \u00bb en th\u00e9orie des probabilit\u00e9s) et qui, s&rsquo;il se r\u00e9alise, a des cons\u00e9quences d&rsquo;une port\u00e9e consid\u00e9rable et exceptionnelle.<\/p>\n<p>&nbsp;<\/p>\n<p>Reconnaissons au minimum que ces derniers temps nous avons eu non pas un seul individu de cette esp\u00e8ce mais des couv\u00e9es enti\u00e8res de cygnes noirs, signes que nous ne sommes pas encore parvenus dans les eaux du changement, mais que nous croisons encore dans celles des polycrises. Et dans ces p\u00e9riodes, le mieux \u00e0 faire et de quitter les rives de l\u2019extrapolation pour celles de l\u2019anticipation.<\/p>\n","protected":false},"featured_media":0,"menu_order":0,"template":"","meta":{"_acf_changed":false},"categorie_documents":[37],"class_list":["post-804","document","type-document","status-publish","hentry","categorie_documents-cahier-de-tendances"],"yoast_head":"<!-- This site is optimized with the Yoast SEO plugin v27.1.1 - https:\/\/yoast.com\/product\/yoast-seo-wordpress\/ -->\n<title>Les cygnes noirs - Image Sept<\/title>\n<meta name=\"robots\" content=\"index, follow, max-snippet:-1, max-image-preview:large, max-video-preview:-1\" \/>\n<link rel=\"canonical\" href=\"https:\/\/www.image7.fr\/en\/document\/cahier-de-tendance-17-03-23\/\" \/>\n<meta property=\"og:locale\" content=\"fr_FR\" \/>\n<meta property=\"og:type\" content=\"article\" \/>\n<meta property=\"og:title\" content=\"Les cygnes noirs - Image Sept\" \/>\n<meta property=\"og:description\" content=\"CAHIER DE TENDANCE #122 | 27 JANVIER 2023 Les f\u00e9es sont t\u00eatues. Se penchant sur le berceau de cette ann\u00e9e nouvelle, elles avaient proph\u00e9tis\u00e9 la r\u00e9cession, la crise \u00e9conomique, la stagflation. Bref, tout ce qu\u2019elles avaient d\u00e9j\u00e0 cru voir l\u2019ann\u00e9e pr\u00e9c\u00e9dente. Le probl\u00e8me est que les faits sont aussi t\u00eatus. Derni\u00e8rement, l\u2019Opinion pouvait poser cette [&hellip;]\" \/>\n<meta property=\"og:url\" content=\"https:\/\/www.image7.fr\/en\/document\/cahier-de-tendance-17-03-23\/\" \/>\n<meta property=\"og:site_name\" content=\"Image Sept\" \/>\n<meta property=\"og:image\" content=\"https:\/\/images.pexels.com\/photos\/210607\/pexels-photo-210607.jpeg?auto=compress&amp;cs=tinysrgb&amp;w=1260&amp;h=750&amp;dpr=1\" \/>\n<meta name=\"twitter:label1\" content=\"Dur\u00e9e de lecture estim\u00e9e\" \/>\n\t<meta name=\"twitter:data1\" content=\"3 minutes\" \/>\n<script type=\"application\/ld+json\" class=\"yoast-schema-graph\">{\"@context\":\"https:\/\/schema.org\",\"@graph\":[{\"@type\":\"WebPage\",\"@id\":\"https:\/\/www.image7.fr\/en\/document\/cahier-de-tendance-17-03-23\/\",\"url\":\"https:\/\/www.image7.fr\/en\/document\/cahier-de-tendance-17-03-23\/\",\"name\":\"Les cygnes noirs - Image Sept\",\"isPartOf\":{\"@id\":\"https:\/\/www.image7.fr\/en\/#website\"},\"primaryImageOfPage\":{\"@id\":\"https:\/\/www.image7.fr\/en\/document\/cahier-de-tendance-17-03-23\/#primaryimage\"},\"image\":{\"@id\":\"https:\/\/www.image7.fr\/en\/document\/cahier-de-tendance-17-03-23\/#primaryimage\"},\"thumbnailUrl\":\"https:\/\/images.pexels.com\/photos\/210607\/pexels-photo-210607.jpeg?auto=compress&amp;cs=tinysrgb&amp;w=1260&amp;h=750&amp;dpr=1\",\"datePublished\":\"2023-01-27T10:27:19+00:00\",\"breadcrumb\":{\"@id\":\"https:\/\/www.image7.fr\/en\/document\/cahier-de-tendance-17-03-23\/#breadcrumb\"},\"inLanguage\":\"fr-FR\",\"potentialAction\":[{\"@type\":\"ReadAction\",\"target\":[\"https:\/\/www.image7.fr\/en\/document\/cahier-de-tendance-17-03-23\/\"]}]},{\"@type\":\"ImageObject\",\"inLanguage\":\"fr-FR\",\"@id\":\"https:\/\/www.image7.fr\/en\/document\/cahier-de-tendance-17-03-23\/#primaryimage\",\"url\":\"https:\/\/images.pexels.com\/photos\/210607\/pexels-photo-210607.jpeg?auto=compress&amp;cs=tinysrgb&amp;w=1260&amp;h=750&amp;dpr=1\",\"contentUrl\":\"https:\/\/images.pexels.com\/photos\/210607\/pexels-photo-210607.jpeg?auto=compress&amp;cs=tinysrgb&amp;w=1260&amp;h=750&amp;dpr=1\"},{\"@type\":\"BreadcrumbList\",\"@id\":\"https:\/\/www.image7.fr\/en\/document\/cahier-de-tendance-17-03-23\/#breadcrumb\",\"itemListElement\":[{\"@type\":\"ListItem\",\"position\":1,\"name\":\"Accueil\",\"item\":\"https:\/\/www.image7.fr\/en\/\"},{\"@type\":\"ListItem\",\"position\":2,\"name\":\"Document\",\"item\":\"https:\/\/www.image7.fr\/en\/document\/\"},{\"@type\":\"ListItem\",\"position\":3,\"name\":\"Les cygnes noirs\"}]},{\"@type\":\"WebSite\",\"@id\":\"https:\/\/www.image7.fr\/en\/#website\",\"url\":\"https:\/\/www.image7.fr\/en\/\",\"name\":\"Image Sept\",\"description\":\"Un site utilisant R\u00e9seau Image 7\",\"potentialAction\":[{\"@type\":\"SearchAction\",\"target\":{\"@type\":\"EntryPoint\",\"urlTemplate\":\"https:\/\/www.image7.fr\/en\/?s={search_term_string}\"},\"query-input\":{\"@type\":\"PropertyValueSpecification\",\"valueRequired\":true,\"valueName\":\"search_term_string\"}}],\"inLanguage\":\"fr-FR\"}]}<\/script>\n<!-- \/ Yoast SEO plugin. -->","yoast_head_json":{"title":"Les cygnes noirs - Image Sept","robots":{"index":"index","follow":"follow","max-snippet":"max-snippet:-1","max-image-preview":"max-image-preview:large","max-video-preview":"max-video-preview:-1"},"canonical":"https:\/\/www.image7.fr\/en\/document\/cahier-de-tendance-17-03-23\/","og_locale":"fr_FR","og_type":"article","og_title":"Les cygnes noirs - Image Sept","og_description":"CAHIER DE TENDANCE #122 | 27 JANVIER 2023 Les f\u00e9es sont t\u00eatues. Se penchant sur le berceau de cette ann\u00e9e nouvelle, elles avaient proph\u00e9tis\u00e9 la r\u00e9cession, la crise \u00e9conomique, la stagflation. Bref, tout ce qu\u2019elles avaient d\u00e9j\u00e0 cru voir l\u2019ann\u00e9e pr\u00e9c\u00e9dente. Le probl\u00e8me est que les faits sont aussi t\u00eatus. Derni\u00e8rement, l\u2019Opinion pouvait poser cette [&hellip;]","og_url":"https:\/\/www.image7.fr\/en\/document\/cahier-de-tendance-17-03-23\/","og_site_name":"Image Sept","og_image":[{"url":"https:\/\/images.pexels.com\/photos\/210607\/pexels-photo-210607.jpeg?auto=compress&amp;cs=tinysrgb&amp;w=1260&amp;h=750&amp;dpr=1","type":"","width":"","height":""}],"twitter_misc":{"Dur\u00e9e de lecture estim\u00e9e":"3 minutes"},"schema":{"@context":"https:\/\/schema.org","@graph":[{"@type":"WebPage","@id":"https:\/\/www.image7.fr\/en\/document\/cahier-de-tendance-17-03-23\/","url":"https:\/\/www.image7.fr\/en\/document\/cahier-de-tendance-17-03-23\/","name":"Les cygnes noirs - Image Sept","isPartOf":{"@id":"https:\/\/www.image7.fr\/en\/#website"},"primaryImageOfPage":{"@id":"https:\/\/www.image7.fr\/en\/document\/cahier-de-tendance-17-03-23\/#primaryimage"},"image":{"@id":"https:\/\/www.image7.fr\/en\/document\/cahier-de-tendance-17-03-23\/#primaryimage"},"thumbnailUrl":"https:\/\/images.pexels.com\/photos\/210607\/pexels-photo-210607.jpeg?auto=compress&amp;cs=tinysrgb&amp;w=1260&amp;h=750&amp;dpr=1","datePublished":"2023-01-27T10:27:19+00:00","breadcrumb":{"@id":"https:\/\/www.image7.fr\/en\/document\/cahier-de-tendance-17-03-23\/#breadcrumb"},"inLanguage":"fr-FR","potentialAction":[{"@type":"ReadAction","target":["https:\/\/www.image7.fr\/en\/document\/cahier-de-tendance-17-03-23\/"]}]},{"@type":"ImageObject","inLanguage":"fr-FR","@id":"https:\/\/www.image7.fr\/en\/document\/cahier-de-tendance-17-03-23\/#primaryimage","url":"https:\/\/images.pexels.com\/photos\/210607\/pexels-photo-210607.jpeg?auto=compress&amp;cs=tinysrgb&amp;w=1260&amp;h=750&amp;dpr=1","contentUrl":"https:\/\/images.pexels.com\/photos\/210607\/pexels-photo-210607.jpeg?auto=compress&amp;cs=tinysrgb&amp;w=1260&amp;h=750&amp;dpr=1"},{"@type":"BreadcrumbList","@id":"https:\/\/www.image7.fr\/en\/document\/cahier-de-tendance-17-03-23\/#breadcrumb","itemListElement":[{"@type":"ListItem","position":1,"name":"Accueil","item":"https:\/\/www.image7.fr\/en\/"},{"@type":"ListItem","position":2,"name":"Document","item":"https:\/\/www.image7.fr\/en\/document\/"},{"@type":"ListItem","position":3,"name":"Les cygnes noirs"}]},{"@type":"WebSite","@id":"https:\/\/www.image7.fr\/en\/#website","url":"https:\/\/www.image7.fr\/en\/","name":"Image Sept","description":"Un site utilisant R\u00e9seau Image 7","potentialAction":[{"@type":"SearchAction","target":{"@type":"EntryPoint","urlTemplate":"https:\/\/www.image7.fr\/en\/?s={search_term_string}"},"query-input":{"@type":"PropertyValueSpecification","valueRequired":true,"valueName":"search_term_string"}}],"inLanguage":"fr-FR"}]}},"acf":[],"_links":{"self":[{"href":"https:\/\/www.image7.fr\/en\/wp-json\/wp\/v2\/document\/804","targetHints":{"allow":["GET"]}}],"collection":[{"href":"https:\/\/www.image7.fr\/en\/wp-json\/wp\/v2\/document"}],"about":[{"href":"https:\/\/www.image7.fr\/en\/wp-json\/wp\/v2\/types\/document"}],"wp:attachment":[{"href":"https:\/\/www.image7.fr\/en\/wp-json\/wp\/v2\/media?parent=804"}],"wp:term":[{"taxonomy":"categorie_documents","embeddable":true,"href":"https:\/\/www.image7.fr\/en\/wp-json\/wp\/v2\/categorie_documents?post=804"}],"curies":[{"name":"wp","href":"https:\/\/api.w.org\/{rel}","templated":true}]}}

<p>CAHIER DE TENDANCE #122 | 27 JANVIER 2023</p>
<p><img loading="lazy" decoding="async" class="alignleft" src="https://images.pexels.com/photos/210607/pexels-photo-210607.jpeg?auto=compress&amp;cs=tinysrgb&amp;w=1260&amp;h=750&amp;dpr=1" alt="Gratuit Conseil De La Bourse Photos" width="309" height="206" />Les fées sont têtues. Se penchant sur le berceau de cette année nouvelle, elles avaient prophétisé la récession, la crise économique, la stagflation. Bref, tout ce qu’elles avaient déjà cru voir l’année précédente. Le problème est que les faits sont aussi têtus. Dernièrement, l’Opinion pouvait poser cette interrogation – en apparence – provocatrice : et si la récession n’existait pas ? Et si la crise n’était pas au rendez-vous ? Et si l’Europe n’allait pas être plongée dans le marasme économique ? Et d’enchaîner au risque de désespérer les Cassandre, en égrenant tout ce qui peut paraître paradoxal et inexplicable dans la situation présente comme le mystère des créations d’emplois sans croissance, l’immobilier qui fait de la résistance, le CAC 40 qui se porte comme un charme, une France qui semble échapper au black-out et&#8230; une bonne et heureuse surprise pour Bercy qui constate « que plus les impôts baissent, plus les recettes augmentent ».</p>
<p>&nbsp;</p>
<p>Bref, si les Français sont dans la rue, les indicateurs économiques sont aux nues. Est-ce à dire que nous vivons dans le meilleur des mondes cher à Leibniz et brocardé par Voltaire ? Non. Ce n’est pas le pire qui est à prévoir, mais c’est l’inattendu, l’aléa, le surgissement de ces événements que les économistes, climatologues, virologues et prophètes ne parviennent pas à discerner dans les viscères de leurs analyses. Depuis les avertissements du Club de Rome qui vaticinait sur les limites de la croissance il y a plus d’un demi-siècle, on sait que l’avenir n’est écrit nulle part mais qu’il n’est pas, pour autant, dépourvu de drames, d’enjeux et de défis comme l’ont montré récemment à des degrés divers &#8211; la pandémie, la guerre en Ukraine, la crise énergétique ou la remontée des taux d’intérêts. Le problème est bien le caractère imprévisible de ce qui vient, qui souligne la fragilité de nos systèmes de pensée et qui nécessite moins du rationnel que de l’agilité et de la réactivité.</p>
<p>&nbsp;</p>
<p>Il y a déjà plus de dix ans, paraissait aux États-Unis un essai qui allait vite devenir un best-seller, Le Cygne noir. Son auteur, statisticien et philosophe, Nassim Nicholas Taleb y développait la théorie de « la puissance de l&rsquo;imprévisible », selon laquelle on appelle cygne noir un certain événement imprévisible qui a une faible probabilité de se dérouler (appelé « événement rare » en théorie des probabilités) et qui, s&rsquo;il se réalise, a des conséquences d&rsquo;une portée considérable et exceptionnelle.</p>
<p>&nbsp;</p>
<p>Reconnaissons au minimum que ces derniers temps nous avons eu non pas un seul individu de cette espèce mais des couvées entières de cygnes noirs, signes que nous ne sommes pas encore parvenus dans les eaux du changement, mais que nous croisons encore dans celles des polycrises. Et dans ces périodes, le mieux à faire et de quitter les rives de l’extrapolation pour celles de l’anticipation.</p>

<!-- This site is optimized with the Yoast SEO plugin v27.1.1 - https://yoast.com/product/yoast-seo-wordpress/ -->
<title>Les cygnes noirs - Image Sept</title>
<meta name="robots" content="index, follow, max-snippet:-1, max-image-preview:large, max-video-preview:-1" />
<link rel="canonical" href="https://www.image7.fr/en/document/cahier-de-tendance-17-03-23/" />
<meta property="og:locale" content="fr_FR" />
<meta property="og:type" content="article" />
<meta property="og:title" content="Les cygnes noirs - Image Sept" />
<meta property="og:description" content="CAHIER DE TENDANCE #122 | 27 JANVIER 2023 Les fées sont têtues. Se penchant sur le berceau de cette année nouvelle, elles avaient prophétisé la récession, la crise économique, la stagflation. Bref, tout ce qu’elles avaient déjà cru voir l’année précédente. Le problème est que les faits sont aussi têtus. Dernièrement, l’Opinion pouvait poser cette [&hellip;]" />
<meta property="og:url" content="https://www.image7.fr/en/document/cahier-de-tendance-17-03-23/" />
<meta property="og:site_name" content="Image Sept" />
<meta property="og:image" content="https://images.pexels.com/photos/210607/pexels-photo-210607.jpeg?auto=compress&amp;cs=tinysrgb&amp;w=1260&amp;h=750&amp;dpr=1" />
<meta name="twitter:label1" content="Durée de lecture estimée" />
	<meta name="twitter:data1" content="3 minutes" />
<script type="application/ld+json" class="yoast-schema-graph">{"@context":"https://schema.org","@graph":[{"@type":"WebPage","@id":"https://www.image7.fr/en/document/cahier-de-tendance-17-03-23/","url":"https://www.image7.fr/en/document/cahier-de-tendance-17-03-23/","name":"Les cygnes noirs - Image Sept","isPartOf":{"@id":"https://www.image7.fr/en/#website"},"primaryImageOfPage":{"@id":"https://www.image7.fr/en/document/cahier-de-tendance-17-03-23/#primaryimage"},"image":{"@id":"https://www.image7.fr/en/document/cahier-de-tendance-17-03-23/#primaryimage"},"thumbnailUrl":"https://images.pexels.com/photos/210607/pexels-photo-210607.jpeg?auto=compress&amp;cs=tinysrgb&amp;w=1260&amp;h=750&amp;dpr=1","datePublished":"2023-01-27T10:27:19+00:00","breadcrumb":{"@id":"https://www.image7.fr/en/document/cahier-de-tendance-17-03-23/#breadcrumb"},"inLanguage":"fr-FR","potentialAction":[{"@type":"ReadAction","target":["https://www.image7.fr/en/document/cahier-de-tendance-17-03-23/"]}]},{"@type":"ImageObject","inLanguage":"fr-FR","@id":"https://www.image7.fr/en/document/cahier-de-tendance-17-03-23/#primaryimage","url":"https://images.pexels.com/photos/210607/pexels-photo-210607.jpeg?auto=compress&amp;cs=tinysrgb&amp;w=1260&amp;h=750&amp;dpr=1","contentUrl":"https://images.pexels.com/photos/210607/pexels-photo-210607.jpeg?auto=compress&amp;cs=tinysrgb&amp;w=1260&amp;h=750&amp;dpr=1"},{"@type":"BreadcrumbList","@id":"https://www.image7.fr/en/document/cahier-de-tendance-17-03-23/#breadcrumb","itemListElement":[{"@type":"ListItem","position":1,"name":"Accueil","item":"https://www.image7.fr/en/"},{"@type":"ListItem","position":2,"name":"Document","item":"https://www.image7.fr/en/document/"},{"@type":"ListItem","position":3,"name":"Les cygnes noirs"}]},{"@type":"WebSite","@id":"https://www.image7.fr/en/#website","url":"https://www.image7.fr/en/","name":"Image Sept","description":"Un site utilisant Réseau Image 7","potentialAction":[{"@type":"SearchAction","target":{"@type":"EntryPoint","urlTemplate":"https://www.image7.fr/en/?s={search_term_string}"},"query-input":{"@type":"PropertyValueSpecification","valueRequired":true,"valueName":"search_term_string"}}],"inLanguage":"fr-FR"}]}</script>
<!-- / Yoast SEO plugin. -->

CAHIER DE TENDANCE #122 | 27 JANVIER 2023 Les fées sont têtues. Se penchant sur le berceau de cette année nouvelle, elles avaient prophétisé la récession, la crise économique, la stagflation. Bref, tout ce qu’elles avaient déjà cru voir l’année précédente. Le problème est que les faits sont aussi têtus. Dernièrement, l’Opinion pouvait poser cette [&hellip;]

Un site utilisant Réseau Image 7
